000
CXUS55 KTWC 010855
CF6SAD
PRELIMINARY LOCAL CLIMATOLOGICAL DATA (WS FORM: F-6)
STATION: SAFFORD AZ AIRPORT
MONTH: OCTOBER
YEAR: 2022
LATITUDE: 32 50 N
LONGITUDE: 109 38 W
TEMPERATURE IN F: :PCPN: SNOW: WIND :SUNSHINE: SKY :PK WND
================================================================================
1 2 3 4 5 6A 6B 7 8 9 10 11 12 13 14 15 16 17 18
12Z AVG MX 2MIN
DY MAX MIN AVG DEP HDD CDD WTR SNW DPTH SPD SPD DIR MIN PSBL S-S WX SPD DR
================================================================================
1 90 61 76 3 0 11 0.00 M M 7.9 21 50 M M 2 3 28 60
2 89 64 77 4 0 12 0.00 M M 8.3 24 130 M M 1 34 140
3 88 63 76 4 0 11 0.13 M M 8.7 25 300 M M 2 3 34 300
4 76 58 67 -5 0 2 0.36 M M 8.8 28 120 M M 4 13 37 120
5 84 53 69 -3 0 4 0.00 M M 6.8 32 40 M M 2 3 43 50
6 80 59 70 -1 0 5 0.03 M M 8.2 23 130 M M 2 3 31 140
7 79 57 68 -3 0 3 0.00 M M 10.3 24 80 M M 1 3 35 100
8 77 61 69 -1 0 4 T M M 9.1 21 70 M M 6 3 28 70
9 78 55 67 -3 0 2 0.00 M M 9.0 24 160 M M 2 3 31 160
10 79 55 67 -3 0 2 0.04 M M 7.6 15 90 M M M 3 21 140
11 82 52 67 -2 0 2 0.00 M M 3.6 10 240 M M M 14 140
12 86 52 69 0 0 4 0.00 M M 2.6 9 90 M M M 14 200
13 87 52 70 1 0 5 0.00 M M 3.7 14 120 M M M 18 120
14 82 52 67 -1 0 2 0.00 M M 6.0 16 120 M M M 20 120
15 84 55 70 2 0 5 T M M 8.1 21 140 M M M 3 27 150
16 73 52 63 -5 2 0 0.33 M M 8.3 28 300 M M M 13 35 300
17 73 50 62 -5 3 0 0.00 M M 9.6 16 120 M M 4 26 140
18 75 50 63 -4 2 0 0.00 M M 9.1 18 140 M M 1 26 120
19 78 53 66 0 0 1 0.00 M M 10.4 18 130 M M 0 26 130
20 79 52 66 0 0 1 0.00 M M 6.8 15 130 M M 0 19 130
21 85 48 67 1 0 2 0.00 M M 6.1 15 120 M M 0 19 130
22 83 57 70 5 0 5 T M M 5.5 23 200 M M 5 3 33 190
23 77 52 65 0 0 0 0.10 M M 15.0 30 310 M M 3 1 43 320
24 63 45 54 -10 11 0 0.06 M M 13.2 33 310 M M 2 48 310
25 69 33 51 -13 14 0 0.00 M M 2.4 8 150 M M 0 12 170
26 74 35 55 -9 10 0 0.00 M M 3.0 14 300 M M 0 24 290
27 73 40 57 -6 8 0 0.00 M M 9.8 31 310 M M 1 42 310
28 70 41 56 -7 9 0 0.00 M M 8.2 16 120 M M 0 21 120
29 73 45 59 -4 6 0 0.00 M M 7.8 16 130 M M 0 21 120
30 74 38 56 -6 9 0 0.00 M M 2.8 12 130 M M 0 16 110
31 76 39 58 -4 7 0 0.00 M M 2.4 8 30 M M 0 12 190
================================================================================
SM 2436 1579 81 83 1.05 M 229.1 M 38
================================================================================
AV 78.6 50.9 7.4 FASTST M M 2 MAX(MPH)
MISC ----> 33 310 48 310
================================================================================
NOTES:
# LAST OF SEVERAL OCCURRENCES
COLUMN 17 PEAK WIND IN M.P.H.
PRELIMINARY LOCAL CLIMATOLOGICAL DATA (WS FORM: F-6) , PAGE 2
STATION: SAFFORD AZ AIRPORT
MONTH: OCTOBER
YEAR: 2022
LATITUDE: 32 50 N
LONGITUDE: 109 38 W
[TEMPERATURE DATA] [PRECIPITATION DATA] SYMBOLS USED IN COLUMN 16
AVERAGE MONTHLY: 64.8 TOTAL FOR MONTH: 1.05 1 = FOG OR MIST
DPTR FM NORMAL: -2.7 DPTR FM NORMAL: 0.33 2 = FOG REDUCING VISIBILITY
HIGHEST: 90 ON 1 GRTST 24HR 0.49 ON 3- 4 TO 1/4 MILE OR LESS
LOWEST: 33 ON 25 3 = THUNDER
SNOW, ICE PELLETS, HAIL 4 = ICE PELLETS
TOTAL MONTH: M 5 = HAIL
GRTST 24HR M ON M 6 = FREEZING RAIN OR DRIZZLE
GRTST DEPTH: M ON M 7 = DUSTSTORM OR SANDSTORM:
VSBY 1/2 MILE OR LESS
8 = SMOKE OR HAZE
[NO. OF DAYS WITH] [WEATHER - DAYS WITH] 9 = BLOWING SNOW
X = TORNADO
MAX 32 OR BELOW: 0 0.01 INCH OR MORE: 7
MAX 90 OR ABOVE: 1 0.10 INCH OR MORE: 4
MIN 32 OR BELOW: 0 0.50 INCH OR MORE: 0
MIN 0 OR BELOW: 0 1.00 INCH OR MORE: 0
[HDD (BASE 65) ]
TOTAL THIS MO. 81 CLEAR (SCALE 0-3) 20
DPTR FM NORMAL 32 PTCLDY (SCALE 4-7) 4
TOTAL FM JUL 1 81 CLOUDY (SCALE 8-10) 7
DPTR FM NORMAL 35
[CDD (BASE 65) ]
TOTAL THIS MO. 83
DPTR FM NORMAL -43 [PRESSURE DATA]
TOTAL FM JAN 1 2730 HIGHEST SLP M ON M
DPTR FM NORMAL 25 LOWEST SLP 29.55 ON 22
[REMARKS]
#FINAL-10-22#