000
CXUS56 KSGX 011045
CF6SAN
PRELIMINARY LOCAL CLIMATOLOGICAL DATA (WS FORM: F-6)
STATION: SAN DIEGO INTL AIRPORT CA
MONTH: MAY
YEAR: 2022
LATITUDE: 32 43 N
LONGITUDE: 117 10 W
TEMPERATURE IN F: :PCPN: SNOW: WIND :SUNSHINE: SKY :PK WND
================================================================================
1 2 3 4 5 6A 6B 7 8 9 10 11 12 13 14 15 16 17 18
12Z AVG MX 2MIN
DY MAX MIN AVG DEP HDD CDD WTR SNW DPTH SPD SPD DIR MIN PSBL S-S WX SPD DR
================================================================================
1 66 58 62 -2 3 0 0.00 M M 9.4 18 170 M M 9 8 28 170
2 65 58 62 -2 3 0 0.00 M M 6.5 13 280 M M 7 25 210
3 64 57 61 -3 4 0 0.00 M M 7.2 13 230 M M 7 26 200
4 68 54 61 -3 4 0 0.00 M M 5.1 16 280 M M 4 20 280
5 69 58 64 0 1 0 0.00 M M 6.4 20 290 M M 6 18 24 280
6 67 58 63 -1 2 0 0.00 M M 5.4 12 210 M M 5 18 22 200
7 66 60 63 -1 2 0 0.00 M M 7.5 12 210 M M 9 24 200
8 65 58 62 -2 3 0 0.00 M M 10.1 15 250 M M 8 29 190
9 67 56 62 -2 3 0 0.00 M M 8.3 18 280 M M 6 26 190
10 66 52 59 -5 6 0 0.00 M M 6.6 17 290 M M 6 23 280
11 65 53 59 -5 6 0 0.00 M M 8.1 18 280 M M 3 25 260
12 75 49 62 -3 3 0 0.00 M M 6.4 17 320 M M 0 25 320
13 77 53 65 0 0 0 0.00 M M 4.4 15 310 M M 2 22 300
14 81 55 68 3 0 3 0.00 M M 3.8 13 280 M M 3 8 16 280
15 70 59 65 0 0 0 0.00 M M 6.5 13 220 M M 6 1 22 200
16 67 58 63 -2 2 0 0.00 M M 7.1 12 280 M M 8 18 21 200
17 64 57 61 -4 4 0 0.00 M M 7.8 13 190 M M 9 28 190
18 65 59 62 -3 3 0 0.00 M M 7.5 13 230 M M 9 23 210
19 65 58 62 -3 3 0 T M M 7.4 13 190 M M 10 18 25 190
20 65 58 62 -3 3 0 0.02 M M 9.0 18 190 M M 10 1 29 200
21 66 59 63 -2 2 0 0.00 M M 6.4 14 210 M M 10 8 26 210
22 68 58 63 -2 2 0 0.00 M M 6.1 17 280 M M 8 22 290
23 65 57 61 -4 4 0 0.00 M M 6.5 13 220 M M 9 22 210
24 64 58 61 -4 4 0 0.00 M M 4.7 10 210 M M 8 21 200
25 66 55 61 -4 4 0 0.00 M M 4.3 10 220 M M 5 8 21 230
26 66 60 63 -2 2 0 0.00 M M 5.4 13 270 M M 9 8 23 210
27 68 60 64 -1 1 0 0.00 M M 6.4 15 260 M M 8 21 220
28 65 60 63 -2 2 0 0.00 M M 7.5 15 290 M M 9 22 260
29 67 60 64 -1 1 0 0.00 M M 7.2 14 230 M M 7 27 220
30 68 60 64 -1 1 0 0.00 M M 6.3 12 270 M M 5 20 210
31 68 60 64 -2 1 0 0.00 M M 7.1 12 280 M M 4 24 210
================================================================================
SM 2088 1775 79 3 0.02 M 208.4 M 209
================================================================================
AV 67.4 57.3 6.7 FASTST M M 7 MAX(MPH)
MISC ----> 20 290 # 29 190
================================================================================
NOTES:
# LAST OF SEVERAL OCCURRENCES
COLUMN 17 PEAK WIND IN M.P.H.
PRELIMINARY LOCAL CLIMATOLOGICAL DATA (WS FORM: F-6) , PAGE 2
STATION: SAN DIEGO INTL AIRPORT CA
MONTH: MAY
YEAR: 2022
LATITUDE: 32 43 N
LONGITUDE: 117 10 W
[TEMPERATURE DATA] [PRECIPITATION DATA] SYMBOLS USED IN COLUMN 16
AVERAGE MONTHLY: 62.3 TOTAL FOR MONTH: 0.02 1 = FOG OR MIST
DPTR FM NORMAL: -2.5 DPTR FM NORMAL: -0.26 2 = FOG REDUCING VISIBILITY
HIGHEST: 81 ON 14 GRTST 24HR 0.02 ON 19-20 TO 1/4 MILE OR LESS
LOWEST: 49 ON 12 3 = THUNDER
SNOW, ICE PELLETS, HAIL 4 = ICE PELLETS
TOTAL MONTH: M 5 = HAIL
GRTST 24HR M ON M 6 = FREEZING RAIN OR DRIZZLE
GRTST DEPTH: M ON M 7 = DUSTSTORM OR SANDSTORM:
VSBY 1/2 MILE OR LESS
8 = SMOKE OR HAZE
[NO. OF DAYS WITH] [WEATHER - DAYS WITH] 9 = BLOWING SNOW
X = TORNADO
MAX 32 OR BELOW: 0 0.01 INCH OR MORE: 1
MAX 90 OR ABOVE: 0 0.10 INCH OR MORE: 0
MIN 32 OR BELOW: 0 0.50 INCH OR MORE: 0
MIN 0 OR BELOW: 0 1.00 INCH OR MORE: 0
[HDD (BASE 65) ]
TOTAL THIS MO. 79 CLEAR (SCALE 0-3) 3
DPTR FM NORMAL 34 PTCLDY (SCALE 4-7) 14
TOTAL FM JUL 1 1160 CLOUDY (SCALE 8-10) 14
DPTR FM NORMAL 179
[CDD (BASE 65) ]
TOTAL THIS MO. 3
DPTR FM NORMAL -34 [PRESSURE DATA]
TOTAL FM JAN 1 39 HIGHEST SLP 30.17 ON 12
DPTR FM NORMAL -39 LOWEST SLP 29.80 ON 20
[REMARKS]
#FINAL-05-22#