000
CXUS56 KSGX 011045
CF6SAN
PRELIMINARY LOCAL CLIMATOLOGICAL DATA (WS FORM: F-6)
STATION: SAN DIEGO INTL AIRPORT CA
MONTH: AUGUST
YEAR: 2021
LATITUDE: 32 43 N
LONGITUDE: 117 10 W
TEMPERATURE IN F: :PCPN: SNOW: WIND :SUNSHINE: SKY :PK WND
================================================================================
1 2 3 4 5 6A 6B 7 8 9 10 11 12 13 14 15 16 17 18
12Z AVG MX 2MIN
DY MAX MIN AVG DEP HDD CDD WTR SNW DPTH SPD SPD DIR MIN PSBL S-S WX SPD DR
================================================================================
1 80 64 72 0 0 7 0.00 M M 7.2 17 290 M M 3 1 21 280
2 81 70 76 4 0 11 0.00 M M 7.7 17 290 M M 1 20 290
3 78 65 72 0 0 7 0.00 M M 6.6 16 280 M M 2 18 20 290
4 76 67 72 0 0 7 0.00 M M 6.9 14 290 M M 5 19 320
5 78 66 72 0 0 7 0.00 M M 5.6 13 210 M M 7 23 200
6 74 65 70 -2 0 5 T M M 6.8 13 160 M M 8 18 22 220
7 74 65 70 -2 0 5 0.00 M M 5.8 12 220 M M 5 18 23 210
8 75 67 71 -1 0 6 0.00 M M 5.1 13 270 M M 5 19 260
9 78 67 73 1 0 8 0.00 M M 5.6 14 280 M M 4 19 260
10 79 70 75 3 0 10 0.00 M M 6.4 15 320 M M 7 20 320
11 82 70 76 4 0 11 0.23 M M 6.3 14 270 M M 5 138 19 240
12 83 71 77 5 0 12 0.00 M M 4.5 13 280 M M 2 1 16 280
13 86 71 79 7 0 14 0.00 M M 4.0 10 280 M M 2 21 210
14 83 70 77 5 0 12 0.00 M M 6.2 16 300 M M 5 8 20 300
15 79 70 75 3 0 10 0.00 M M 5.3 12 290 M M 6 17 270
16 79 71 75 3 0 10 0.00 M M 5.2 13 190 M M 5 24 210
17 78 72 75 3 0 10 0.00 M M 5.3 12 210 M M 8 24 190
18 79 73 76 4 0 11 0.00 M M 6.4 14 190 M M 9 27 200
19 78 71 75 2 0 10 0.00 M M 6.9 15 270 M M 9 21 250
20 76 71 74 1 0 9 0.00 M M 6.2 14 260 M M 9 22 220
21 78 68 73 0 0 8 T M M 6.8 15 270 M M 8 1 20 250
22 77 70 74 1 0 9 0.00 M M 7.6 18 280 M M 9 22 290
23 78 69 74 1 0 9 0.00 M M 6.4 17 280 M M 5 21 270
24 78 67 73 0 0 8 0.00 M M 6.5 16 290 M M 4 20 280
25 80 68 74 1 0 9 0.00 M M 7.3 17 290 M M 3 22 290
26 82 69 76 3 0 11 0.00 M M 6.6 18 290 M M 2 18 22 280
27 79 68 74 1 0 9 0.00 M M 6.2 16 300 M M 3 18 21 310
28 77 68 73 0 0 8 0.00 M M 5.1 14 280 M M 5 18 21 200
29 77 69 73 0 0 8 T M M 6.9 17 320 M M 7 23 320
30 78 70 74 1 0 9 0.00 M M 4.6 15 280 M M 8 1 18 270
31 74 68 71 -2 0 6 T M M 6.1 10 220 M M 9 18 22 220
================================================================================
SM 2434 2130 0 276 0.23 M 190.1 M 170
================================================================================
AV 78.5 68.7 6.1 FASTST M M 5 MAX(MPH)
MISC ----> # 18 280 27 200
================================================================================
NOTES:
# LAST OF SEVERAL OCCURRENCES
COLUMN 17 PEAK WIND IN M.P.H.
PRELIMINARY LOCAL CLIMATOLOGICAL DATA (WS FORM: F-6) , PAGE 2
STATION: SAN DIEGO INTL AIRPORT CA
MONTH: AUGUST
YEAR: 2021
LATITUDE: 32 43 N
LONGITUDE: 117 10 W
[TEMPERATURE DATA] [PRECIPITATION DATA] SYMBOLS USED IN COLUMN 16
AVERAGE MONTHLY: 73.6 TOTAL FOR MONTH: 0.23 1 = FOG OR MIST
DPTR FM NORMAL: 1.2 DPTR FM NORMAL: 0.22 2 = FOG REDUCING VISIBILITY
HIGHEST: 86 ON 13 GRTST 24HR 0.23 ON 10-11 TO 1/4 MILE OR LESS
LOWEST: 64 ON 1 3 = THUNDER
SNOW, ICE PELLETS, HAIL 4 = ICE PELLETS
TOTAL MONTH: M 5 = HAIL
GRTST 24HR M ON M 6 = FREEZING RAIN OR DRIZZLE
GRTST DEPTH: M ON M 7 = DUSTSTORM OR SANDSTORM:
VSBY 1/2 MILE OR LESS
8 = SMOKE OR HAZE
[NO. OF DAYS WITH] [WEATHER - DAYS WITH] 9 = BLOWING SNOW
X = TORNADO
MAX 32 OR BELOW: 0 0.01 INCH OR MORE: 1
MAX 90 OR ABOVE: 0 0.10 INCH OR MORE: 1
MIN 32 OR BELOW: 0 0.50 INCH OR MORE: 0
MIN 0 OR BELOW: 0 1.00 INCH OR MORE: 0
[HDD (BASE 65) ]
TOTAL THIS MO. 0 CLEAR (SCALE 0-3) 7
DPTR FM NORMAL 0 PTCLDY (SCALE 4-7) 16
TOTAL FM JUL 1 0 CLOUDY (SCALE 8-10) 8
DPTR FM NORMAL -1
[CDD (BASE 65) ]
TOTAL THIS MO. 276
DPTR FM NORMAL 46 [PRESSURE DATA]
TOTAL FM JAN 1 701 HIGHEST SLP 30.10 ON 14
DPTR FM NORMAL 141 LOWEST SLP 29.69 ON 27
[REMARKS]
#FINAL-08-21#