000
CXUS52 KCHS 010915
CF6SAV
PRELIMINARY LOCAL CLIMATOLOGICAL DATA (WS FORM: F-6)
STATION: SAVANNAH GA
MONTH: DECEMBER
YEAR: 2023
LATITUDE: 32 7 N
LONGITUDE: 81 12 W
TEMPERATURE IN F: :PCPN: SNOW: WIND :SUNSHINE: SKY :PK WND
================================================================================
1 2 3 4 5 6A 6B 7 8 9 10 11 12 13 14 15 16 17 18
12Z AVG MX 2MIN
DY MAX MIN AVG DEP HDD CDD WTR SNW DPTH SPD SPD DIR MIN PSBL S-S WX SPD DR
================================================================================
1 78 45 62 6 3 0 T 0.0 0 5.8 17 180 M M 7 21 180
2 70 63 67 12 0 2 0.01 0.0 0 5.3 16 190 M M 8 12 20 190
3 74 65 70 15 0 5 0.02 0.0 0 9.0 18 260 M M 9 24 230
4 69 55 62 7 3 0 0.00 0.0 0 7.2 17 260 M M 6 1 22 250
5 67 44 56 1 9 0 0.00 0.0 0 6.8 14 280 M M 5 18 280
6 62 39 51 -4 14 0 0.00 0.0 0 8.7 21 320 M M 1 26 310
7 63 34 49 -5 16 0 0.00 0.0 0 3.5 13 220 M M 0 16 260
8 69 39 54 0 11 0 0.00 0.0 0 2.9 14 170 M M 6 16 170
9 80 50 65 11 0 0 0.00 0.0 0 4.2 15 100 M M 4 1 17 100
10 75 51 63 9 2 0 0.30 0.0 0 10.0 35 300 M M 7 13 46 310
11 57 38 48 -6 17 0 0.01 0.0 0 7.1 21 300 M M 4 27 290
12 60 34 47 -7 18 0 0.00 0.0 0 6.1 15 30 M M 4 21 30
13 64 40 52 -2 13 0 0.00 0.0 0 8.6 17 50 M M 5 23 50
14 61 41 51 -2 14 0 0.00 0.0 0 11.0 22 50 M M 5 30 50
15 64 41 53 0 12 0 0.00 0.0 0 10.4 17 40 M M 3 23 50
16 62 49 56 3 9 0 0.29 0.0 0 9.6 17 70 M M 9 18 23 70
17 61 53 57 4 8 0 3.16 0.0 0 18.2 38 10 M M 10 1 48 10
18 62 46 54 1 11 0 0.00 0.0 0 13.4 24 270 M M 2 31 280
19 50 31 41 -12 24 0 0.00 0.0 0 8.0 18 340 M M 1 23 340
20 55 27 41 -11 24 0 0.00 0.0 0 4.6 13 30 M M 4 16 60
21 63 30 47 -5 18 0 0.00 0.0 0 2.9 9 50 M M 3 12 50
22 65 36 51 -1 14 0 0.00 0.0 0 4.2 10 50 M M 6 13 70
23 73 49 61 9 4 0 0.00 0.0 0 6.0 15 120 M M 3 20 120
24 70 47 59 7 6 0 T 0.0 0 5.9 17 100 M M 7 19 100
25 65 57 61 9 4 0 0.73 0.0 0 8.5 18 130 M M 9 18 24 120
26 67 61 64 12 1 0 0.07 0.0 0 5.5 13 110 M M 10 12 16 140
27 68 57 63 11 2 0 0.00 0.0 0 8.7 17 280 M M 9 12 22 280
28 64 50 57 5 8 0 0.00 0.0 0 6.5 14 200 M M 5 17 200
29 53 38 46 -5 19 0 0.00 0.0 0 11.0 25 270 M M 2 32 310
30 56 35 46 -5 19 0 0.00 0.0 0 8.0 22 310 M M 2 27 260
31 59 33 46 -5 19 0 0.00 0.0 0 5.7 15 250 M M 0 8 20 270
================================================================================
SM 2006 1378 322 7 4.59 0.0 233.3 M 156
================================================================================
AV 64.7 44.5 7.5 FASTST M M 5 MAX(MPH)
MISC ----> 38 10 48 10
================================================================================
NOTES:
# LAST OF SEVERAL OCCURRENCES
COLUMN 17 PEAK WIND IN M.P.H.
PRELIMINARY LOCAL CLIMATOLOGICAL DATA (WS FORM: F-6) , PAGE 2
STATION: SAVANNAH GA
MONTH: DECEMBER
YEAR: 2023
LATITUDE: 32 7 N
LONGITUDE: 81 12 W
[TEMPERATURE DATA] [PRECIPITATION DATA] SYMBOLS USED IN COLUMN 16
AVERAGE MONTHLY: 54.6 TOTAL FOR MONTH: 4.59 1 = FOG OR MIST
DPTR FM NORMAL: 1.4 DPTR FM NORMAL: 1.38 2 = FOG REDUCING VISIBILITY
HIGHEST: 80 ON 9 GRTST 24HR 3.41 ON 16-17 TO 1/4 MILE OR LESS
LOWEST: 27 ON 20 3 = THUNDER
SNOW, ICE PELLETS, HAIL 4 = ICE PELLETS
TOTAL MONTH: 0.0 INCH 5 = HAIL
GRTST 24HR 0.0 6 = FREEZING RAIN OR DRIZZLE
GRTST DEPTH: 0 7 = DUSTSTORM OR SANDSTORM:
VSBY 1/2 MILE OR LESS
8 = SMOKE OR HAZE
[NO. OF DAYS WITH] [WEATHER - DAYS WITH] 9 = BLOWING SNOW
X = TORNADO
MAX 32 OR BELOW: 0 0.01 INCH OR MORE: 8
MAX 90 OR ABOVE: 0 0.10 INCH OR MORE: 4
MIN 32 OR BELOW: 3 0.50 INCH OR MORE: 2
MIN 0 OR BELOW: 0 1.00 INCH OR MORE: 1
[HDD (BASE 65) ]
TOTAL THIS MO. 322 CLEAR (SCALE 0-3) 10
DPTR FM NORMAL -57 PTCLDY (SCALE 4-7) 15
TOTAL FM JUL 1 539 CLOUDY (SCALE 8-10) 6
DPTR FM NORMAL -99
[CDD (BASE 65) ]
TOTAL THIS MO. 7
DPTR FM NORMAL -5 [PRESSURE DATA]
TOTAL FM JAN 1 2726 HIGHEST SLP 30.63 ON 14
DPTR FM NORMAL 130 LOWEST SLP 29.40 ON 17
[REMARKS]
#FINAL-12-23#