000
CXUS56 KLOX 020029
CF6SBA
PRELIMINARY LOCAL CLIMATOLOGICAL DATA (WS FORM: F-6)
STATION: SANTA BARBARA AIRPORT CA
MONTH: NOVEMBER
YEAR: 2021
LATITUDE: 34 25 N
LONGITUDE: 119 50 W
TEMPERATURE IN F: :PCPN: SNOW: WIND :SUNSHINE: SKY :PK WND
================================================================================
1 2 3 4 5 6A 6B 7 8 9 10 11 12 13 14 15 16 17 18
12Z AVG MX 2MIN
DY MAX MIN AVG DEP HDD CDD WTR SNW DPTH SPD SPD DIR MIN PSBL S-S WX SPD DR
================================================================================
1 66 51 59 -1 6 0 0.00 M M 5.2 18 220 M M 3 18 23 220
2 64 53 59 -1 6 0 0.00 M M 4.2 10 140 M M 2 1 12 150
3 64 51 58 -2 7 0 0.00 M M 3.2 13 250 M M 7 12 15 250
4 63 51 57 -2 8 0 0.00 M M 2.4 10 150 M M 8 128 13 140
5 62 49 56 -3 9 0 0.00 M M 4.1 10 80 M M 8 128 13 250
6 61 53 57 -2 8 0 0.00 M M 3.6 10 80 M M 8 128 13 210
7 63 49 56 -3 9 0 0.00 M M 4.0 10 140 M M 5 128 13 80
8 64 48 56 -2 9 0 0.00 M M 3.5 9 230 M M 5 18 13 160
9 65 52 59 1 6 0 0.02 M M 4.7 16 260 M M 5 1 M M
10 72 50 61 3 4 0 0.00 M M 4.1 14 140 M M 1 1 16 130
11 83 49 66 8 0 1 0.00 M M 1.8 9 240 M M 0 11 250
12 86 50 68 10 0 3 0.00 M M 3.0 9 240 M M 0 11 240
13 86 49 68 11 0 3 0.00 M M 1.9 9 260 M M 0 12 270
14 82 49 66 9 0 1 0.00 M M 2.3 10 250 M M 0 12 250
15 69 47 58 1 7 0 0.00 M M 4.4 15 270 M M 4 18 M M
16 62 55 59 2 6 0 0.00 M M 5.4 10 150 M M 6 18 13 90
17 64 48 56 0 9 0 0.00 M M 4.0 10 260 M M 5 8 13 240
18 62 45 54 -2 11 0 0.00 M M 2.8 12 260 M M 2 18 14 260
19 62 47 55 -1 10 0 0.00 M M 4.0 9 250 M M 4 18 11 140
20 63 46 55 -1 10 0 0.00 M M 3.2 12 250 M M 4 18 13 250
21 78 42 60 4 5 0 0.00 M M 2.4 10 250 M M 0 1 61 30
22 79 40 60 5 5 0 0.00 M M 2.0 9 240 M M 0 11 250
23 70 42 56 1 9 0 0.00 M M 2.3 10 150 M M 0 1 28 150
24 67 42 55 0 10 0 0.00 M M 3.0 14 260 M M 1 1 16 260
25 71 38 55 0 10 0 0.00 M M 5.0 14 260 M M 0 25 10
26 71 38 55 1 10 0 0.00 M M 2.3 15 250 M M 0 17 250
27 72 38 55 1 10 0 0.00 M M 2.3 12 130 M M 0 13 140
28 67 40 54 0 11 0 0.00 M M 2.8 12 260 M M 1 12 13 260
29 71 39 55 1 10 0 0.00 M M 2.3 8 240 M M 0 1 9 250
30 63 41 52 -2 13 0 0.00 M M 3.2 9 140 M M 4 128 13 140
================================================================================
SM 2072 1392 218 8 0.02 M 99.4 M 83
================================================================================
AV 69.1 46.4 3.3 FASTST M M 3 MAX(MPH)
MISC ----> 18 220 61 30
================================================================================
NOTES:
# LAST OF SEVERAL OCCURRENCES
COLUMN 17 PEAK WIND IN M.P.H.
PRELIMINARY LOCAL CLIMATOLOGICAL DATA (WS FORM: F-6) , PAGE 2
STATION: SANTA BARBARA AIRPORT CA
MONTH: NOVEMBER
YEAR: 2021
LATITUDE: 34 25 N
LONGITUDE: 119 50 W
[TEMPERATURE DATA] [PRECIPITATION DATA] SYMBOLS USED IN COLUMN 16
AVERAGE MONTHLY: 57.7 TOTAL FOR MONTH: 0.02 1 = FOG OR MIST
DPTR FM NORMAL: 1.0 DPTR FM NORMAL: -1.25 2 = FOG REDUCING VISIBILITY
HIGHEST: 86 ON 13,12 GRTST 24HR 0.02 ON 9- 9 TO 1/4 MILE OR LESS
LOWEST: 38 ON 27,26 3 = THUNDER
SNOW, ICE PELLETS, HAIL 4 = ICE PELLETS
TOTAL MONTH: M 5 = HAIL
GRTST 24HR M ON M 6 = FREEZING RAIN OR DRIZZLE
GRTST DEPTH: M ON M 7 = DUSTSTORM OR SANDSTORM:
VSBY 1/2 MILE OR LESS
8 = SMOKE OR HAZE
[NO. OF DAYS WITH] [WEATHER - DAYS WITH] 9 = BLOWING SNOW
X = TORNADO
MAX 32 OR BELOW: 0 0.01 INCH OR MORE: 1
MAX 90 OR ABOVE: 0 0.10 INCH OR MORE: 0
MIN 32 OR BELOW: 0 0.50 INCH OR MORE: 0
MIN 0 OR BELOW: 0 1.00 INCH OR MORE: 0
[HDD (BASE 65) ]
TOTAL THIS MO. 218 CLEAR (SCALE 0-3) 16
DPTR FM NORMAL -33 PTCLDY (SCALE 4-7) 12
TOTAL FM JUL 1 431 CLOUDY (SCALE 8-10) 2
DPTR FM NORMAL -28
[CDD (BASE 65) ]
TOTAL THIS MO. 8
DPTR FM NORMAL 5 [PRESSURE DATA]
TOTAL FM JAN 1 196 HIGHEST SLP 30.31 ON 25
DPTR FM NORMAL -19 LOWEST SLP 29.89 ON 23
[REMARKS]
#FINAL-11-21#