000
CXUS51 KAKQ 010710
CF6SBY
PRELIMINARY LOCAL CLIMATOLOGICAL DATA (WS FORM: F-6)
STATION: SALISBURY MD
MONTH: MAY
YEAR: 2023
LATITUDE: 38 20 N
LONGITUDE: 75 30 W
TEMPERATURE IN F: :PCPN: SNOW: WIND :SUNSHINE: SKY :PK WND
================================================================================
1 2 3 4 5 6A 6B 7 8 9 10 11 12 13 14 15 16 17 18
12Z AVG MX 2MIN
DY MAX MIN AVG DEP HDD CDD WTR SNW DPTH SPD SPD DIR MIN PSBL S-S WX SPD DR
================================================================================
1 64 49 57 -3 8 0 0.01 0.0 0 13.0 28 260 M M 7 36 260
2 64 51 58 -2 7 0 T 0.0 0 11.8 26 260 M M 6 36 240
3 59 41 50 -10 15 0 0.03 0.0 0 7.8 20 290 M M 6 27 290
4 64 43 54 -7 11 0 0.00 0.0 0 7.8 17 310 M M 3 24 320
5 68 40 54 -7 11 0 0.00 0.0 0 3.8 18 40 M M 4 1 23 30
6 73 42 58 -3 7 0 0.00 0.0 0 3.5 13 320 M M 4 12 16 330
7 80 47 64 2 1 0 0.12 0.0 0 5.2 18 280 M M 3 13 24 280
8 82 59 71 9 0 6 0.00 0.0 0 7.5 21 100 M M 4 1 26 310
9 68 45 57 -5 8 0 0.27 0.0 0 5.8 18 30 M M 6 1 22 30
10 72 41 57 -5 8 0 0.00 0.0 0 3.7 14 260 M M 0 18 240
11 78 46 62 0 3 0 0.00 0.0 0 5.2 14 230 M M 0 24 250
12 84 55 70 7 0 5 0.00 0.0 0 4.9 17 210 M M 0 20 210
13 77 63 70 7 0 5 0.55 0.0 0 6.5 14 250 M M 8 1 19 230
14 77 52 65 2 0 0 0.00 0.0 0 7.1 22 50 M M 1 1 27 60
15 74 50 62 -2 3 0 0.00 0.0 0 4.8 15 260 M M 0 22 280
16 76 54 65 1 0 0 0.02 0.0 0 8.6 20 230 M M 6 1 27 210
17 74 49 62 -2 3 0 0.01 0.0 0 6.8 17 340 M M 3 1 23 310
18 69 46 58 -6 7 0 0.00 0.0 0 6.2 15 120 M M 0 19 120
19 73 53 63 -1 2 0 0.00 0.0 0 8.4 18 110 M M 3 1 23 110
20 77 62 70 5 0 5 0.57 0.0 0 5.3 10 140 M M 8 12 15 210
21 74 57 66 1 0 1 0.69 0.0 0 7.6 18 320 M M 4 1 24 340
22 78 54 66 1 0 1 0.00 0.0 0 6.4 17 60 M M 0 1 21 60
23 70 51 61 -5 4 0 0.00 0.0 0 9.1 21 60 M M 0 1 25 80
24 77 50 64 -2 1 0 0.00 0.0 0 6.3 15 80 M M 0 22 30
25 70 49 60 -6 5 0 0.00 0.0 0 8.4 20 50 M M 2 26 40
26 72 45 59 -7 6 0 0.00 0.0 0 6.1 17 70 M M 0 26 60
27 74 46 60 -7 5 0 0.00 0.0 0 8.1 21 60 M M 0 28 40
28 74 56 65 -2 0 0 T 0.0 0 8.6 17 90 M M 8 22 60
29 72 61 67 0 0 2 0.15 0.0 0 10.4 20 50 M M 10 13 26 40
30 70 55 63 -5 2 0 0.00 0.0 0 11.9 22 60 M M 7 1 27 50
31 75 58 67 -1 0 2 0.00 0.0 0 9.9 18 40 M M 7 18 24 40
================================================================================
SM 2259 1570 117 27 2.42 0.0 226.5 M 110
================================================================================
AV 72.9 50.6 7.3 FASTST M M 4 MAX(MPH)
MISC ----> 28 260 # 36 260
================================================================================
NOTES:
# LAST OF SEVERAL OCCURRENCES
COLUMN 17 PEAK WIND IN M.P.H.
PRELIMINARY LOCAL CLIMATOLOGICAL DATA (WS FORM: F-6) , PAGE 2
STATION: SALISBURY MD
MONTH: MAY
YEAR: 2023
LATITUDE: 38 20 N
LONGITUDE: 75 30 W
[TEMPERATURE DATA] [PRECIPITATION DATA] SYMBOLS USED IN COLUMN 16
AVERAGE MONTHLY: 61.8 TOTAL FOR MONTH: 2.42 1 = FOG OR MIST
DPTR FM NORMAL: -2.0 DPTR FM NORMAL: -1.31 2 = FOG REDUCING VISIBILITY
HIGHEST: 84 ON 12 GRTST 24HR 1.05 ON 30- 1 TO 1/4 MILE OR LESS
LOWEST: 40 ON 5 3 = THUNDER
SNOW, ICE PELLETS, HAIL 4 = ICE PELLETS
TOTAL MONTH: 0.0 INCH 5 = HAIL
GRTST 24HR 0.0 6 = FREEZING RAIN OR DRIZZLE
GRTST DEPTH: 0 7 = DUSTSTORM OR SANDSTORM:
VSBY 1/2 MILE OR LESS
8 = SMOKE OR HAZE
[NO. OF DAYS WITH] [WEATHER - DAYS WITH] 9 = BLOWING SNOW
X = TORNADO
MAX 32 OR BELOW: 0 0.01 INCH OR MORE: 10
MAX 90 OR ABOVE: 0 0.10 INCH OR MORE: 6
MIN 32 OR BELOW: 0 0.50 INCH OR MORE: 3
MIN 0 OR BELOW: 0 1.00 INCH OR MORE: 0
[HDD (BASE 65) ]
TOTAL THIS MO. 117 CLEAR (SCALE 0-3) 15
DPTR FM NORMAL -5 PTCLDY (SCALE 4-7) 15
TOTAL FM JUL 1 3505 CLOUDY (SCALE 8-10) 1
DPTR FM NORMAL -689
[CDD (BASE 65) ]
TOTAL THIS MO. 27
DPTR FM NORMAL -57 [PRESSURE DATA]
TOTAL FM JAN 1 76 HIGHEST SLP M ON M
DPTR FM NORMAL -32 LOWEST SLP 29.29 ON 1
[REMARKS]
#FINAL-05-23#