000
CXUS56 KSTO 080003
CF6SCK
PRELIMINARY LOCAL CLIMATOLOGICAL DATA (WS FORM: F-6)
STATION: STOCKTON AIRPORT CA
MONTH: JUNE
YEAR: 2021
LATITUDE: 37 54 N
LONGITUDE: 121 15 W
TEMPERATURE IN F: :PCPN: SNOW: WIND :SUNSHINE: SKY :PK WND
================================================================================
1 2 3 4 5 6A 6B 7 8 9 10 11 12 13 14 15 16 17 18
12Z AVG MX 2MIN
DY MAX MIN AVG DEP HDD CDD WTR SNW DPTH SPD SPD DIR MIN PSBL S-S WX SPD DR
================================================================================
1 99 59 79 8 0 14 0.00 0.0 M 7.9 15 300 M M 0 25 320
2 93 57 75 4 0 10 0.00 0.0 M 8.8 18 280 M M 0 8 22 300
3 95 56 76 5 0 11 0.00 0.0 M 8.3 17 270 M M 0 18 21 270
4 92 61 77 5 0 12 0.00 M M 10.8 18 270 M M 0 24 270
5 90 57 74 2 0 9 0.00 M M 8.2 17 260 M M 0 19 250
6 89 56 73 1 0 8 0.00 0.0 M 12.5 22 260 M M 0 28 270
7 79 53 66 -6 0 1 0.00 0.0 M 17.8 32 260 M M 0 39 260
8 74 50 62 -10 3 0 0.00 0.0 M 14.2 22 260 M M 0 26 260
9 73 50 62 -11 3 0 0.00 M M 13.6 26 250 M M 0 32 270
10 75 46 61 -12 4 0 0.00 M M 9.5 23 300 M M 0 28 290
11 80 48 64 -9 1 0 0.00 0.0 M 9.2 21 320 M M 0 25 320
12 89 58 74 1 0 9 0.00 0.0 M 10.9 21 300 M M 0 25 300
13 87 59 73 -1 0 8 0.00 0.0 M 10.2 21 290 M M 0 8 25 290
14 85 60 73 -1 0 8 0.00 0.0 M 11.3 22 300 M M 0 24 320
15 88 55 72 -2 0 7 0.00 0.0 M 11.9 21 300 M M 0 30 290
16 96 57 77 3 0 12 0.00 M M 9.1 15 290 M M 0 21 250
17 105 57 81 7 0 16 0.00 M M 6.8 17 300 M M 0 21 290
18 108 62 85 10 0 20 0.00 0.0 M 7.1 16 300 M M 0 19 300
19 103 65 84 9 0 19 0.00 0.0 M 7.8 16 320 M M 0 20 320
20 100 61 81 6 0 16 0.00 0.0 M 8.9 16 310 M M 0 M M
21 86 56 71 -4 0 6 0.00 0.0 M 9.9 18 320 M M 0 M M
22 83 56 70 -5 0 5 0.00 M M 8.4 17 300 M M 0 26 300
23 86 55 71 -5 0 6 0.00 M M 8.9 21 300 M M 0 34 270
24 84 56 70 -6 0 5 0.00 M M 9.1 18 300 M M 0 22 300
25 92 55 74 -2 0 9 0.00 0.0 M 7.5 18 260 M M 0 22 260
26 95 58 77 1 0 12 0.00 0.0 M 7.4 16 260 M M 0 20 290
27 92 61 77 1 0 12 0.00 0.0 M 8.7 18 280 M M 0 23 280
28 95 60 78 2 0 13 0.00 0.0 M 10.4 21 260 M M 0 24 260
29 97 61 79 2 0 14 0.00 M M 8.1 17 270 M M 0 20 270
30 90 63 77 0 0 12 0.00 M M 12.4 20 270 M M 0 26 280
================================================================================
SM 2700 1708 11 274 0.00 0.0 295.6 M 0
================================================================================
AV 90.0 56.9 9.9 FASTST M M 0 MAX(MPH)
MISC ----> 32 260 39 260
================================================================================
NOTES:
# LAST OF SEVERAL OCCURRENCES
COLUMN 17 PEAK WIND IN M.P.H.
PRELIMINARY LOCAL CLIMATOLOGICAL DATA (WS FORM: F-6) , PAGE 2
STATION: STOCKTON AIRPORT CA
MONTH: JUNE
YEAR: 2021
LATITUDE: 37 54 N
LONGITUDE: 121 15 W
[TEMPERATURE DATA] [PRECIPITATION DATA] SYMBOLS USED IN COLUMN 16
AVERAGE MONTHLY: 73.5 TOTAL FOR MONTH: 0.00 1 = FOG OR MIST
DPTR FM NORMAL: -0.5 DPTR FM NORMAL: -0.10 2 = FOG REDUCING VISIBILITY
HIGHEST: 108 ON 18 GRTST 24HR T ON 25-25 TO 1/4 MILE OR LESS
LOWEST: 46 ON 10 3 = THUNDER
SNOW, ICE PELLETS, HAIL 4 = ICE PELLETS
TOTAL MONTH: 0.0 INCH 5 = HAIL
GRTST 24HR 0.0 6 = FREEZING RAIN OR DRIZZLE
GRTST DEPTH: M ON M 7 = DUSTSTORM OR SANDSTORM:
VSBY 1/2 MILE OR LESS
8 = SMOKE OR HAZE
[NO. OF DAYS WITH] [WEATHER - DAYS WITH] 9 = BLOWING SNOW
X = TORNADO
MAX 32 OR BELOW: 0 0.01 INCH OR MORE: 0
MAX 90 OR ABOVE: 16 0.10 INCH OR MORE: 0
MIN 32 OR BELOW: 0 0.50 INCH OR MORE: 0
MIN 0 OR BELOW: 0 1.00 INCH OR MORE: 0
[HDD (BASE 65) ]
TOTAL THIS MO. 11 CLEAR (SCALE 0-3) 30
DPTR FM NORMAL 7 PTCLDY (SCALE 4-7) 0
TOTAL FM JUL 1 2195 CLOUDY (SCALE 8-10) 0
DPTR FM NORMAL -61
[CDD (BASE 65) ]
TOTAL THIS MO. 274
DPTR FM NORMAL 0 [PRESSURE DATA]
TOTAL FM JAN 1 393 HIGHEST SLP 30.24 ON 10
DPTR FM NORMAL -31 LOWEST SLP 29.60 ON 18
[REMARKS]
#FINAL-06-21#