000
CXUS56 KSTO 091827
CF6SCK
PRELIMINARY LOCAL CLIMATOLOGICAL DATA (WS FORM: F-6)
STATION: STOCKTON AIRPORT CA
MONTH: AUGUST
YEAR: 2020
LATITUDE: 37 54 N
LONGITUDE: 121 15 W
TEMPERATURE IN F: :PCPN: SNOW: WIND :SUNSHINE: SKY :PK WND
================================================================================
1 2 3 4 5 6A 6B 7 8 9 10 11 12 13 14 15 16 17 18
12Z AVG MX 2MIN
DY MAX MIN AVG DEP HDD CDD WTR SNW DPTH SPD SPD DIR MIN PSBL S-S WX SPD DR
================================================================================
1 97 56 77 0 0 12 0.00 0.0 0 7.3 16 280 M M 0 21 290
2 98 60 79 2 0 14 0.00 0.0 0 6.7 20 260 M M 0 25 260
3 100 61 81 4 0 16 0.00 0.0 0 9.7 23 260 M M 0 27 260
4 95 62 79 3 0 14 0.00 0.0 0 12.0 23 260 M M 0 32 270
5 82 63 73 -3 0 8 0.00 0.0 0 16.8 30 270 M M 0 35 260
6 89 58 74 -2 0 9 0.00 0.0 0 9.0 18 250 M M 0 24 240
7 94 61 78 2 0 13 0.00 0.0 0 7.0 18 290 M M 0 20 300
8 99 64 82 6 0 17 0.00 0.0 0 6.0 16 300 M M 0 21 150
9 102 66 84 8 0 19 0.00 0.0 0 7.6 15 310 M M 0 19 290
10 99 67 83 7 0 18 0.00 0.0 0 8.2 17 290 M M 0 23 270
11 93 63 78 2 0 13 0.00 0.0 0 8.1 14 300 M M 0 18 330
12 100 62 81 5 0 16 0.00 0.0 0 6.9 14 310 M M 0 16 310
13 102 64 83 7 0 18 0.00 0.0 0 5.6 13 310 M M 0 15 310
14 108 74 91 15 0 26 0.00 0.0 0 5.6 12 360 M M 0 18 10
15 109 73 91 15 0 26 0.00 0.0 0 5.4 13 290 M M 0 8 15 280
16 113 78 96 20 0 31 T 0.0 0 10.4 22 300 M M 0 3 28 300
17 109 80 95 19 0 30 0.00 0.0 0 13.2 26 340 M M 0 33 340
18 108 79 94 18 0 29 0.00 0.0 0 8.1 20 320 M M 0 22 310
19 105 76 91 15 0 26 0.00 0.0 0 8.8 21 310 M M 6 8 24 310
20 97 65 81 6 0 16 0.00 0.0 0 7.4 18 290 M M 5 8 22 300
21 94 62 78 3 0 13 0.00 0.0 0 4.8 15 300 M M 6 8 17 300
22 98 64 81 6 0 16 0.00 0.0 0 3.9 13 280 M M 1 8 15 280
23 97 68 83 8 0 18 0.00 0.0 0 5.6 17 300 M M 1 38 20 300
24 96 71 84 9 0 19 T 0.0 0 7.1 17 310 M M 2 8 21 310
25 93 68 81 6 0 16 0.00 0.0 0 8.7 17 300 M M 0 8 21 300
26 96 65 81 6 0 16 0.00 0.0 0 8.8 21 260 M M 0 8 24 260
27 93 56 75 0 0 10 0.00 0.0 0 7.4 14 290 M M 0 8 17 320
28 98 62 80 5 0 15 0.00 0.0 0 5.3 15 300 M M 0 8 16 300
29 96 62 79 4 0 14 0.00 0.0 0 7.4 14 310 M M 0 8 16 310
30 94 61 78 3 0 13 0.00 0.0 0 7.7 17 290 M M 0 8 21 290
31 93 62 78 3 0 13 0.00 0.0 0 7.4 15 300 M M 0 8 17 300
================================================================================
SM 3047 2033 0 534 T 0.0 243.9 M 21
================================================================================
AV 98.3 65.6 7.9 FASTST M M 1 MAX(MPH)
MISC ----> # 30 270 # 35 260
================================================================================
NOTES:
# LAST OF SEVERAL OCCURRENCES
COLUMN 17 PEAK WIND IN M.P.H.
PRELIMINARY LOCAL CLIMATOLOGICAL DATA (WS FORM: F-6) , PAGE 2
STATION: STOCKTON AIRPORT CA
MONTH: AUGUST
YEAR: 2020
LATITUDE: 37 54 N
LONGITUDE: 121 15 W
[TEMPERATURE DATA] [PRECIPITATION DATA] SYMBOLS USED IN COLUMN 16
AVERAGE MONTHLY: 81.9 TOTAL FOR MONTH: T 1 = FOG OR MIST
DPTR FM NORMAL: 6.2 DPTR FM NORMAL: -0.01 2 = FOG REDUCING VISIBILITY
HIGHEST: 113 ON 16 GRTST 24HR T ON 24-24 TO 1/4 MILE OR LESS
LOWEST: 56 ON 27, 1 3 = THUNDER
SNOW, ICE PELLETS, HAIL 4 = ICE PELLETS
TOTAL MONTH: 0.0 INCH 5 = HAIL
GRTST 24HR 0.0 6 = FREEZING RAIN OR DRIZZLE
GRTST DEPTH: 0 7 = DUSTSTORM OR SANDSTORM:
VSBY 1/2 MILE OR LESS
8 = SMOKE OR HAZE
[NO. OF DAYS WITH] [WEATHER - DAYS WITH] 9 = BLOWING SNOW
X = TORNADO
MAX 32 OR BELOW: 0 0.01 INCH OR MORE: 0
MAX 90 OR ABOVE: 29 0.10 INCH OR MORE: 0
MIN 32 OR BELOW: 0 0.50 INCH OR MORE: 0
MIN 0 OR BELOW: 0 1.00 INCH OR MORE: 0
[HDD (BASE 65) ]
TOTAL THIS MO. 0 CLEAR (SCALE 0-3) 28
DPTR FM NORMAL 0 PTCLDY (SCALE 4-7) 3
TOTAL FM JUL 1 0 CLOUDY (SCALE 8-10) 0
DPTR FM NORMAL 0
[CDD (BASE 65) ]
TOTAL THIS MO. 534
DPTR FM NORMAL 202 [PRESSURE DATA]
TOTAL FM JAN 1 1526 HIGHEST SLP 29.99 ON 2
DPTR FM NORMAL 482 LOWEST SLP 29.70 ON 28
[REMARKS]
#FINAL-08-20#