000
CXUS53 KLMK 010710
CF6SDF
PRELIMINARY LOCAL CLIMATOLOGICAL DATA (WS FORM: F-6)
STATION: LOUISVILLE KY
MONTH: OCTOBER
YEAR: 2023
LATITUDE: 38 10 N
LONGITUDE: 85 44 W
TEMPERATURE IN F: :PCPN: SNOW: WIND :SUNSHINE: SKY :PK WND
================================================================================
1 2 3 4 5 6A 6B 7 8 9 10 11 12 13 14 15 16 17 18
12Z AVG MX 2MIN
DY MAX MIN AVG DEP HDD CDD WTR SNW DPTH SPD SPD DIR MIN PSBL S-S WX SPD DR
================================================================================
1 86 62 74 8 0 9 0.00 0.0 0 5.5 15 70 M M 0 21 70
2 88 62 75 9 0 10 0.00 0.0 0 2.3 9 110 M M 0 14 50
3 89 64 77 11 0 12 0.00 0.0 0 4.7 12 200 M M 1 18 220
4 86 63 75 10 0 10 0.00 0.0 0 6.9 18 220 M M 7 25 200
5 78 66 72 7 0 7 0.31 0.0 0 7.0 18 230 M M 10 1 29 220
6 78 52 65 1 0 0 0.01 0.0 0 8.7 26 330 M M 5 1 40 320
7 66 45 56 -8 9 0 0.00 0.0 0 9.1 18 300 M M 2 27 290
8 66 47 57 -7 8 0 0.00 0.0 0 7.0 18 240 M M 7 25 240
9 71 50 61 -2 4 0 T 0.0 0 6.6 20 280 M M 4 25 280
10 69 45 57 -6 8 0 0.00 0.0 0 4.8 16 290 M M 2 23 220
11 70 45 58 -4 7 0 0.00 0.0 0 5.3 14 160 M M 6 17 170
12 82 55 69 7 0 4 0.00 0.0 0 4.1 9 150 M M 2 13 130
13 81 58 70 8 0 5 0.16 0.0 0 5.1 18 170 M M 5 1 24 170
14 67 54 61 0 4 0 0.02 0.0 0 12.1 22 270 M M 9 30 320
15 61 52 57 -4 8 0 T 0.0 0 11.7 20 340 M M 9 28 340
16 57 48 53 -7 12 0 0.09 0.0 0 9.2 16 10 M M 10 1 21 330
17 57 48 53 -7 12 0 0.00 0.0 0 4.6 10 140 M M 9 13 290
18 70 44 57 -3 8 0 0.00 0.0 0 6.8 14 230 M M 5 18 200
19 64 55 60 1 5 0 0.33 0.0 0 9.2 16 190 M M 10 13 23 180
20 66 49 58 -1 7 0 0.24 0.0 0 10.3 24 280 M M 7 13 34 290
21 78 45 62 4 3 0 0.00 0.0 0 9.5 26 250 M M 1 37 240
22 64 49 57 -1 8 0 0.00 0.0 0 6.8 20 360 M M 3 27 300
23 73 43 58 0 7 0 0.00 0.0 0 2.7 9 150 M M 2 15 140
24 77 54 66 9 0 1 0.00 0.0 0 6.4 13 180 M M 8 17 180
25 80 58 69 12 0 4 0.00 0.0 0 8.1 18 190 M M 8 25 200
26 80 62 71 15 0 6 T 0.0 0 9.9 20 180 M M 9 27 200
27 78 66 72 16 0 7 0.12 0.0 0 10.6 20 190 M M 9 1 28 200
28 69 57 63 7 2 0 0.16 0.0 0 6.3 16 360 M M 10 1 19 360
29 62 54 58 3 7 0 0.62 0.0 0 4.9 15 330 M M 10 1 18 310
30 54 36 45 -10 20 0 0.91 0.0 0 9.7 17 330 M M 8 1 24 330
31 49 30 40 -14 25 0 0.00 0.0 0 8.7 21 290 M M 2 28 310
================================================================================
SM 2216 1618 164 75 2.97 0.0 224.6 M 180
================================================================================
AV 71.5 52.2 7.2 FASTST M M 6 MAX(MPH)
MISC ----> # 26 330 40 320
================================================================================
NOTES:
# LAST OF SEVERAL OCCURRENCES
COLUMN 17 PEAK WIND IN M.P.H.
PRELIMINARY LOCAL CLIMATOLOGICAL DATA (WS FORM: F-6) , PAGE 2
STATION: LOUISVILLE KY
MONTH: OCTOBER
YEAR: 2023
LATITUDE: 38 10 N
LONGITUDE: 85 44 W
[TEMPERATURE DATA] [PRECIPITATION DATA] SYMBOLS USED IN COLUMN 16
AVERAGE MONTHLY: 61.8 TOTAL FOR MONTH: 2.97 1 = FOG OR MIST
DPTR FM NORMAL: 1.5 DPTR FM NORMAL: -0.75 2 = FOG REDUCING VISIBILITY
HIGHEST: 89 ON 3 GRTST 24HR 1.33 ON 29-30 TO 1/4 MILE OR LESS
LOWEST: 30 ON 31 3 = THUNDER
SNOW, ICE PELLETS, HAIL 4 = ICE PELLETS
TOTAL MONTH: 0.0 INCH 5 = HAIL
GRTST 24HR 0.0 6 = FREEZING RAIN OR DRIZZLE
GRTST DEPTH: 0 7 = DUSTSTORM OR SANDSTORM:
VSBY 1/2 MILE OR LESS
8 = SMOKE OR HAZE
[NO. OF DAYS WITH] [WEATHER - DAYS WITH] 9 = BLOWING SNOW
X = TORNADO
MAX 32 OR BELOW: 0 0.01 INCH OR MORE: 11
MAX 90 OR ABOVE: 0 0.10 INCH OR MORE: 8
MIN 32 OR BELOW: 1 0.50 INCH OR MORE: 2
MIN 0 OR BELOW: 0 1.00 INCH OR MORE: 0
[HDD (BASE 65) ]
TOTAL THIS MO. 164 CLEAR (SCALE 0-3) 9
DPTR FM NORMAL -34 PTCLDY (SCALE 4-7) 11
TOTAL FM JUL 1 164 CLOUDY (SCALE 8-10) 11
DPTR FM NORMAL -57
[CDD (BASE 65) ]
TOTAL THIS MO. 75
DPTR FM NORMAL 23 [PRESSURE DATA]
TOTAL FM JAN 1 1714 HIGHEST SLP M ON M
DPTR FM NORMAL -25 LOWEST SLP 29.61 ON 21
[REMARKS]
#FINAL-10-23#