000
CXUS55 KPSR 011005
CF6SDL
PRELIMINARY LOCAL CLIMATOLOGICAL DATA (WS FORM: F-6)
STATION: SCOTTSDALE AZ
MONTH: AUGUST
YEAR: 2022
LATITUDE: 33 37 N
LONGITUDE: 111 54 W
TEMPERATURE IN F: :PCPN: SNOW: WIND :SUNSHINE: SKY :PK WND
================================================================================
1 2 3 4 5 6A 6B 7 8 9 10 11 12 13 14 15 16 17 18
12Z AVG MX 2MIN
DY MAX MIN AVG DEP HDD CDD WTR SNW DPTH SPD SPD DIR MIN PSBL S-S WX SPD DR
================================================================================
1 102 83 93 0 0 28 0.00 M M 4.3 12 240 M M 0 17 240
2 105 86 96 3 0 31 0.00 M M 4.2 15 260 M M 0 22 260
3 98 86 92 -1 0 27 0.00 M M 4.2 15 150 M M 1 23 140
4 93 75 84 -9 0 19 0.19 M M 4.8 17 160 M M 2 3 30 160
5 101 80 91 -2 0 26 0.00 M M 3.1 12 250 M M 0 17 230
6 107 83 95 2 0 30 0.00 M M 2.8 12 240 M M 0 19 280
7 103 86 95 2 0 30 T M M 8.7 29 30 M M 1 8 38 40
8 102 84 93 0 0 28 0.00 M M 5.4 12 260 M M 0 19 230
9 98 74 86 -7 0 21 T M M 4.2 28 150 M M 2 138 49 160
10 102 83 93 0 0 28 0.00 M M 4.9 16 280 M M 0 26 270
11 103 83 93 0 0 28 0.00 M M 4.3 14 120 M M 0 23 160
12 103 70 87 -6 0 22 2.20 M M 6.6 40 80 M M 2 123 65 120
13 102 77 90 -3 0 25 0.33 M M 4.3 22 150 M M 0 3 35 130
14 99 79 89 -4 0 24 0.01 M M 3.8 25 20 M M 0 3 39 10
15 100 79 90 -2 0 25 0.00 M M 4.0 12 250 M M 0 18 250
16 103 83 93 1 0 28 0.00 M M 2.7 14 250 M M 0 20 260
17 105 85 95 3 0 30 0.00 M M 4.5 22 330 M M 0 3 35 330
18 103 80 92 0 0 27 0.01 M M 4.7 40 40 M M 1 3 51 40
19 97 76 87 -5 0 22 0.84 M M 3.8 23 60 M M 3 3 34 60
20 95 78 87 -5 0 22 0.00 M M 3.3 14 190 M M 1 22 100
21 95 77 86 -6 0 21 0.04 M M 6.4 32 30 M M 2 3 50 20
22 97 76 87 -5 0 22 0.00 M M 2.9 10 210 M M 0 16 220
23 102 82 92 0 0 27 0.16 M M 2.4 39 50 M M 0 3 49 50
24 99 80 90 -2 0 25 0.00 M M 3.8 20 60 M M 1 3 27 60
25 102 83 93 1 0 28 T M M 2.2 13 50 M M 1 3 19 70
26 103 85 94 2 0 29 0.00 M M 3.6 13 260 M M 1 21 250
27 102 84 93 1 0 28 0.00 M M 4.0 17 330 M M 0 28 360
28 102 82 92 0 0 27 0.00 M M 2.7 13 270 M M 0 18 270
29 107 84 96 4 0 31 0.00 M M 3.9 10 270 M M 0 15 270
30 110 84 97 6 0 32 0.00 M M 3.3 14 150 M M 0 25 140
31 107 86 97 6 0 32 0.00 M M 3.0 9 280 M M 0 14 230
================================================================================
SM 3147 2513 0 823 3.78 M 126.8 M 18
================================================================================
AV101.5 81.1 4.1 FASTST M M 1 MAX(MPH)
MISC ----> # 40 80 65 120
================================================================================
NOTES:
# LAST OF SEVERAL OCCURRENCES
COLUMN 17 PEAK WIND IN M.P.H.
PRELIMINARY LOCAL CLIMATOLOGICAL DATA (WS FORM: F-6) , PAGE 2
STATION: SCOTTSDALE AZ
MONTH: AUGUST
YEAR: 2022
LATITUDE: 33 37 N
LONGITUDE: 111 54 W
[TEMPERATURE DATA] [PRECIPITATION DATA] SYMBOLS USED IN COLUMN 16
AVERAGE MONTHLY: 91.3 TOTAL FOR MONTH: 3.78 1 = FOG OR MIST
DPTR FM NORMAL: -1.0 DPTR FM NORMAL: 2.95 2 = FOG REDUCING VISIBILITY
HIGHEST: 110 ON 30 GRTST 24HR 2.20 ON 12-12 TO 1/4 MILE OR LESS
LOWEST: 70 ON 12 3 = THUNDER
SNOW, ICE PELLETS, HAIL 4 = ICE PELLETS
TOTAL MONTH: M 5 = HAIL
GRTST 24HR M ON M 6 = FREEZING RAIN OR DRIZZLE
GRTST DEPTH: M ON M 7 = DUSTSTORM OR SANDSTORM:
VSBY 1/2 MILE OR LESS
8 = SMOKE OR HAZE
[NO. OF DAYS WITH] [WEATHER - DAYS WITH] 9 = BLOWING SNOW
X = TORNADO
MAX 32 OR BELOW: 0 0.01 INCH OR MORE: 8
MAX 90 OR ABOVE: 31 0.10 INCH OR MORE: 5
MIN 32 OR BELOW: 0 0.50 INCH OR MORE: 2
MIN 0 OR BELOW: 0 1.00 INCH OR MORE: 1
[HDD (BASE 65) ]
TOTAL THIS MO. 0 CLEAR (SCALE 0-3) 31
DPTR FM NORMAL 0 PTCLDY (SCALE 4-7) 0
TOTAL FM JUL 1 0 CLOUDY (SCALE 8-10) 0
DPTR FM NORMAL 0
[CDD (BASE 65) ]
TOTAL THIS MO. 823
DPTR FM NORMAL -25 [PRESSURE DATA]
TOTAL FM JAN 1 3437 HIGHEST SLP 30.02 ON 12
DPTR FM NORMAL 292 LOWEST SLP 29.63 ON 28
[REMARKS]
#FINAL-08-22#