051
CXUS55 KPSR 011005
CF6SDL
PRELIMINARY LOCAL CLIMATOLOGICAL DATA (WS FORM: F-6)
STATION: SCOTTSDALE AZ
MONTH: OCTOBER
YEAR: 2020
LATITUDE: 33 37 N
LONGITUDE: 111 54 W
TEMPERATURE IN F: :PCPN: SNOW: WIND :SUNSHINE: SKY :PK WND
================================================================================
1 2 3 4 5 6A 6B 7 8 9 10 11 12 13 14 15 16 17 18
12Z AVG MX 2MIN
DY MAX MIN AVG DEP HDD CDD WTR SNW DPTH SPD SPD DIR MIN PSBL S-S WX SPD DR
================================================================================
1 105 71 88 8 0 23 0.00 M M 2.6 9 250 M M 0 12 190
2 104 69 87 7 0 22 0.00 M M 3.1 10 230 M M 0 14 230
3 102 68 85 6 0 20 0.00 M M 2.4 10 260 M M 0 13 270
4 102 67 85 6 0 20 0.00 M M 2.4 9 200 M M 0 14 180
5 102 68 85 7 0 20 0.00 M M 2.8 9 210 M M 0 12 270
6 102 69 86 8 0 21 0.00 M M 2.3 10 250 M M 0 8 16 260
7 101 67 84 6 0 19 0.00 M M 2.9 9 230 M M 0 12 180
8 99 69 84 7 0 19 0.00 M M 2.3 10 250 M M 0 14 180
9 97 71 84 7 0 19 0.00 M M 3.2 14 200 M M 0 18 200
10 94 69 82 6 0 17 0.00 M M 3.0 12 230 M M 0 16 190
11 92 67 80 4 0 15 0.00 M M 3.1 12 240 M M 0 16 230
12 97 65 81 5 0 16 0.00 M M 2.2 8 240 M M 0 12 290
13 100 65 83 8 0 18 0.00 M M 2.6 8 170 M M 0 10 170
14 98 64 81 6 0 16 0.00 M M 2.1 10 240 M M 0 14 230
15 97 66 82 7 0 17 0.00 M M 1.7 10 250 M M 0 13 260
16 100 66 83 9 0 18 0.00 M M 2.3 8 250 M M 0 12 250
17 94 66 80 6 0 15 0.00 M M 2.3 8 240 M M 0 12 210
18 94 63 79 6 0 14 0.00 M M 1.8 9 200 M M 0 12 200
19 94 63 79 6 0 14 0.00 M M 1.7 8 220 M M 0 10 220
20 95 62 79 6 0 14 0.00 M M 1.8 7 190 M M 0 11 220
21 95 63 79 7 0 14 0.00 M M 1.6 7 230 M M 0 10 260
22 91 65 78 6 0 13 0.00 M M 3.7 9 210 M M 0 13 190
23 90 65 78 6 0 13 0.00 M M 2.2 10 210 M M 0 14 190
24 85 67 76 5 0 11 0.00 M M 1.5 8 170 M M 0 11 160
25 85 66 76 5 0 11 0.00 M M 6.7 18 240 M M 1 26 250
26 72 51 62 -8 3 0 0.00 M M 8.8 22 40 M M 4 25 50
27 66 47 57 -13 8 0 0.00 M M 6.2 18 40 M M 2 23 50
28 68 45 57 -13 8 0 0.00 M M 2.0 9 190 M M 0 13 280
29 83 49 66 -3 0 1 0.00 M M 3.5 13 130 M M 0 17 150
30 86 58 72 3 0 7 0.00 M M 1.9 8 150 M M 0 12 150
31 85 57 71 3 0 6 0.00 M M 2.0 8 10 M M 0 10 360
================================================================================
SM 2875 1968 19 433 0.00 M 88.7 M 7
================================================================================
AV 92.7 63.5 2.9 FASTST M M 0 MAX(MPH)
MISC ----> 22 40 26 250
================================================================================
NOTES:
# LAST OF SEVERAL OCCURRENCES
COLUMN 17 PEAK WIND IN M.P.H.
PRELIMINARY LOCAL CLIMATOLOGICAL DATA (WS FORM: F-6) , PAGE 2
STATION: SCOTTSDALE AZ
MONTH: OCTOBER
YEAR: 2020
LATITUDE: 33 37 N
LONGITUDE: 111 54 W
[TEMPERATURE DATA] [PRECIPITATION DATA] SYMBOLS USED IN COLUMN 16
AVERAGE MONTHLY: 78.1 TOTAL FOR MONTH: 0.00 1 = FOG OR MIST
DPTR FM NORMAL: 3.9 DPTR FM NORMAL: -0.77 2 = FOG REDUCING VISIBILITY
HIGHEST: 105 ON 1 GRTST 24HR 0.00 ON 1- 1 TO 1/4 MILE OR LESS
LOWEST: 45 ON 28 3 = THUNDER
SNOW, ICE PELLETS, HAIL 4 = ICE PELLETS
TOTAL MONTH: M 5 = HAIL
GRTST 24HR M ON M 6 = FREEZING RAIN OR DRIZZLE
GRTST DEPTH: M ON M 7 = DUSTSTORM OR SANDSTORM:
VSBY 1/2 MILE OR LESS
8 = SMOKE OR HAZE
[NO. OF DAYS WITH] [WEATHER - DAYS WITH] 9 = BLOWING SNOW
X = TORNADO
MAX 32 OR BELOW: 0 0.01 INCH OR MORE: 0
MAX 90 OR ABOVE: 23 0.10 INCH OR MORE: 0
MIN 32 OR BELOW: 0 0.50 INCH OR MORE: 0
MIN 0 OR BELOW: 0 1.00 INCH OR MORE: 0
[HDD (BASE 65) ]
TOTAL THIS MO. 19 CLEAR (SCALE 0-3) 30
DPTR FM NORMAL 9 PTCLDY (SCALE 4-7) 1
TOTAL FM JUL 1 19 CLOUDY (SCALE 8-10) 0
DPTR FM NORMAL 11
[CDD (BASE 65) ]
TOTAL THIS MO. 433
DPTR FM NORMAL 138 [PRESSURE DATA]
TOTAL FM JAN 1 4722 HIGHEST SLP 30.12 ON 28
DPTR FM NORMAL 808 LOWEST SLP 29.58 ON 25
[REMARKS]
#FINAL-10-20#