000
CXUS56 KSGX 011045
CF6SDM
PRELIMINARY LOCAL CLIMATOLOGICAL DATA (WS FORM: F-6)
STATION: SAN DIEGO/BROWN
MONTH: APRIL
YEAR: 2023
LATITUDE: 32 34 N
LONGITUDE: 116 59 W
TEMPERATURE IN F: :PCPN: SNOW: WIND :SUNSHINE: SKY :PK WND
================================================================================
1 2 3 4 5 6A 6B 7 8 9 10 11 12 13 14 15 16 17 18
12Z AVG MX 2MIN
DY MAX MIN AVG DEP HDD CDD WTR SNW DPTH SPD SPD DIR MIN PSBL S-S WX SPD DR
================================================================================
1 68 42 55 -3 10 0 0.00 M M 4.0 16 270 M M 0 1 20 280
2 63 45 54 -5 11 0 0.00 M M 4.2 13 270 M M 6 128 17 290
3 58 50 54 -5 11 0 0.03 M M 8.8 18 260 M M 7 1 25 250
4 61 41 51 -8 14 0 0.00 M M 6.2 18 270 M M 0 8 28 270
5 63 38 51 -8 14 0 0.00 M M 5.1 15 280 M M 0 8 20 280
6 72 40 56 -3 9 0 0.00 M M 5.8 16 280 M M 0 8 21 290
7 66 42 54 -5 11 0 0.00 M M 4.6 14 280 M M 0 18 19 300
8 67 41 54 -5 11 0 0.00 M M 4.4 15 270 M M 1 18 20 280
9 66 52 59 0 6 0 0.00 M M 3.6 10 270 M M 6 128 15 270
10 69 50 60 1 5 0 0.00 M M 2.6 12 270 M M 7 128 17 310
11 70 52 61 2 4 0 0.00 M M 3.5 13 280 M M 7 128 18 270
12 62 52 57 -3 8 0 T M M 7.5 15 220 M M 9 18 19 230
13 59 49 54 -6 11 0 0.06 M M 8.2 15 240 M M 9 18 20 210
14 64 48 56 -4 9 0 0.00 M M 5.0 14 250 M M 7 8 19 300
15 65 45 55 -5 10 0 0.00 M M 4.9 13 280 M M 3 18 18 300
16 59 53 56 -4 9 0 0.00 M M 3.7 10 270 M M 10 1 14 270
17 64 52 58 -2 7 0 0.00 M M 4.7 13 270 M M 9 18 17 260
18 63 49 56 -4 9 0 0.01 M M 5.5 14 260 M M 6 1 19 300
19 67 46 57 -3 8 0 0.00 M M 5.0 16 280 M M 1 18 21 270
20 78 46 62 2 3 0 0.00 M M 5.0 16 260 M M 0 18 20 280
21 87 50 69 9 0 4 0.00 M M 5.0 15 270 M M 0 8 19 280
22 82 51 67 6 0 2 0.00 M M 4.1 12 280 M M 0 12 18 280
23 75 51 63 2 2 0 0.00 M M 2.9 10 320 M M 4 128 17 320
24 68 54 61 0 4 0 0.00 M M 4.7 14 260 M M 7 18 18 260
25 64 55 60 -1 5 0 0.00 M M 4.6 8 280 M M 9 1 M M
26 70 59 65 4 0 0 0.00 M M 7.1 12 280 M M 3 8 17 280
27 70 59 65 4 0 0 0.00 M M 8.1 9 280 M M 0 M M
28 68 54 61 0 4 0 0.00 M M 3.6 12 270 M M 5 128 18 280
29 69 55 62 1 3 0 0.00 M M 4.2 12 280 M M 6 18 16 300
30 65 54 60 -1 5 0 0.00 M M 4.9 12 250 M M 10 18 17 240
================================================================================
SM 2022 1475 203 6 0.10 M 151.5 M 132
================================================================================
AV 67.4 49.2 5.0 FASTST M M 4 MAX(MPH)
MISC ----> # 18 260 28 270
================================================================================
NOTES:
# LAST OF SEVERAL OCCURRENCES
COLUMN 17 PEAK WIND IN M.P.H.
PRELIMINARY LOCAL CLIMATOLOGICAL DATA (WS FORM: F-6) , PAGE 2
STATION: SAN DIEGO/BROWN
MONTH: APRIL
YEAR: 2023
LATITUDE: 32 34 N
LONGITUDE: 116 59 W
[TEMPERATURE DATA] [PRECIPITATION DATA] SYMBOLS USED IN COLUMN 16
AVERAGE MONTHLY: 58.3 TOTAL FOR MONTH: 0.10 1 = FOG OR MIST
DPTR FM NORMAL: -1.6 DPTR FM NORMAL: -0.70 2 = FOG REDUCING VISIBILITY
HIGHEST: 87 ON 21 GRTST 24HR 0.06 ON 13-13 TO 1/4 MILE OR LESS
LOWEST: 38 ON 5 3 = THUNDER
SNOW, ICE PELLETS, HAIL 4 = ICE PELLETS
TOTAL MONTH: M 5 = HAIL
GRTST 24HR M ON M 6 = FREEZING RAIN OR DRIZZLE
GRTST DEPTH: M ON M 7 = DUSTSTORM OR SANDSTORM:
VSBY 1/2 MILE OR LESS
8 = SMOKE OR HAZE
[NO. OF DAYS WITH] [WEATHER - DAYS WITH] 9 = BLOWING SNOW
X = TORNADO
MAX 32 OR BELOW: 0 0.01 INCH OR MORE: 3
MAX 90 OR ABOVE: 0 0.10 INCH OR MORE: 0
MIN 32 OR BELOW: 0 0.50 INCH OR MORE: 0
MIN 0 OR BELOW: 0 1.00 INCH OR MORE: 0
[HDD (BASE 65) ]
TOTAL THIS MO. 203 CLEAR (SCALE 0-3) 13
DPTR FM NORMAL 38 PTCLDY (SCALE 4-7) 11
TOTAL FM JUL 1 1821 CLOUDY (SCALE 8-10) 6
DPTR FM NORMAL 336
[CDD (BASE 65) ]
TOTAL THIS MO. 6
DPTR FM NORMAL -6 [PRESSURE DATA]
TOTAL FM JAN 1 6 HIGHEST SLP 30.14 ON 4
DPTR FM NORMAL -20 LOWEST SLP 29.77 ON 23
[REMARKS]
#FINAL-04-23#