000
CXUS56 KSGX 011045
CF6SDM
PRELIMINARY LOCAL CLIMATOLOGICAL DATA (WS FORM: F-6)
STATION: SAN DIEGO/BROWN
MONTH: JUNE
YEAR: 2022
LATITUDE: 32 34 N
LONGITUDE: 116 59 W
TEMPERATURE IN F: :PCPN: SNOW: WIND :SUNSHINE: SKY :PK WND
================================================================================
1 2 3 4 5 6A 6B 7 8 9 10 11 12 13 14 15 16 17 18
12Z AVG MX 2MIN
DY MAX MIN AVG DEP HDD CDD WTR SNW DPTH SPD SPD DIR MIN PSBL S-S WX SPD DR
================================================================================
1 75 58 67 3 0 2 T M M 3.7 14 270 M M 3 18 19 270
2 75 58 67 3 0 2 0.00 M M 3.3 14 280 M M 5 18 19 270
3 76 60 68 4 0 3 0.00 M M 5.2 15 280 M M 6 8 20 270
4 74 61 68 4 0 3 0.00 M M 5.0 15 250 M M 7 20 280
5 77 62 70 5 0 5 0.00 M M 5.7 15 270 M M 5 20 270
6 79 61 70 5 0 5 0.00 M M 4.6 13 250 M M 5 18 18 280
7 79 59 69 4 0 4 0.00 M M 3.3 16 270 M M 4 18 21 270
8 80 60 70 5 0 5 0.00 M M 3.5 14 270 M M 6 8 19 280
9 81 62 72 7 0 7 0.00 M M 3.6 12 270 M M 5 18 18 310
10 79 59 69 4 0 4 0.00 M M 4.9 12 270 M M 2 18 16 280
11 80 61 71 6 0 6 0.00 M M 4.3 13 270 M M 1 18 17 280
12 80 61 71 5 0 6 0.00 M M 4.4 13 280 M M 5 18 18 310
13 78 61 70 4 0 5 0.00 M M 5.1 15 240 M M 6 8 20 270
14 78 61 70 4 0 5 0.00 M M 4.8 14 280 M M 3 19 280
15 77 61 69 3 0 4 0.00 M M 3.8 12 270 M M 5 8 18 270
16 78 59 69 3 0 4 0.00 M M 4.3 13 280 M M 6 18 17 270
17 76 60 68 2 0 3 0.00 M M 5.5 14 260 M M 6 19 260
18 77 57 67 1 0 2 0.00 M M 5.5 17 260 M M 3 22 270
19 80 54 67 0 0 2 0.00 M M 5.1 15 270 M M 0 20 270
20 85 57 71 4 0 6 0.00 M M 3.9 9 260 M M 0 M M
21 82 63 73 6 0 8 0.00 M M 3.7 12 280 M M 2 128 16 270
22 81 65 73 6 0 8 0.00 M M 3.8 9 290 M M 0 M M
23 84 72 78 11 0 13 0.00 M M 7.1 10 280 M M 0 M M
24 84 73 79 12 0 14 0.00 M M 6.9 10 280 M M 0 8 M M
25 86 M M M M M 0.00 M M 4.1 12 280 M M 1 128 16 270
26 84 63 74 6 0 9 0.00 M M 4.0 12 280 M M 3 128 18 310
27 84 59 72 4 0 7 0.00 M M 3.3 12 270 M M 0 18 15 270
28 84 64 74 6 0 9 0.00 M M 4.0 12 280 M M 0 18 16 270
29 85 65 75 7 0 10 0.00 M M 3.8 12 280 M M 3 18 17 280
30 80 64 72 4 0 7 0.00 M M 4.5 13 260 M M 3 18 17 260
================================================================================
SM 2398 1780 0 168 T M 134.8 M 95
================================================================================
AV 79.9 61.4 4.5 FASTST M M 3 MAX(MPH)
MISC ----> 17 260 22 270
================================================================================
NOTES:
# LAST OF SEVERAL OCCURRENCES
COLUMN 17 PEAK WIND IN M.P.H.
PRELIMINARY LOCAL CLIMATOLOGICAL DATA (WS FORM: F-6) , PAGE 2
STATION: SAN DIEGO/BROWN
MONTH: JUNE
YEAR: 2022
LATITUDE: 32 34 N
LONGITUDE: 116 59 W
[TEMPERATURE DATA] [PRECIPITATION DATA] SYMBOLS USED IN COLUMN 16
AVERAGE MONTHLY: 70.7 TOTAL FOR MONTH: T 1 = FOG OR MIST
DPTR FM NORMAL: 4.6 DPTR FM NORMAL: -0.10 2 = FOG REDUCING VISIBILITY
HIGHEST: 86 ON 25 GRTST 24HR T ON 1- 1 TO 1/4 MILE OR LESS
LOWEST: 54 ON 19 3 = THUNDER
SNOW, ICE PELLETS, HAIL 4 = ICE PELLETS
TOTAL MONTH: M 5 = HAIL
GRTST 24HR M ON M 6 = FREEZING RAIN OR DRIZZLE
GRTST DEPTH: M ON M 7 = DUSTSTORM OR SANDSTORM:
VSBY 1/2 MILE OR LESS
8 = SMOKE OR HAZE
[NO. OF DAYS WITH] [WEATHER - DAYS WITH] 9 = BLOWING SNOW
X = TORNADO
MAX 32 OR BELOW: 0 0.01 INCH OR MORE: 0
MAX 90 OR ABOVE: 0 0.10 INCH OR MORE: 0
MIN 32 OR BELOW: 0 0.50 INCH OR MORE: 0
MIN 0 OR BELOW: 0 1.00 INCH OR MORE: 0
[HDD (BASE 65) ]
TOTAL THIS MO. 0 CLEAR (SCALE 0-3) 15
DPTR FM NORMAL -22 PTCLDY (SCALE 4-7) 15
TOTAL FM JUL 1 1304 CLOUDY (SCALE 8-10) 0
DPTR FM NORMAL -292
[CDD (BASE 65) ]
TOTAL THIS MO. 168
DPTR FM NORMAL 113 [PRESSURE DATA]
TOTAL FM JAN 1 240 HIGHEST SLP 30.02 ON 30
DPTR FM NORMAL 137 LOWEST SLP 29.77 ON 16
[REMARKS]
#FINAL-06-22#