000
CXUS56 KSGX 011045
CF6SDM
PRELIMINARY LOCAL CLIMATOLOGICAL DATA (WS FORM: F-6)
STATION: SAN DIEGO/BROWN
MONTH: AUGUST
YEAR: 2021
LATITUDE: 32 34 N
LONGITUDE: 116 59 W
TEMPERATURE IN F: :PCPN: SNOW: WIND :SUNSHINE: SKY :PK WND
================================================================================
1 2 3 4 5 6A 6B 7 8 9 10 11 12 13 14 15 16 17 18
12Z AVG MX 2MIN
DY MAX MIN AVG DEP HDD CDD WTR SNW DPTH SPD SPD DIR MIN PSBL S-S WX SPD DR
================================================================================
1 87 61 74 3 0 9 0.00 M M 4.3 14 280 M M 2 28 19 290
2 90 62 76 5 0 11 0.00 M M 3.6 13 270 M M 0 8 16 280
3 84 61 73 2 0 8 0.00 M M 4.6 13 270 M M 0 8 17 270
4 79 64 72 1 0 7 0.00 M M 3.7 13 270 M M 4 8 17 270
5 81 64 73 2 0 8 0.00 M M 4.6 13 280 M M 3 8 17 290
6 80 63 72 1 0 7 0.00 M M 3.7 13 280 M M 5 8 17 280
7 79 63 71 -1 0 6 0.00 M M 4.0 13 280 M M 4 8 17 270
8 79 63 71 -1 0 6 0.00 M M 3.5 15 260 M M 4 8 18 280
9 84 60 72 0 0 7 0.00 M M 4.1 15 280 M M 1 8 18 280
10 85 64 75 3 0 10 0.00 M M 3.9 12 260 M M 1 8 16 270
11 90 70 80 8 0 15 0.00 M M 5.8 13 270 M M 1 8 17 270
12 91 67 79 7 0 14 0.00 M M 3.7 14 280 M M 0 17 270
13 89 66 78 6 0 13 0.00 M M 4.2 13 270 M M 1 8 20 270
14 87 66 77 5 0 12 0.00 M M 5.2 15 280 M M 0 8 19 280
15 82 66 74 2 0 9 0.00 M M 4.1 13 270 M M 0 8 16 250
16 88 67 78 6 0 13 0.00 M M 3.5 12 280 M M 0 8 15 330
17 82 69 76 4 0 11 0.00 M M 4.4 14 250 M M 4 8 19 250
18 83 71 77 5 0 12 0.00 M M 6.8 18 220 M M 9 22 240
19 81 68 75 3 0 10 T M M 6.5 15 260 M M 8 21 280
20 76 68 72 0 0 7 0.00 M M 6.8 14 250 M M 10 19 250
21 79 65 72 0 0 7 0.00 M M 6.2 14 280 M M 8 8 20 260
22 78 69 74 2 0 9 0.00 M M 5.1 16 270 M M 9 22 290
23 79 64 72 0 0 7 0.00 M M 5.0 13 270 M M 4 17 280
24 81 61 71 -1 0 6 0.00 M M 5.0 12 280 M M 0 8 18 280
25 83 64 74 2 0 9 0.00 M M 4.4 12 280 M M 0 8 18 280
26 90 65 78 6 0 13 0.00 M M 4.1 14 270 M M 0 8 18 280
27 86 61 74 2 0 9 0.00 M M 3.6 12 270 M M 0 128 16 280
28 80 66 73 1 0 8 0.00 M M 3.5 13 240 M M 3 128 17 260
29 82 65 74 2 0 9 0.00 M M 3.6 15 280 M M 1 8 18 290
30 81 67 74 2 0 9 0.00 M M 4.6 15 270 M M 6 8 20 270
31 77 67 72 0 0 7 0.00 M M 5.6 13 270 M M 8 8 16 270
================================================================================
SM 2573 2017 0 288 T M 141.7 M 96
================================================================================
AV 83.0 65.1 4.6 FASTST M M 3 MAX(MPH)
MISC ----> 18 220 # 22 240
================================================================================
NOTES:
# LAST OF SEVERAL OCCURRENCES
COLUMN 17 PEAK WIND IN M.P.H.
PRELIMINARY LOCAL CLIMATOLOGICAL DATA (WS FORM: F-6) , PAGE 2
STATION: SAN DIEGO/BROWN
MONTH: AUGUST
YEAR: 2021
LATITUDE: 32 34 N
LONGITUDE: 116 59 W
[TEMPERATURE DATA] [PRECIPITATION DATA] SYMBOLS USED IN COLUMN 16
AVERAGE MONTHLY: 74.0 TOTAL FOR MONTH: T 1 = FOG OR MIST
DPTR FM NORMAL: 2.2 DPTR FM NORMAL: -0.01 2 = FOG REDUCING VISIBILITY
HIGHEST: 91 ON 12 GRTST 24HR T ON 19-19 TO 1/4 MILE OR LESS
LOWEST: 60 ON 9 3 = THUNDER
SNOW, ICE PELLETS, HAIL 4 = ICE PELLETS
TOTAL MONTH: M 5 = HAIL
GRTST 24HR M ON M 6 = FREEZING RAIN OR DRIZZLE
GRTST DEPTH: M ON M 7 = DUSTSTORM OR SANDSTORM:
VSBY 1/2 MILE OR LESS
8 = SMOKE OR HAZE
[NO. OF DAYS WITH] [WEATHER - DAYS WITH] 9 = BLOWING SNOW
X = TORNADO
MAX 32 OR BELOW: 0 0.01 INCH OR MORE: 0
MAX 90 OR ABOVE: 4 0.10 INCH OR MORE: 0
MIN 32 OR BELOW: 0 0.50 INCH OR MORE: 0
MIN 0 OR BELOW: 0 1.00 INCH OR MORE: 0
[HDD (BASE 65) ]
TOTAL THIS MO. 0 CLEAR (SCALE 0-3) 16
DPTR FM NORMAL -1 PTCLDY (SCALE 4-7) 10
TOTAL FM JUL 1 0 CLOUDY (SCALE 8-10) 5
DPTR FM NORMAL -1
[CDD (BASE 65) ]
TOTAL THIS MO. 288
DPTR FM NORMAL 77 [PRESSURE DATA]
TOTAL FM JAN 1 719 HIGHEST SLP 30.08 ON 14
DPTR FM NORMAL 252 LOWEST SLP 29.67 ON 27
[REMARKS]
#FINAL-08-21#