000
CXUS56 KSGX 011245
CF6SDM
PRELIMINARY LOCAL CLIMATOLOGICAL DATA (WS FORM: F-6)
STATION: SAN DIEGO/BROWN
MONTH: OCTOBER
YEAR: 2020
LATITUDE: 32 34 N
LONGITUDE: 116 59 W
TEMPERATURE IN F: :PCPN: SNOW: WIND :SUNSHINE: SKY :PK WND
================================================================================
1 2 3 4 5 6A 6B 7 8 9 10 11 12 13 14 15 16 17 18
12Z AVG MX 2MIN
DY MAX MIN AVG DEP HDD CDD WTR SNW DPTH SPD SPD DIR MIN PSBL S-S WX SPD DR
================================================================================
1 99 67 83 15 0 18 0.00 0.0 0 6.0 14 250 M M 0 8 17 260
2 97 61 79 11 0 14 0.00 0.0 0 3.5 9 280 M M 0 8 13 300
3 90 62 76 9 0 11 0.00 0.0 0 2.8 10 290 M M 0 8 14 300
4 94 60 77 10 0 12 0.00 0.0 0 4.2 12 280 M M 0 8 16 270
5 95 62 79 12 0 14 0.00 0.0 0 4.8 13 270 M M 0 18 16 280
6 88 59 74 7 0 9 0.00 0.0 0 3.5 9 280 M M 1 128 13 280
7 80 63 72 5 0 7 0.00 0.0 0 3.6 12 260 M M 7 128 16 260
8 78 61 70 3 0 5 0.00 0.0 0 4.9 14 280 M M 5 19 250
9 78 60 69 3 0 4 0.00 0.0 0 5.3 14 260 M M 7 8 18 260
10 76 57 67 1 0 2 0.00 0.0 0 3.5 15 280 M M 4 20 280
11 78 58 68 2 0 3 0.00 0.0 0 4.6 15 270 M M 3 19 280
12 94 58 76 10 0 11 0.00 0.0 0 4.0 12 240 M M 0 18 16 280
13 100 61 81 15 0 16 0.00 0.0 0 6.3 15 270 M M 0 8 18 280
14 90 62 76 10 0 11 0.00 0.0 0 4.6 9 280 M M 0 8 13 290
15 93 61 77 11 0 12 0.00 0.0 0 5.0 10 270 M M 0 18 15 270
16 91 58 75 10 0 10 0.00 0.0 0 3.7 10 280 M M 0 18 13 270
17 83 56 70 5 0 5 0.00 0.0 0 3.1 9 280 M M 1 128 14 300
18 86 58 72 7 0 7 0.00 0.0 0 3.5 10 280 M M 2 18 15 290
19 81 60 71 6 0 6 0.00 0.0 0 3.5 12 280 M M 3 18 18 280
20 75 61 68 3 0 3 0.00 0.0 0 3.5 12 280 M M 6 18 16 270
21 75 62 69 5 0 4 0.00 0.0 0 4.3 13 260 M M 7 8 17 250
22 74 64 69 5 0 4 0.00 0.0 0 3.9 15 260 M M 8 19 260
23 74 63 69 5 0 4 0.00 0.0 0 3.4 12 270 M M 7 16 250
24 73 64 69 5 0 4 0.00 0.0 0 4.8 12 280 M M 10 16 290
25 73 58 66 2 0 1 0.12 0.0 0 6.9 14 260 M M 10 18 18 270
26 74 42 58 -6 7 0 T M 0 5.8 16 140 M M 4 1 21 160
27 77 38 58 -5 7 0 0.00 0.0 0 5.5 13 280 M M 0 16 270
28 78 46 62 -1 3 0 0.00 0.0 0 5.9 12 270 M M 0 16 300
29 79 47 63 0 2 0 0.00 0.0 0 4.5 12 270 M M 0 18 14 280
30 82 48 65 2 0 0 0.00 0.0 0 4.1 10 280 M M 0 8 14 290
31 81 48 65 3 0 0 0.00 0.0 0 3.8 9 260 M M 0 13 310
================================================================================
SM 2586 1785 19 197 0.12 0.0 136.8 M 85
================================================================================
AV 83.4 57.6 4.4 FASTST M M 3 MAX(MPH)
MISC ----> # 16 140 # 21 160
================================================================================
NOTES:
# LAST OF SEVERAL OCCURRENCES
COLUMN 17 PEAK WIND IN M.P.H.
PRELIMINARY LOCAL CLIMATOLOGICAL DATA (WS FORM: F-6) , PAGE 2
STATION: SAN DIEGO/BROWN
MONTH: OCTOBER
YEAR: 2020
LATITUDE: 32 34 N
LONGITUDE: 116 59 W
[TEMPERATURE DATA] [PRECIPITATION DATA] SYMBOLS USED IN COLUMN 16
AVERAGE MONTHLY: 70.5 TOTAL FOR MONTH: 0.12 1 = FOG OR MIST
DPTR FM NORMAL: 5.2 DPTR FM NORMAL: -0.37 2 = FOG REDUCING VISIBILITY
HIGHEST: 100 ON 13 GRTST 24HR 0.12 ON 25-25 TO 1/4 MILE OR LESS
LOWEST: 38 ON 27 3 = THUNDER
SNOW, ICE PELLETS, HAIL 4 = ICE PELLETS
TOTAL MONTH: 0.0 INCH 5 = HAIL
GRTST 24HR 0.0 6 = FREEZING RAIN OR DRIZZLE
GRTST DEPTH: 0 7 = DUSTSTORM OR SANDSTORM:
VSBY 1/2 MILE OR LESS
8 = SMOKE OR HAZE
[NO. OF DAYS WITH] [WEATHER - DAYS WITH] 9 = BLOWING SNOW
X = TORNADO
MAX 32 OR BELOW: 0 0.01 INCH OR MORE: 1
MAX 90 OR ABOVE: 10 0.10 INCH OR MORE: 1
MIN 32 OR BELOW: 0 0.50 INCH OR MORE: 0
MIN 0 OR BELOW: 0 1.00 INCH OR MORE: 0
[HDD (BASE 65) ]
TOTAL THIS MO. 19 CLEAR (SCALE 0-3) 18
DPTR FM NORMAL -36 PTCLDY (SCALE 4-7) 11
TOTAL FM JUL 1 19 CLOUDY (SCALE 8-10) 2
DPTR FM NORMAL -46
[CDD (BASE 65) ]
TOTAL THIS MO. 197
DPTR FM NORMAL 134 [PRESSURE DATA]
TOTAL FM JAN 1 1146 HIGHEST SLP 30.08 ON 28
DPTR FM NORMAL 538 LOWEST SLP 29.79 ON 21
[REMARKS]
#FINAL-10-20#