000
CXUS54 KFWD 010732
CF6SEP
PRELIMINARY LOCAL CLIMATOLOGICAL DATA (WS FORM: F-6)
STATION: STEPHENVILLE
MONTH: MAY
YEAR: 2023
LATITUDE: 32 13 N
LONGITUDE: 98 11 W
TEMPERATURE IN F: :PCPN: SNOW: WIND :SUNSHINE: SKY :PK WND
================================================================================
1 2 3 4 5 6A 6B 7 8 9 10 11 12 13 14 15 16 17 18
12Z AVG MX 2MIN
DY MAX MIN AVG DEP HDD CDD WTR SNW DPTH SPD SPD DIR MIN PSBL S-S WX SPD DR
================================================================================
1 78 54 66 -2 0 1 0.00 M M 7.7 13 110 M M 0 21 90
2 82 55 69 1 0 4 0.00 M M 4.6 12 120 M M 1 17 120
3 83 63 73 5 0 8 0.00 M M 5.7 14 110 M M 2 17 110
4 82 63 73 4 0 8 0.00 M M 6.8 13 160 M M 1 20 150
5 94 64 79 10 0 14 0.29 M M 9.2 29 150 M M 2 40 150
6 88 64 76 7 0 11 0.20 M M 8.6 17 10 M M 3 25 60
7 86 64 75 6 0 10 0.15 M M 10.0 18 80 M M 7 29 80
8 88 64 76 6 0 11 0.39 M M 8.7 14 200 M M 2 22 200
9 82 65 74 4 0 9 0.00 M M 6.4 12 120 M M 2 16 170
10 76 65 71 1 0 6 0.07 M M 5.4 10 130 M M 6 M M
11 88 66 77 7 0 12 0.07 M M 8.1 14 180 M M 7 23 140
12 87 64 76 5 0 11 0.00 M M 10.1 16 130 M M 6 24 130
13 76 62 69 -2 0 4 0.55 M M 4.4 14 280 M M 4 22 280
14 79 65 72 1 0 7 0.00 M M 2.8 6 70 M M 4 M M
15 84 65 75 3 0 10 0.06 M M 3.9 10 170 M M 4 M M
16 78 64 71 -1 0 6 0.00 M M 5.5 9 350 M M 3 16 320
17 85 59 72 0 0 7 0.00 M M 1.9 6 80 M M 0 M M
18 88 64 76 4 0 11 0.00 M M 5.9 12 160 M M 1 M M
19 91 69 80 7 0 15 0.01 M M 5.2 10 190 M M 3 18 220
20 76 61 69 -4 0 4 0.02 M M 8.3 16 350 M M 3 23 340
21 74 60 67 -6 0 2 0.00 M M 1.2 6 30 M M 1 M M
22 83 55 69 -4 0 4 0.00 M M 3.5 12 110 M M 1 M M
23 86 63 75 1 0 10 0.48 M M 7.1 14 280 M M 4 22 280
24 82 64 73 -1 0 8 0.14 M M 4.3 12 30 M M 4 26 160
25 81 65 73 -1 0 8 0.00 M M 4.8 10 100 M M 2 16 120
26 83 64 74 0 0 9 0.01 M M 5.1 20 120 M M 2 23 120
27 82 64 73 -2 0 8 0.00 M M 3.7 9 100 M M 5 17 150
28 84 66 75 0 0 10 0.00 M M 6.0 14 170 M M 2 18 170
29 82 64 73 -2 0 8 0.09 M M 2.7 10 70 M M 3 M M
30 87 61 74 -1 0 9 0.00 M M 3.5 9 120 M M 2 16 160
31 88 65 77 1 0 12 0.00 M M 4.6 12 120 M M 1 18 150
================================================================================
SM 2583 1951 0 257 2.53 M 175.6 M 88
================================================================================
AV 83.3 62.9 5.7 FASTST M M 3 MAX(MPH)
MISC ----> 29 150 40 150
================================================================================
NOTES:
# LAST OF SEVERAL OCCURRENCES
COLUMN 17 PEAK WIND IN M.P.H.
PRELIMINARY LOCAL CLIMATOLOGICAL DATA (WS FORM: F-6) , PAGE 2
STATION: STEPHENVILLE
MONTH: MAY
YEAR: 2023
LATITUDE: 32 13 N
LONGITUDE: 98 11 W
[TEMPERATURE DATA] [PRECIPITATION DATA] SYMBOLS USED IN COLUMN 16
AVERAGE MONTHLY: 73.1 TOTAL FOR MONTH: 2.53 1 = FOG OR MIST
DPTR FM NORMAL: 1.3 DPTR FM NORMAL: -1.86 2 = FOG REDUCING VISIBILITY
HIGHEST: 94 ON 5 GRTST 24HR 0.55 ON 13-13 TO 1/4 MILE OR LESS
LOWEST: 54 ON 1 3 = THUNDER
SNOW, ICE PELLETS, HAIL 4 = ICE PELLETS
TOTAL MONTH: M 5 = HAIL
GRTST 24HR M ON M 6 = FREEZING RAIN OR DRIZZLE
GRTST DEPTH: M ON M 7 = DUSTSTORM OR SANDSTORM:
VSBY 1/2 MILE OR LESS
8 = SMOKE OR HAZE
[NO. OF DAYS WITH] [WEATHER - DAYS WITH] 9 = BLOWING SNOW
X = TORNADO
MAX 32 OR BELOW: 0 0.01 INCH OR MORE: 14
MAX 90 OR ABOVE: 2 0.10 INCH OR MORE: 7
MIN 32 OR BELOW: 0 0.50 INCH OR MORE: 1
MIN 0 OR BELOW: 0 1.00 INCH OR MORE: 0
[HDD (BASE 65) ]
TOTAL THIS MO. 0 CLEAR (SCALE 0-3) 18
DPTR FM NORMAL -18 PTCLDY (SCALE 4-7) 13
TOTAL FM JUL 1 2044 CLOUDY (SCALE 8-10) 0
DPTR FM NORMAL -668
[CDD (BASE 65) ]
TOTAL THIS MO. 257
DPTR FM NORMAL 30 [PRESSURE DATA]
TOTAL FM JAN 1 381 HIGHEST SLP M ON M
DPTR FM NORMAL 61 LOWEST SLP M ON M
[REMARKS]
#FINAL-05-23#