000
CXUS53 KLSX 011500
CF6SET
PRELIMINARY LOCAL CLIMATOLOGICAL DATA (WS FORM: F-6)
STATION: ST_CHARLES MO
MONTH: NOVEMBER
YEAR: 2020
LATITUDE: 38 55 N
LONGITUDE: 90 26 W
TEMPERATURE IN F: :PCPN: SNOW: WIND :SUNSHINE: SKY :PK WND
================================================================================
1 2 3 4 5 6A 6B 7 8 9 10 11 12 13 14 15 16 17 18
12Z AVG MX 2MIN
DY MAX MIN AVG DEP HDD CDD WTR SNW DPTH SPD SPD DIR MIN PSBL S-S WX SPD DR
================================================================================
1 54 31 43 -8 22 0 0.00 0.0 0 12.7 28 290 M M 0 36 300
2 60 23 42 -9 23 0 0.00 0.0 0 4.6 15 210 M M 0 19 220
3 76 32 54 4 11 0 0.00 0.0 0 4.3 14 190 M M 0 19 180
4 79 37 58 8 7 0 0.00 0.0 0 7.4 20 200 M M 0 25 220
5 76 45 61 11 4 0 0.00 0.0 0 4.6 16 170 M M 0 23 160
6 77 44 61 12 4 0 0.00 0.0 0 5.6 13 140 M M 0 18 180
7 77 40 59 10 6 0 0.00 0.0 0 7.5 16 180 M M 0 12 23 190
8 77 52 65 17 0 0 0.00 0.0 0 8.8 21 170 M M 4 27 170
9 80 56 68 20 0 3 0.00 0.0 0 10.5 22 160 M M 3 26 170
10 78 44 61 13 4 0 M 0.0 0 14.1 37 270 M M 6 52 270
11 53 35 44 -3 21 0 0.00 0.0 0 4.5 18 320 M M 1 23 300
12 59 30 45 -2 20 0 0.00 0.0 0 5.4 15 120 M M 3 12 20 120
13 50 32 41 -5 24 0 0.00 0.0 0 7.3 25 300 M M 0 34 300
14 59 33 46 0 19 0 1.01 M M 11.2 29 270 M M 8 13 38 270
15 59 38 49 3 16 0 0.01 0.0 0 17.4 33 270 M M 3 52 270
16 65 30 48 3 17 0 0.00 0.0 0 8.9 22 260 M M 0 29 250
17 50 32 41 -4 24 0 0.00 0.0 0 6.3 17 330 M M 2 25 320
18 58 30 44 0 21 0 0.00 0.0 0 12.0 22 150 M M 0 29 150
19 76 40 58 14 7 0 0.00 0.0 0 12.3 30 210 M M 0 42 230
20 69 50 60 17 5 0 0.05 0.0 0 7.6 17 30 M M 8 25 40
21 51 44 48 5 17 0 0.81 0.0 0 9.6 29 70 M M 10 1 36 70
22 50 37 44 2 21 0 0.10 0.0 0 9.4 18 40 M M 7 18 26 50
23 46 33 40 -2 25 0 0.10 0.0 0 4.8 13 50 M M 4 17 50
24 57 42 50 9 15 0 0.89 0.0 0 10.3 17 150 M M 9 1 23 170
25 55 46 51 10 14 0 0.20 0.0 0 9.7 23 80 M M 10 18 28 80
26 52 38 45 5 20 0 0.00 0.0 0 6.3 12 270 M M 6 1 16 270
27 55 34 45 5 20 0 0.00 0.0 0 5.8 14 310 M M 4 1 18 330
28 54 30 42 3 23 0 0.00 0.0 0 3.0 9 160 M M 0 12 12 210
29 49 33 41 2 24 0 0.01 0.0 0 8.3 26 340 M M 3 40 350
30 37 29 33 -5 32 0 T M M 14.2 25 310 M M 10 45 320
================================================================================
SM 1838 1120 466 3 3.18 0.0 254.4 M 101
================================================================================
AV 61.3 37.3 8.5 FASTST M M 3 MAX(MPH)
MISC ----> 37 270 # 52 270
================================================================================
NOTES:
# LAST OF SEVERAL OCCURRENCES
COLUMN 17 PEAK WIND IN M.P.H.
PRELIMINARY LOCAL CLIMATOLOGICAL DATA (WS FORM: F-6) , PAGE 2
STATION: ST_CHARLES MO
MONTH: NOVEMBER
YEAR: 2020
LATITUDE: 38 55 N
LONGITUDE: 90 26 W
[TEMPERATURE DATA] [PRECIPITATION DATA] SYMBOLS USED IN COLUMN 16
AVERAGE MONTHLY: 49.3 TOTAL FOR MONTH: 3.18 1 = FOG OR MIST
DPTR FM NORMAL: 4.2 DPTR FM NORMAL: -0.64 2 = FOG REDUCING VISIBILITY
HIGHEST: 80 ON 9 GRTST 24HR 1.09 ON 24-25 TO 1/4 MILE OR LESS
LOWEST: 23 ON 2 3 = THUNDER
SNOW, ICE PELLETS, HAIL 4 = ICE PELLETS
TOTAL MONTH: 0.0 INCH 5 = HAIL
GRTST 24HR 0.0 6 = FREEZING RAIN OR DRIZZLE
GRTST DEPTH: 0 7 = DUSTSTORM OR SANDSTORM:
VSBY 1/2 MILE OR LESS
8 = SMOKE OR HAZE
[NO. OF DAYS WITH] [WEATHER - DAYS WITH] 9 = BLOWING SNOW
X = TORNADO
MAX 32 OR BELOW: 0 0.01 INCH OR MORE: 9
MAX 90 OR ABOVE: 0 0.10 INCH OR MORE: 6
MIN 32 OR BELOW: 10 0.50 INCH OR MORE: 3
MIN 0 OR BELOW: 0 1.00 INCH OR MORE: 1
[HDD (BASE 65) ]
TOTAL THIS MO. 466 CLEAR (SCALE 0-3) 16
DPTR FM NORMAL -132 PTCLDY (SCALE 4-7) 9
TOTAL FM JUL 1 844 CLOUDY (SCALE 8-10) 5
DPTR FM NORMAL -97
[CDD (BASE 65) ]
TOTAL THIS MO. 3
DPTR FM NORMAL 2 [PRESSURE DATA]
TOTAL FM JAN 1 1542 HIGHEST SLP 30.61 ON 17
DPTR FM NORMAL 197 LOWEST SLP 29.50 ON 15
[REMARKS]
#FINAL-11-20#