000
CXUS53 KLSX 011400
CF6SET
PRELIMINARY LOCAL CLIMATOLOGICAL DATA (WS FORM: F-6)
STATION: ST_CHARLES MO
MONTH: JULY
YEAR: 2020
LATITUDE: 38 55 N
LONGITUDE: 90 26 W
TEMPERATURE IN F: :PCPN: SNOW: WIND :SUNSHINE: SKY :PK WND
================================================================================
1 2 3 4 5 6A 6B 7 8 9 10 11 12 13 14 15 16 17 18
12Z AVG MX 2MIN
DY MAX MIN AVG DEP HDD CDD WTR SNW DPTH SPD SPD DIR MIN PSBL S-S WX SPD DR
================================================================================
1 81 69 75 -2 0 10 0.22 0.0 0 5.9 14 120 M M 3 13 19 290
2 90 69 80 2 0 15 0.04 0.0 0 3.8 15 60 M M 2 1 20 60
3 90 73 82 4 0 17 0.00 0.0 0 4.7 14 100 M M 2 1 18 80
4 91 72 82 4 0 17 0.00 0.0 0 4.9 12 40 M M 0 1 15 30
5 93 73 83 5 0 18 0.00 0.0 0 4.2 16 80 M M 2 13 22 70
6 94 74 84 6 0 19 0.00 0.0 0 2.8 16 350 M M 1 3 21 340
7 95 74 85 7 0 20 T 0.0 0 2.3 30 160 M M 1 138 37 170
8 94 75 85 7 0 20 0.00 0.0 0 3.3 16 170 M M 0 138 20 160
9 95 74 85 7 0 20 0.00 0.0 0 7.4 17 200 M M 1 22 270
10 91 72 82 4 0 17 0.00 0.0 0 6.7 18 310 M M 0 8 24 320
11 96 71 84 6 0 19 0.00 0.0 0 5.7 15 270 M M 1 21 280
12 87 73 80 2 0 15 0.00 0.0 0 7.5 15 330 M M 3 20 30
13 88 67 78 0 0 13 0.00 0.0 0 4.8 12 100 M M 0 16 90
14 94 66 80 2 0 15 0.00 0.0 0 7.5 18 130 M M 0 24 130
15 92 72 82 4 0 17 0.91 0.0 0 8.7 24 190 M M 3 13 39 220
16 87 69 78 0 0 13 0.00 0.0 0 5.2 10 320 M M 3 14 320
17 93 73 83 5 0 18 0.00 0.0 0 6.3 20 190 M M 3 3 28 190
18 95 73 84 6 0 19 0.00 0.0 0 8.3 17 190 M M 1 23 190
19 94 73 84 6 0 19 0.36 0.0 0 7.9 37 200 M M 3 138 53 200
20 87 72 80 2 0 15 0.12 0.0 0 3.8 10 320 M M 2 8 12 320
21 90 73 82 4 0 17 0.77 0.0 0 4.7 25 340 M M 4 138 33 190
22 89 71 80 2 0 15 0.15 0.0 0 2.2 12 340 M M 5 15 320
23 89 73 81 3 0 16 0.00 0.0 0 4.2 10 60 M M 1 15 50
24 93 71 82 4 0 17 0.00 0.0 0 4.0 9 80 M M 0 13 110
25 93 73 83 5 0 18 0.00 0.0 0 5.0 12 130 M M 1 1 18 110
26 94 75 85 7 0 20 0.00 0.0 0 4.2 13 200 M M 0 16 200
27 84 73 79 1 0 14 0.39 0.0 0 4.2 13 240 M M 4 1 20 260
28 88 67 78 0 0 13 0.00 0.0 0 2.4 9 130 M M 0 1 11 120
29 93 68 81 3 0 16 0.27 0.0 0 3.4 29 160 M M 3 13 43 140
30 83 73 78 0 0 13 2.33 0.0 0 8.0 17 40 M M 10 1 24 20
31 76 68 72 -6 0 7 0.56 0.0 0 9.5 23 40 M M 10 1 32 50
================================================================================
SM 2799 2219 0 502 6.12 0.0 163.5 M 69
================================================================================
AV 90.3 71.6 5.3 FASTST M M 2 MAX(MPH)
MISC ----> 37 200 53 200
================================================================================
NOTES:
# LAST OF SEVERAL OCCURRENCES
COLUMN 17 PEAK WIND IN M.P.H.
PRELIMINARY LOCAL CLIMATOLOGICAL DATA (WS FORM: F-6) , PAGE 2
STATION: ST_CHARLES MO
MONTH: JULY
YEAR: 2020
LATITUDE: 38 55 N
LONGITUDE: 90 26 W
[TEMPERATURE DATA] [PRECIPITATION DATA] SYMBOLS USED IN COLUMN 16
AVERAGE MONTHLY: 80.9 TOTAL FOR MONTH: 6.12 1 = FOG OR MIST
DPTR FM NORMAL: 2.7 DPTR FM NORMAL: 1.77 2 = FOG REDUCING VISIBILITY
HIGHEST: 96 ON 11 GRTST 24HR 2.47 ON 29-30 TO 1/4 MILE OR LESS
LOWEST: 66 ON 14 3 = THUNDER
SNOW, ICE PELLETS, HAIL 4 = ICE PELLETS
TOTAL MONTH: 0.0 INCH 5 = HAIL
GRTST 24HR 0.0 6 = FREEZING RAIN OR DRIZZLE
GRTST DEPTH: 0 7 = DUSTSTORM OR SANDSTORM:
VSBY 1/2 MILE OR LESS
8 = SMOKE OR HAZE
[NO. OF DAYS WITH] [WEATHER - DAYS WITH] 9 = BLOWING SNOW
X = TORNADO
MAX 32 OR BELOW: 0 0.01 INCH OR MORE: 11
MAX 90 OR ABOVE: 20 0.10 INCH OR MORE: 10
MIN 32 OR BELOW: 0 0.50 INCH OR MORE: 4
MIN 0 OR BELOW: 0 1.00 INCH OR MORE: 1
[HDD (BASE 65) ]
TOTAL THIS MO. 0 CLEAR (SCALE 0-3) 24
DPTR FM NORMAL 0 PTCLDY (SCALE 4-7) 5
TOTAL FM JUL 1 0 CLOUDY (SCALE 8-10) 2
DPTR FM NORMAL 0
[CDD (BASE 65) ]
TOTAL THIS MO. 502
DPTR FM NORMAL 93 [PRESSURE DATA]
TOTAL FM JAN 1 1010 HIGHEST SLP 30.13 ON 24
DPTR FM NORMAL 193 LOWEST SLP 29.74 ON 30
[REMARKS]
#FINAL-07-20#