000
CXUS52 KMLB 010625
CF6SFB
PRELIMINARY LOCAL CLIMATOLOGICAL DATA (WS FORM: F-6)
STATION: SANFORD
MONTH: MARCH
YEAR: 2021
LATITUDE: 28 46 N
LONGITUDE: 81 15 W
TEMPERATURE IN F: :PCPN: SNOW: WIND :SUNSHINE: SKY :PK WND
================================================================================
1 2 3 4 5 6A 6B 7 8 9 10 11 12 13 14 15 16 17 18
12Z AVG MX 2MIN
DY MAX MIN AVG DEP HDD CDD WTR SNW DPTH SPD SPD DIR MIN PSBL S-S WX SPD DR
================================================================================
1 88 71 80 16 0 15 0.00 0.0 0 8.4 18 280 M M 4 22 210
2 81 62 72 8 0 7 0.13 0.0 0 6.4 17 30 M M 8 1 23 50
3 74 57 66 1 0 1 0.42 0.0 0 10.6 24 300 M M 6 13 30 310
4 74 54 64 -1 1 0 T 0.0 0 7.6 14 350 M M 4 20 340
5 78 48 63 -2 2 0 0.00 0.0 0 5.8 16 80 M M 0 19 100
6 72 58 65 0 0 0 T 0.0 0 11.2 20 20 M M 6 25 10
7 67 50 59 -6 6 0 0.02 0.0 0 12.9 25 20 M M 3 34 20
8 69 50 60 -5 5 0 0.00 0.0 0 11.4 21 40 M M 2 27 20
9 76 53 65 -1 0 0 0.00 0.0 0 9.4 17 50 M M 3 29 80
10 77 52 65 -1 0 0 0.00 0.0 0 8.1 21 100 M M 3 26 100
11 79 55 67 1 0 2 0.00 0.0 0 7.3 17 110 M M 0 26 140
12 80 55 68 2 0 3 0.00 0.0 0 4.2 15 80 M M 0 20 70
13 82 54 68 2 0 3 0.00 0.0 0 4.6 14 100 M M 0 1 19 100
14 84 56 70 4 0 5 0.00 0.0 0 4.0 15 90 M M 0 17 90
15 84 60 72 6 0 7 0.00 0.0 0 5.8 18 80 M M 1 1 23 70
16 86 61 74 7 0 9 0.00 0.0 0 6.9 18 180 M M 2 24 170
17 89 64 77 10 0 12 0.00 0.0 0 6.6 18 190 M M 1 8 24 160
18 89 68 79 12 0 14 T 0.0 0 14.7 29 220 M M 3 37 220
19 73 57 65 -2 0 0 0.00 0.0 0 10.7 22 260 M M 1 27 260
20 64 52 58 -9 7 0 0.05 0.0 0 14.6 25 350 M M 8 1 32 340
21 59 50 55 -12 10 0 T 0.0 0 11.2 16 280 M M 10 18 21 340
22 71 57 64 -4 1 0 0.01 0.0 0 9.5 18 360 M M 10 1 23 360
23 80 61 71 3 0 6 0.00 0.0 0 4.7 14 110 M M 6 15 100
24 85 57 71 3 0 6 0.00 0.0 0 4.1 14 120 M M 0 17 180
25 91 63 77 9 0 12 0.00 0.0 0 8.9 17 130 M M 3 12 20 130
26 91 71 81 13 0 16 0.00 0.0 0 7.4 14 120 M M 4 20 180
27 92 69 81 13 0 16 0.00 0.0 0 8.8 16 110 M M 0 20 130
28 90 70 80 12 0 15 0.00 0.0 0 11.2 22 270 M M 3 26 270
29 79 65 72 3 0 7 0.00 0.0 0 8.0 17 40 M M 3 22 40
30 87 65 76 7 0 11 0.01 0.0 0 6.9 16 50 M M 5 3 19 60
31 91 71 81 12 0 16 T 0.0 0 6.1 21 120 M M 4 23 120
================================================================================
SM 2482 1836 32 183 0.64 0.0 258.0 M 103
================================================================================
AV 80.1 59.2 8.3 FASTST M M 3 MAX(MPH)
MISC ----> 29 220 37 220
================================================================================
NOTES:
# LAST OF SEVERAL OCCURRENCES
COLUMN 17 PEAK WIND IN M.P.H.
PRELIMINARY LOCAL CLIMATOLOGICAL DATA (WS FORM: F-6) , PAGE 2
STATION: SANFORD
MONTH: MARCH
YEAR: 2021
LATITUDE: 28 46 N
LONGITUDE: 81 15 W
[TEMPERATURE DATA] [PRECIPITATION DATA] SYMBOLS USED IN COLUMN 16
AVERAGE MONTHLY: 69.6 TOTAL FOR MONTH: 0.64 1 = FOG OR MIST
DPTR FM NORMAL: 3.0 DPTR FM NORMAL: -3.47 2 = FOG REDUCING VISIBILITY
HIGHEST: 92 ON 27 GRTST 24HR 0.55 ON 2- 3 TO 1/4 MILE OR LESS
LOWEST: 48 ON 5 3 = THUNDER
SNOW, ICE PELLETS, HAIL 4 = ICE PELLETS
TOTAL MONTH: 0.0 INCH 5 = HAIL
GRTST 24HR 0.0 6 = FREEZING RAIN OR DRIZZLE
GRTST DEPTH: 0 7 = DUSTSTORM OR SANDSTORM:
VSBY 1/2 MILE OR LESS
8 = SMOKE OR HAZE
[NO. OF DAYS WITH] [WEATHER - DAYS WITH] 9 = BLOWING SNOW
X = TORNADO
MAX 32 OR BELOW: 0 0.01 INCH OR MORE: 6
MAX 90 OR ABOVE: 5 0.10 INCH OR MORE: 2
MIN 32 OR BELOW: 0 0.50 INCH OR MORE: 0
MIN 0 OR BELOW: 0 1.00 INCH OR MORE: 0
[HDD (BASE 65) ]
TOTAL THIS MO. 32 CLEAR (SCALE 0-3) 18
DPTR FM NORMAL -26 PTCLDY (SCALE 4-7) 11
TOTAL FM JUL 1 468 CLOUDY (SCALE 8-10) 2
DPTR FM NORMAL -113
[CDD (BASE 65) ]
TOTAL THIS MO. 183
DPTR FM NORMAL 75 [PRESSURE DATA]
TOTAL FM JAN 1 367 HIGHEST SLP M ON M
DPTR FM NORMAL 163 LOWEST SLP 29.76 ON 18
[REMARKS]
#FINAL-03-21#