000
CXUS53 KSGF 010641
CLMSGF
CLIMATE REPORT
NATIONAL WEATHER SERVICE
1241 AM CST FRI MAR 01 2024
...................................
...THE SPRINGFIELD MO CLIMATE SUMMARY FOR THE MONTH OF FEBRUARY 2024...
CLIMATE NORMAL PERIOD: 1991 TO 2020
CLIMATE RECORD PERIOD: 1888 TO 2024
WEATHER OBSERVED NORMAL DEPART LAST YEAR`S
VALUE DATE(S) VALUE FROM VALUE
NORMAL
..............................................................
TEMPERATURE (F)
RECORD
HIGH 84 02/23/2017
02/01/1911
06/12/2215507
LOW -29 02/12/1899
HIGHEST 82 02/27 46 36 75
LOWEST 18 02/17 25 -7 12
AVG. MAXIMUM 59.5 49.5 10.0 54.9
AVG. MINIMUM 34.6 28.0 6.6
MEAN 47.1 38.7 8.4
DAYS MAX >= 90 0 0.0 0.0
DAYS MAX <= 32 1 3.3 -2.3
DAYS MIN <= 32 13 19.9 -6.9
DAYS MIN <= 0 0 0.3 -0.3
PRECIPITATION (INCHES)
RECORD
MAXIMUM 7.57 2018
MINIMUM 0.09 2006
TOTALS 0.99 2.40 -1.41 2.67
DAILY AVG. 0.03 NAN NAN
DAYS >= .01 6 7.7 -1.7
DAYS >= .10 3 4.7 -1.7
DAYS >= .50 0 1.6 -1.6
DAYS >= 1.00 0 0.5 -0.5
GREATEST
24 HR. TOTAL 0.61 02/03 TO 02/04 0.98
DEGREE DAYS
HEATING TOTAL 516 736 -220 599
SINCE 7/1 2974 3416 -442 MM
COOLING TOTAL 0 1 -1 0
SINCE 1/1 0 1 -1 MM
FREEZE DATES
RECORD
EARLIEST 05/19/1894
LATEST 09/24/1989
EARLIEST 10/30
LATEST 04/23
..............................................................
WIND (MPH)
AVERAGE WIND SPEED 10.4
RESULTANT WIND SPEED/DIRECTION 3/180
HIGHEST WIND SPEED/DIRECTION 36/210 DATE 02/08
HIGHEST GUST SPEED/DIRECTION 52/240 DATE 02/27
SKY COVER
POSSIBLE SUNSHINE (PERCENT) MM
AVERAGE SKY COVER 0.21
NUMBER OF DAYS FAIR 23
NUMBER OF DAYS PC 4
NUMBER OF DAYS CLOUDY 2
AVERAGE RH (PERCENT) 59
WEATHER CONDITIONS. NUMBER OF DAYS WITH
THUNDERSTORM 1 MIXED PRECIP 0
HEAVY RAIN 1 RAIN 2
LIGHT RAIN 4 FREEZING RAIN 1
LT FREEZING RAIN 1 HAIL 0
HEAVY SNOW 0 SNOW 1
LIGHT SNOW 3 SLEET 0
FOG 6 FOG W/VIS <= 1/4 MILE 0
HAZE 0
- INDICATES NEGATIVE NUMBERS.
R INDICATES RECORD WAS SET OR TIED.
MM INDICATES DATA IS MISSING.
T INDICATES TRACE AMOUNT.
$$