000
CXUS54 KHGX 011410
CF6SGR
PRELIMINARY LOCAL CLIMATOLOGICAL DATA (WS FORM: F-6)
STATION: SUGAR LAND/HULL FLD
MONTH: APRIL
YEAR: 2022
LATITUDE: 29 37 N
LONGITUDE: 95 39 W
TEMPERATURE IN F: :PCPN: SNOW: WIND :SUNSHINE: SKY :PK WND
================================================================================
1 2 3 4 5 6A 6B 7 8 9 10 11 12 13 14 15 16 17 18
12Z AVG MX 2MIN
DY MAX MIN AVG DEP HDD CDD WTR SNW DPTH SPD SPD DIR MIN PSBL S-S WX SPD DR
================================================================================
1 80 52 66 -2 0 1 0.00 0.0 0 10.0 23 120 M M 0 26 140
2 86 61 74 6 0 9 0.00 0.0 0 5.0 13 360 M M 5 18 21 340
3 85 63 74 6 0 9 0.00 0.0 0 8.9 21 150 M M 3 18 26 140
4 79 69 74 6 0 9 T 0.0 0 9.4 20 140 M M 10 18 26 130
5 91 74 83 15 0 18 0.00 0.0 0 8.6 18 170 M M 7 18 24 170
6 84 64 74 6 0 9 0.00 0.0 0 13.4 25 350 M M 5 18 37 340
7 78 47 63 -5 2 0 0.00 0.0 0 11.4 24 350 M M 0 35 350
8 78 47 63 -6 2 0 0.00 0.0 0 9.3 24 330 M M 2 34 340
9 87 45 66 -3 0 1 0.00 0.0 0 8.9 20 180 M M 0 28 220
10 84 63 74 5 0 9 T 0.0 0 15.7 30 170 M M 6 43 170
11 86 72 79 10 0 14 T 0.0 0 14.3 26 140 M M 9 3 34 160
12 85 75 80 11 0 15 T 0.0 0 16.3 33 160 M M 10 3 45 170
13 85 72 79 9 0 14 0.05 0.0 0 12.2 23 180 M M 7 1 32 170
14 85 63 74 4 0 9 0.00 0.0 M 12.3 21 100 M M 1 32 70
15 85 69 77 7 0 12 T 0.0 0 9.6 21 180 M M 8 18 26 180
16 83 73 78 8 0 13 T 0.0 0 8.0 16 190 M M 8 18 23 190
17 88 71 80 10 0 15 0.00 0.0 0 6.2 17 180 M M 7 18 24 170
18 85 67 76 5 0 11 0.00 0.0 0 10.3 18 40 M M 0 1 26 40
19 80 60 70 -1 0 5 0.00 0.0 0 14.6 24 140 M M 5 34 130
20 87 72 80 9 0 15 T 0.0 0 16.1 29 170 M M 10 37 180
21 89 74 82 11 0 17 0.00 0.0 0 14.2 24 140 M M 8 31 140
22 87 73 80 8 0 15 0.00 0.0 0 14.9 23 130 M M 8 32 150
23 88 72 80 8 0 15 0.00 0.0 0 14.8 24 160 M M 7 34 150
24 90 71 81 9 0 16 0.00 0.0 0 13.8 24 160 M M 8 33 150
25 89 65 77 5 0 12 1.40 0.0 0 10.9 30 20 M M 8 13 38 20
26 81 66 74 2 0 9 0.00 0.0 0 8.8 17 40 M M 8 27 60
27 84 65 75 2 0 10 0.00 0.0 0 8.2 16 150 M M 1 20 150
28 86 66 76 3 0 11 0.00 0.0 0 11.0 21 150 M M 3 1 26 170
29 87 69 78 5 0 13 0.00 0.0 0 12.5 22 170 M M 4 30 180
30 90 71 81 7 0 16 T 0.0 0 9.0 17 180 M M 6 23 190
================================================================================
SM 2552 1971 4 322 1.45 0.0 338.6 M 164
================================================================================
AV 85.1 65.7 11.3 FASTST M M 5 MAX(MPH)
MISC ----> 33 160 45 170
================================================================================
NOTES:
# LAST OF SEVERAL OCCURRENCES
COLUMN 17 PEAK WIND IN M.P.H.
PRELIMINARY LOCAL CLIMATOLOGICAL DATA (WS FORM: F-6) , PAGE 2
STATION: SUGAR LAND/HULL FLD
MONTH: APRIL
YEAR: 2022
LATITUDE: 29 37 N
LONGITUDE: 95 39 W
[TEMPERATURE DATA] [PRECIPITATION DATA] SYMBOLS USED IN COLUMN 16
AVERAGE MONTHLY: 75.4 TOTAL FOR MONTH: 1.45 1 = FOG OR MIST
DPTR FM NORMAL: 5.1 DPTR FM NORMAL: -2.81 2 = FOG REDUCING VISIBILITY
HIGHEST: 91 ON 5 GRTST 24HR 1.40 ON 25-25 TO 1/4 MILE OR LESS
LOWEST: 45 ON 9 3 = THUNDER
SNOW, ICE PELLETS, HAIL 4 = ICE PELLETS
TOTAL MONTH: 0.0 INCH 5 = HAIL
GRTST 24HR 0.0 6 = FREEZING RAIN OR DRIZZLE
GRTST DEPTH: 0 7 = DUSTSTORM OR SANDSTORM:
VSBY 1/2 MILE OR LESS
8 = SMOKE OR HAZE
[NO. OF DAYS WITH] [WEATHER - DAYS WITH] 9 = BLOWING SNOW
X = TORNADO
MAX 32 OR BELOW: 0 0.01 INCH OR MORE: 2
MAX 90 OR ABOVE: 3 0.10 INCH OR MORE: 1
MIN 32 OR BELOW: 0 0.50 INCH OR MORE: 1
MIN 0 OR BELOW: 0 1.00 INCH OR MORE: 1
[HDD (BASE 65) ]
TOTAL THIS MO. 4 CLEAR (SCALE 0-3) 8
DPTR FM NORMAL -23 PTCLDY (SCALE 4-7) 17
TOTAL FM JUL 1 954 CLOUDY (SCALE 8-10) 5
DPTR FM NORMAL -190
[CDD (BASE 65) ]
TOTAL THIS MO. 322
DPTR FM NORMAL 137 [PRESSURE DATA]
TOTAL FM JAN 1 455 HIGHEST SLP 30.28 ON 26
DPTR FM NORMAL 109 LOWEST SLP 29.56 ON 5
[REMARKS]
#FINAL-04-22#