000
CXUS54 KHGX 011535
CF6SGR
PRELIMINARY LOCAL CLIMATOLOGICAL DATA (WS FORM: F-6)
STATION: SUGAR LAND/HULL FLD
MONTH: FEBRUARY
YEAR: 2022
LATITUDE: 29 37 N
LONGITUDE: 95 39 W
TEMPERATURE IN F: :PCPN: SNOW: WIND :SUNSHINE: SKY :PK WND
================================================================================
1 2 3 4 5 6A 6B 7 8 9 10 11 12 13 14 15 16 17 18
12Z AVG MX 2MIN
DY MAX MIN AVG DEP HDD CDD WTR SNW DPTH SPD SPD DIR MIN PSBL S-S WX SPD DR
================================================================================
1 70 57 64 8 1 0 0.03 0.0 0 6.6 17 100 M M 8 18 26 120
2 76 48 62 6 3 0 0.01 0.0 0 7.1 22 330 M M 9 128 34 330
3 48 30 39 -18 26 0 0.34 0.0 0 16.7 25 340 M M 10 18 40 340
4 36 27 32 -25 33 0 0.00 0.0 0 15.2 25 350 M M 10 34 340
5 53 27 40 -17 25 0 0.00 0.0 0 3.9 15 10 M M 0 20 10
6 62 29 46 -11 19 0 0.00 0.0 0 3.5 10 140 M M 3 14 140
7 66 42 54 -3 11 0 0.00 0.0 0 7.2 18 10 M M 0 23 360
8 67 33 50 -8 15 0 0.00 0.0 0 3.2 13 160 M M 0 16 150
9 72 35 54 -4 11 0 0.00 0.0 0 4.2 16 270 M M 0 18 19 260
10 74 39 57 -1 8 0 0.00 0.0 0 3.5 12 160 M M 0 18 14 150
11 76 42 59 1 6 0 0.00 0.0 0 5.3 16 170 M M 0 128 22 150
12 64 38 51 -7 14 0 T 0.0 0 12.5 33 10 M M 7 128 53 360
13 63 30 47 -11 18 0 0.00 0.0 0 5.4 13 350 M M 0 22 310
14 71 35 53 -6 12 0 0.00 0.0 0 5.9 17 140 M M 0 22 140
15 77 48 63 4 2 0 0.00 0.0 0 10.8 25 150 M M 6 32 160
16 78 61 70 11 0 5 0.02 0.0 0 13.5 28 170 M M 10 1 39 170
17 82 42 62 3 3 0 0.03 0.0 0 15.9 26 330 M M 5 1 40 350
18 60 37 49 -10 16 0 0.00 0.0 0 11.4 23 350 M M 1 34 360
19 69 40 55 -5 10 0 0.00 0.0 0 5.8 13 160 M M 0 18 60
20 71 45 58 -2 7 0 T 0.0 0 6.1 17 150 M M 9 18 20 160
21 85 63 74 14 0 9 0.01 0.0 0 16.2 26 210 M M 8 1 42 190
22 80 69 75 15 0 10 0.01 0.0 0 11.4 25 180 M M 10 18 37 160
23 70 39 55 -5 10 0 T 0.0 0 12.9 20 360 M M 10 18 25 340
24 47 38 43 -18 22 0 T 0.0 0 10.0 20 360 M M 10 18 26 360
25 48 40 44 -17 21 0 T 0.0 0 13.8 20 10 M M 10 26 20
26 46 43 45 -16 20 0 0.06 0.0 0 10.1 16 30 M M 10 18 21 10
27 63 42 53 -8 12 0 T 0.0 0 10.9 20 350 M M 6 18 25 350
28 68 34 51 -11 14 0 0.00 0.0 0 3.4 13 70 M M 0 17 60
================================================================================
SM 1842 1153 339 24 0.51 0.0 252.4 M 142
================================================================================
AV 65.8 41.2 9.0 FASTST M M 5 MAX(MPH)
MISC ----> 33 10 53 360
================================================================================
NOTES:
# LAST OF SEVERAL OCCURRENCES
COLUMN 17 PEAK WIND IN M.P.H.
PRELIMINARY LOCAL CLIMATOLOGICAL DATA (WS FORM: F-6) , PAGE 2
STATION: SUGAR LAND/HULL FLD
MONTH: FEBRUARY
YEAR: 2022
LATITUDE: 29 37 N
LONGITUDE: 95 39 W
[TEMPERATURE DATA] [PRECIPITATION DATA] SYMBOLS USED IN COLUMN 16
AVERAGE MONTHLY: 53.5 TOTAL FOR MONTH: 0.51 1 = FOG OR MIST
DPTR FM NORMAL: -5.3 DPTR FM NORMAL: -2.32 2 = FOG REDUCING VISIBILITY
HIGHEST: 85 ON 21 GRTST 24HR 0.73 ON 31- 1 TO 1/4 MILE OR LESS
LOWEST: 27 ON 5, 4 3 = THUNDER
SNOW, ICE PELLETS, HAIL 4 = ICE PELLETS
TOTAL MONTH: 0.0 INCH 5 = HAIL
GRTST 24HR 0.0 6 = FREEZING RAIN OR DRIZZLE
GRTST DEPTH: 0 7 = DUSTSTORM OR SANDSTORM:
VSBY 1/2 MILE OR LESS
8 = SMOKE OR HAZE
[NO. OF DAYS WITH] [WEATHER - DAYS WITH] 9 = BLOWING SNOW
X = TORNADO
MAX 32 OR BELOW: 0 0.01 INCH OR MORE: 8
MAX 90 OR ABOVE: 0 0.10 INCH OR MORE: 1
MIN 32 OR BELOW: 5 0.50 INCH OR MORE: 0
MIN 0 OR BELOW: 0 1.00 INCH OR MORE: 0
[HDD (BASE 65) ]
TOTAL THIS MO. 339 CLEAR (SCALE 0-3) 11
DPTR FM NORMAL 126 PTCLDY (SCALE 4-7) 7
TOTAL FM JUL 1 837 CLOUDY (SCALE 8-10) 10
DPTR FM NORMAL -173
[CDD (BASE 65) ]
TOTAL THIS MO. 24
DPTR FM NORMAL -16 [PRESSURE DATA]
TOTAL FM JAN 1 43 HIGHEST SLP 30.64 ON 5
DPTR FM NORMAL -16 LOWEST SLP 29.76 ON 2
[REMARKS]
#FINAL-02-22#