000
CXUS54 KHGX 062221
CF6SGR
PRELIMINARY LOCAL CLIMATOLOGICAL DATA (WS FORM: F-6)
STATION: SUGAR LAND/HULL FLD
MONTH: AUGUST
YEAR: 2021
LATITUDE: 29 37 N
LONGITUDE: 95 39 W
TEMPERATURE IN F: :PCPN: SNOW: WIND :SUNSHINE: SKY :PK WND
================================================================================
1 2 3 4 5 6A 6B 7 8 9 10 11 12 13 14 15 16 17 18
12Z AVG MX 2MIN
DY MAX MIN AVG DEP HDD CDD WTR SNW DPTH SPD SPD DIR MIN PSBL S-S WX SPD DR
================================================================================
1 96 79 88 2 0 23 0.00 0.0 0 6.5 17 180 M M 1 20 180
2 94 79 87 1 0 22 T 0.0 0 6.1 17 270 M M 2 23 270
3 94 79 87 1 0 22 0.17 0.0 0 4.3 15 80 M M 7 13 19 80
4 90 78 84 -2 0 19 0.01 0.0 0 5.7 13 160 M M 8 15 160
5 88 78 83 -3 0 18 0.01 0.0 0 7.1 15 130 M M 7 3 19 140
6 94 76 85 -1 0 20 0.27 0.0 0 3.5 18 130 M M 4 13 25 130
7 94 77 86 0 0 21 0.18 0.0 0 7.1 21 230 M M 1 3 26 230
8 96 79 88 2 0 23 T 0.0 0 10.8 21 170 M M 1 3 26 180
9 97 82 90 4 0 25 0.02 0.0 0 10.4 22 170 M M 2 25 170
10 97 81 89 3 0 24 T 0.0 0 9.2 20 160 M M 2 3 26 160
11 96 81 89 3 0 24 T 0.0 0 8.8 22 140 M M 1 3 26 140
12 97 76 87 1 0 22 T 0.0 0 5.9 21 180 M M 2 3 24 170
13 95 76 86 1 0 21 T 0.0 0 3.7 13 90 M M 1 3 16 80
14 96 76 86 1 0 21 T 0.0 0 4.6 18 110 M M 2 3 24 110
15 97 76 87 2 0 22 2.83 0.0 0 2.7 30 290 M M 2 13 39 310
16 95 76 86 1 0 21 0.45 0.0 0 2.9 20 70 M M 1 13 24 80
17 95 76 86 1 0 21 0.00 0.0 0 6.2 16 170 M M 1 1 20 160
18 92 80 86 1 0 21 0.29 0.0 0 5.3 17 130 M M 3 138 21 130
19 96 82 89 4 0 24 0.00 0.0 0 8.4 17 150 M M 1 21 150
20 95 80 88 3 0 23 0.00 0.0 0 8.1 17 170 M M 1 21 150
21 96 78 87 2 0 22 0.00 0.0 0 6.6 16 160 M M 2 20 160
22 96 75 86 2 0 21 0.00 0.0 0 4.5 15 170 M M 1 1 18 150
23 98 74 86 2 0 21 T 0.0 0 3.7 16 160 M M 1 1 21 150
24 97 77 87 3 0 22 0.00 0.0 0 4.6 16 150 M M 1 1 19 120
25 97 78 88 4 0 23 T 0.0 0 1.7 16 350 M M 1 3 19 20
26 96 78 87 3 0 22 0.40 0.0 0 3.8 18 90 M M 3 3 22 160
27 92 78 85 1 0 20 T 0.0 0 5.9 16 110 M M 3 3 20 120
28 93 77 85 1 0 20 0.00 0.0 0 5.3 15 80 M M 1 3 21 80
29 96 78 87 3 0 22 0.00 0.0 0 5.5 18 30 M M 1 22 30
30 98 78 88 5 0 23 0.00 0.0 0 5.6 15 350 M M 2 20 360
31 97 78 88 5 0 23 0.00 0.0 0 5.7 16 170 M M 2 21 210
================================================================================
SM 2950 2416 0 676 4.63 0.0 180.2 M 68
================================================================================
AV 95.2 77.9 5.8 FASTST M M 2 MAX(MPH)
MISC ----> 30 290 39 310
================================================================================
NOTES:
# LAST OF SEVERAL OCCURRENCES
COLUMN 17 PEAK WIND IN M.P.H.
PRELIMINARY LOCAL CLIMATOLOGICAL DATA (WS FORM: F-6) , PAGE 2
STATION: SUGAR LAND/HULL FLD
MONTH: AUGUST
YEAR: 2021
LATITUDE: 29 37 N
LONGITUDE: 95 39 W
[TEMPERATURE DATA] [PRECIPITATION DATA] SYMBOLS USED IN COLUMN 16
AVERAGE MONTHLY: 86.5 TOTAL FOR MONTH: 4.63 1 = FOG OR MIST
DPTR FM NORMAL: 1.5 DPTR FM NORMAL: -0.64 2 = FOG REDUCING VISIBILITY
HIGHEST: 98 ON 30,23 GRTST 24HR 2.83 ON 15-15 TO 1/4 MILE OR LESS
LOWEST: 74 ON 23 3 = THUNDER
SNOW, ICE PELLETS, HAIL 4 = ICE PELLETS
TOTAL MONTH: 0.0 INCH 5 = HAIL
GRTST 24HR 0.0 6 = FREEZING RAIN OR DRIZZLE
GRTST DEPTH: 0 7 = DUSTSTORM OR SANDSTORM:
VSBY 1/2 MILE OR LESS
8 = SMOKE OR HAZE
[NO. OF DAYS WITH] [WEATHER - DAYS WITH] 9 = BLOWING SNOW
X = TORNADO
MAX 32 OR BELOW: 0 0.01 INCH OR MORE: 10
MAX 90 OR ABOVE: 30 0.10 INCH OR MORE: 7
MIN 32 OR BELOW: 0 0.50 INCH OR MORE: 1
MIN 0 OR BELOW: 0 1.00 INCH OR MORE: 1
[HDD (BASE 65) ]
TOTAL THIS MO. 0 CLEAR (SCALE 0-3) 27
DPTR FM NORMAL 0 PTCLDY (SCALE 4-7) 3
TOTAL FM JUL 1 0 CLOUDY (SCALE 8-10) 1
DPTR FM NORMAL 0
[CDD (BASE 65) ]
TOTAL THIS MO. 676
DPTR FM NORMAL 58 [PRESSURE DATA]
TOTAL FM JAN 1 2696 HIGHEST SLP 30.13 ON 13
DPTR FM NORMAL 156 LOWEST SLP 29.71 ON 30
[REMARKS]
#FINAL-08-21#