846
CXUS54 KHGX 011524
CF6SGR
PRELIMINARY LOCAL CLIMATOLOGICAL DATA (WS FORM: F-6)
STATION: SUGAR LAND/HULL FLD
MONTH: DECEMBER
YEAR: 2020
LATITUDE: 29 37 N
LONGITUDE: 95 39 W
TEMPERATURE IN F: :PCPN: SNOW: WIND :SUNSHINE: SKY :PK WND
================================================================================
1 2 3 4 5 6A 6B 7 8 9 10 11 12 13 14 15 16 17 18
12Z AVG MX 2MIN
DY MAX MIN AVG DEP HDD CDD WTR SNW DPTH SPD SPD DIR MIN PSBL S-S WX SPD DR
================================================================================
1 66 30 48 -9 17 0 0.00 0.0 0 6.9 20 150 M M 1 1 25 150
2 71 52 62 5 3 0 0.56 0.0 0 9.3 26 340 M M 10 1 35 320
3 58 43 51 -5 14 0 0.00 0.0 0 11.0 22 350 M M 6 30 360
4 59 40 50 -6 15 0 0.00 0.0 0 5.5 15 20 M M 0 18 20
5 56 37 47 -9 18 0 0.02 0.0 0 3.0 12 220 M M 6 1 15 30
6 65 41 53 -3 12 0 0.02 0.0 0 5.2 15 300 M M 2 12 22 290
7 68 39 54 -1 11 0 0.00 0.0 0 4.5 16 360 M M 0 20 360
8 75 37 56 1 9 0 0.00 M M 3.2 9 280 M M 0 12 250
9 79 42 61 6 4 0 0.00 0.0 M 3.8 15 260 M M 0 1 20 240
10 79 45 62 7 3 0 0.00 0.0 M 6.1 17 180 M M 1 12 23 170
11 75 59 67 12 0 2 0.37 0.0 M 6.3 20 170 M M 7 12 23 170
12 67 57 62 8 3 0 T 0.0 0 6.3 12 40 M M 7 12 15 330
13 75 45 60 6 5 0 1.87 0.0 0 12.7 35 310 M M 9 123 47 300
14 52 43 48 -6 17 0 0.00 0.0 0 9.0 25 340 M M 9 35 330
15 54 46 50 -4 15 0 0.02 0.0 0 7.9 15 340 M M 9 18 25 200
16 54 38 46 -8 19 0 0.00 0.0 0 8.4 18 330 M M 2 23 330
17 60 31 46 -8 19 0 0.00 0.0 0 2.4 8 140 M M 0 1 9 150
18 67 36 52 -2 13 0 T 0.0 0 7.4 23 160 M M 6 1 28 150
19 70 54 62 9 3 0 1.66 0.0 0 6.4 29 330 M M 9 123 39 340
20 68 45 57 4 8 0 0.00 0.0 0 3.6 13 340 M M 0 12 16 330
21 73 43 58 5 7 0 0.00 0.0 0 4.0 12 220 M M 0 1 16 240
22 73 47 60 7 5 0 0.00 0.0 0 6.8 17 140 M M 3 12 21 150
23 82 57 70 17 0 5 0.07 0.0 0 12.3 25 350 M M 8 13 35 360
24 57 38 48 -5 17 0 0.00 0.0 0 14.6 31 350 M M 2 41 340
25 67 35 51 -2 14 0 0.00 0.0 M 4.0 9 60 M M 0 13 250
26 69 41 55 2 10 0 0.00 0.0 0 6.0 13 190 M M 0 17 190
27 63 10 37 -15 28 0 0.00 0.0 0 13.6 23 180 M M 2 M M
28 77 62 70 18 0 5 0.00 0.0 0 9.6 18 140 M M 6 22 150
29 76 61 69 17 0 4 T 0.0 0 14.8 26 140 M M 6 34 160
30 80 56 68 16 0 3 0.78 0.0 0 10.0 25 170 M M 8 123 32 160
31 70 44 57 5 8 0 1.04 0.0 0 10.9 24 250 M M 10 13 32 250
================================================================================
SM 2105 1354 297 19 6.41 0.0 235.5 M 129
================================================================================
AV 67.9 43.7 7.6 FASTST M M 4 MAX(MPH)
MISC ----> 35 310 47 300
================================================================================
NOTES:
# LAST OF SEVERAL OCCURRENCES
COLUMN 17 PEAK WIND IN M.P.H.
PRELIMINARY LOCAL CLIMATOLOGICAL DATA (WS FORM: F-6) , PAGE 2
STATION: SUGAR LAND/HULL FLD
MONTH: DECEMBER
YEAR: 2020
LATITUDE: 29 37 N
LONGITUDE: 95 39 W
[TEMPERATURE DATA] [PRECIPITATION DATA] SYMBOLS USED IN COLUMN 16
AVERAGE MONTHLY: 55.8 TOTAL FOR MONTH: 6.41 1 = FOG OR MIST
DPTR FM NORMAL: 1.7 DPTR FM NORMAL: 2.81 2 = FOG REDUCING VISIBILITY
HIGHEST: 82 ON 23 GRTST 24HR 1.87 ON 13-13 TO 1/4 MILE OR LESS
LOWEST: 10 ON 27 3 = THUNDER
SNOW, ICE PELLETS, HAIL 4 = ICE PELLETS
TOTAL MONTH: 0.0 INCH 5 = HAIL
GRTST 24HR 0.0 6 = FREEZING RAIN OR DRIZZLE
GRTST DEPTH: 0 7 = DUSTSTORM OR SANDSTORM:
VSBY 1/2 MILE OR LESS
8 = SMOKE OR HAZE
[NO. OF DAYS WITH] [WEATHER - DAYS WITH] 9 = BLOWING SNOW
X = TORNADO
MAX 32 OR BELOW: 0 0.01 INCH OR MORE: 10
MAX 90 OR ABOVE: 0 0.10 INCH OR MORE: 6
MIN 32 OR BELOW: 3 0.50 INCH OR MORE: 5
MIN 0 OR BELOW: 0 1.00 INCH OR MORE: 3
[HDD (BASE 65) ]
TOTAL THIS MO. 297 CLEAR (SCALE 0-3) 16
DPTR FM NORMAL -65 PTCLDY (SCALE 4-7) 8
TOTAL FM JUL 1 393 CLOUDY (SCALE 8-10) 7
DPTR FM NORMAL -154
[CDD (BASE 65) ]
TOTAL THIS MO. 19
DPTR FM NORMAL -4 [PRESSURE DATA]
TOTAL FM JAN 1 3612 HIGHEST SLP 30.40 ON 24
DPTR FM NORMAL 672 LOWEST SLP 29.56 ON 31
[REMARKS]
#FINAL-12-20#