000
CXUS54 KHGX 251632
CF6SGR
PRELIMINARY LOCAL CLIMATOLOGICAL DATA (WS FORM: F-6)
STATION: SUGAR LAND/HULL FLD
MONTH: AUGUST
YEAR: 2020
LATITUDE: 29 37 N
LONGITUDE: 95 39 W
TEMPERATURE IN F: :PCPN: SNOW: WIND :SUNSHINE: SKY :PK WND
================================================================================
1 2 3 4 5 6A 6B 7 8 9 10 11 12 13 14 15 16 17 18
12Z AVG MX 2MIN
DY MAX MIN AVG DEP HDD CDD WTR SNW DPTH SPD SPD DIR MIN PSBL S-S WX SPD DR
================================================================================
1 86 72 79 -7 0 14 0.68 0.0 0 4.5 20 170 M M 4 13 23 360
2 94 72 83 -3 0 18 0.04 0.0 0 3.4 16 300 M M 1 13 21 290
3 96 73 85 -1 0 20 0.00 0.0 0 3.4 13 190 M M 2 1 17 190
4 95 78 87 1 0 22 T 0.0 0 5.2 22 160 M M 1 3 27 140
5 94 75 85 -1 0 20 T 0.0 0 5.5 14 200 M M 1 17 190
6 94 75 85 -1 0 20 0.00 0.0 0 7.0 16 160 M M 1 21 180
7 95 76 86 0 0 21 0.00 0.0 0 6.4 15 170 M M 1 19 160
8 94 75 85 -1 0 20 0.00 0.0 0 5.4 17 150 M M 1 1 21 140
9 95 77 86 0 0 21 1.02 0.0 0 7.5 36 190 M M 1 13 43 180
10 94 77 86 0 0 21 0.00 0.0 0 8.3 18 160 M M 1 8 21 140
11 96 79 88 2 0 23 0.00 0.0 0 8.4 17 170 M M 1 22 190
12 97 78 88 2 0 23 0.00 0.0 0 7.8 17 180 M M 1 21 180
13 96 76 86 1 0 21 0.00 0.0 0 6.1 13 180 M M 1 17 170
14 98 76 87 2 0 22 0.00 0.0 0 7.9 17 190 M M 1 21 230
15 98 78 88 3 0 23 0.00 0.0 0 6.7 15 190 M M 0 20 200
16 99 76 88 3 0 23 0.00 0.0 0 4.4 14 160 M M 0 1 16 150
17 94 73 84 -1 0 19 T 0.0 0 6.5 33 20 M M 1 3 40 30
18 99 72 86 1 0 21 0.00 0.0 0 4.7 15 160 M M 2 13 19 150
19 98 72 85 0 0 20 0.00 0.0 0 4.3 13 60 M M 0 18 360
20 97 71 84 -1 0 19 T 0.0 0 5.1 20 170 M M 1 23 160
21 95 73 84 -1 0 19 0.04 0.0 0 4.4 25 210 M M 2 13 33 210
22 92 72 82 -2 0 17 0.54 0.0 0 2.5 18 130 M M 2 13 26 120
23 94 73 84 0 0 19 0.00 0.0 0 5.6 14 140 M M 1 18 18 110
24 93 75 84 0 0 19 0.00 0.0 0 6.0 16 40 M M 1 19 30
25 98 74 86 2 0 21 T 0.0 0 8.1 20 60 M M 1 24 60
26 94 80 87 3 0 22 0.03 0.0 0 12.5 23 40 M M 4 28 60
27 97 76 87 3 0 22 0.00 0.0 0 7.2 15 200 M M 1 21 190
28 99 82 91 7 0 26 0.01 0.0 0 10.0 20 170 M M 3 138 24 200
29 98 77 88 4 0 23 0.00 0.0 0 7.2 15 160 M M 1 3 21 180
30 96 78 87 4 0 22 0.42 0.0 0 6.8 21 220 M M 2 1 25 220
31 97 82 90 7 0 25 0.00 0.0 0 11.2 22 180 M M 3 26 150
================================================================================
SM 2962 2343 0 646 2.78 0.0 200.0 M 43
================================================================================
AV 95.5 75.6 6.5 FASTST M M 1 MAX(MPH)
MISC ----> 36 190 43 180
================================================================================
NOTES:
# LAST OF SEVERAL OCCURRENCES
COLUMN 17 PEAK WIND IN M.P.H.
PRELIMINARY LOCAL CLIMATOLOGICAL DATA (WS FORM: F-6) , PAGE 2
STATION: SUGAR LAND/HULL FLD
MONTH: AUGUST
YEAR: 2020
LATITUDE: 29 37 N
LONGITUDE: 95 39 W
[TEMPERATURE DATA] [PRECIPITATION DATA] SYMBOLS USED IN COLUMN 16
AVERAGE MONTHLY: 85.6 TOTAL FOR MONTH: 2.78 1 = FOG OR MIST
DPTR FM NORMAL: 0.6 DPTR FM NORMAL: -2.49 2 = FOG REDUCING VISIBILITY
HIGHEST: 99 ON 28,18 GRTST 24HR 1.02 ON 9- 9 TO 1/4 MILE OR LESS
LOWEST: 71 ON 20 3 = THUNDER
SNOW, ICE PELLETS, HAIL 4 = ICE PELLETS
TOTAL MONTH: 0.0 INCH 5 = HAIL
GRTST 24HR 0.0 6 = FREEZING RAIN OR DRIZZLE
GRTST DEPTH: 0 7 = DUSTSTORM OR SANDSTORM:
VSBY 1/2 MILE OR LESS
8 = SMOKE OR HAZE
[NO. OF DAYS WITH] [WEATHER - DAYS WITH] 9 = BLOWING SNOW
X = TORNADO
MAX 32 OR BELOW: 0 0.01 INCH OR MORE: 8
MAX 90 OR ABOVE: 30 0.10 INCH OR MORE: 4
MIN 32 OR BELOW: 0 0.50 INCH OR MORE: 3
MIN 0 OR BELOW: 0 1.00 INCH OR MORE: 1
[HDD (BASE 65) ]
TOTAL THIS MO. 0 CLEAR (SCALE 0-3) 28
DPTR FM NORMAL 0 PTCLDY (SCALE 4-7) 3
TOTAL FM JUL 1 0 CLOUDY (SCALE 8-10) 0
DPTR FM NORMAL 0
[CDD (BASE 65) ]
TOTAL THIS MO. 646
DPTR FM NORMAL 28 [PRESSURE DATA]
TOTAL FM JAN 1 2698 HIGHEST SLP M ON M
DPTR FM NORMAL 158 LOWEST SLP 29.66 ON 27
[REMARKS]
#FINAL-08-20#