000
CXUS54 KHGX 251619
CF6SGR
PRELIMINARY LOCAL CLIMATOLOGICAL DATA (WS FORM: F-6)
STATION: SUGAR LAND/HULL FLD
MONTH: JUNE
YEAR: 2020
LATITUDE: 29 37 N
LONGITUDE: 95 39 W
TEMPERATURE IN F: :PCPN: SNOW: WIND :SUNSHINE: SKY :PK WND
================================================================================
1 2 3 4 5 6A 6B 7 8 9 10 11 12 13 14 15 16 17 18
12Z AVG MX 2MIN
DY MAX MIN AVG DEP HDD CDD WTR SNW DPTH SPD SPD DIR MIN PSBL S-S WX SPD DR
================================================================================
1 86 73 80 -2 0 15 0.00 0.0 0 7.0 14 150 M M 3 1 16 130
2 90 71 81 -1 0 16 0.00 0.0 0 7.1 16 150 M M 0 1 19 130
3 90 72 81 -1 0 16 0.41 0.0 0 4.6 16 240 M M 2 13 22 210
4 93 71 82 0 0 17 0.38 0.0 0 4.8 22 130 M M 2 12 28 130
5 92 72 82 0 0 17 0.00 0.0 0 3.5 15 160 M M 2 1 17 170
6 96 73 85 3 0 20 T 0.0 0 6.0 23 10 M M 2 13 29 10
7 95 74 85 3 0 20 0.00 0.0 0 8.2 17 10 M M 2 22 360
8 94 75 85 2 0 20 0.00 0.0 0 7.4 17 180 M M 2 23 190
9 95 79 87 4 0 22 0.00 0.0 0 9.0 15 170 M M 2 20 190
10 93 66 80 -3 0 15 0.01 0.0 0 9.0 28 20 M M 3 1 35 20
11 93 66 80 -3 0 15 0.00 0.0 0 6.5 16 50 M M 0 19 80
12 91 67 79 -4 0 14 0.00 0.0 0 7.9 18 50 M M 0 23 50
13 92 67 80 -3 0 15 0.00 0.0 0 8.2 21 70 M M 0 27 50
14 93 67 80 -3 0 15 0.00 0.0 0 8.1 17 140 M M 1 22 150
15 93 73 83 0 0 18 0.00 0.0 0 7.8 18 140 M M 1 25 140
16 93 70 82 -1 0 17 0.00 0.0 0 6.0 17 160 M M 0 1 26 170
17 94 68 81 -3 0 16 0.00 0.0 0 6.4 17 150 M M 1 1 26 140
18 93 69 81 -3 0 16 0.00 0.0 0 8.8 20 160 M M 1 27 170
19 92 73 83 -1 0 18 0.00 0.0 0 10.2 24 140 M M 2 3 28 140
20 90 75 83 -1 0 18 0.32 0.0 0 6.0 18 160 M M 5 13 23 170
21 91 74 83 -1 0 18 0.93 0.0 0 8.5 26 180 M M 2 13 33 190
22 85 72 79 -5 0 14 1.53 0.0 0 7.4 31 240 M M 5 13 43 230
23 89 72 81 -3 0 16 T 0.0 0 8.2 21 170 M M 3 24 160
24 89 72 81 -3 0 16 0.86 0.0 0 6.8 21 220 M M 7 13 27 230
25 88 74 81 -3 0 16 0.96 0.0 0 7.2 25 180 M M 5 13 31 170
26 87 77 82 -2 0 17 0.02 0.0 0 8.5 16 150 M M 10 18 20 170
27 91 79 85 1 0 20 0.00 0.0 0 10.5 18 170 M M 4 1 22 170
28 91 80 86 2 0 21 0.00 0.0 0 12.4 21 160 M M 5 26 170
29 91 81 86 2 0 21 0.00 0.0 0 13.8 23 160 M M 6 30 160
30 94 81 88 4 0 23 0.00 0.0 0 12.9 23 190 M M 5 28 190
================================================================================
SM 2744 2183 0 522 5.42 0.0 238.7 M 83
================================================================================
AV 91.5 72.8 8.0 FASTST M M 3 MAX(MPH)
MISC ----> 31 240 43 230
================================================================================
NOTES:
# LAST OF SEVERAL OCCURRENCES
COLUMN 17 PEAK WIND IN M.P.H.
PRELIMINARY LOCAL CLIMATOLOGICAL DATA (WS FORM: F-6) , PAGE 2
STATION: SUGAR LAND/HULL FLD
MONTH: JUNE
YEAR: 2020
LATITUDE: 29 37 N
LONGITUDE: 95 39 W
[TEMPERATURE DATA] [PRECIPITATION DATA] SYMBOLS USED IN COLUMN 16
AVERAGE MONTHLY: 82.1 TOTAL FOR MONTH: 5.42 1 = FOG OR MIST
DPTR FM NORMAL: -1.1 DPTR FM NORMAL: 1.20 2 = FOG REDUCING VISIBILITY
HIGHEST: 96 ON 6 GRTST 24HR 1.53 ON 22-22 TO 1/4 MILE OR LESS
LOWEST: 66 ON 11,10 3 = THUNDER
SNOW, ICE PELLETS, HAIL 4 = ICE PELLETS
TOTAL MONTH: 0.0 INCH 5 = HAIL
GRTST 24HR 0.0 6 = FREEZING RAIN OR DRIZZLE
GRTST DEPTH: 0 7 = DUSTSTORM OR SANDSTORM:
VSBY 1/2 MILE OR LESS
8 = SMOKE OR HAZE
[NO. OF DAYS WITH] [WEATHER - DAYS WITH] 9 = BLOWING SNOW
X = TORNADO
MAX 32 OR BELOW: 0 0.01 INCH OR MORE: 9
MAX 90 OR ABOVE: 24 0.10 INCH OR MORE: 7
MIN 32 OR BELOW: 0 0.50 INCH OR MORE: 4
MIN 0 OR BELOW: 0 1.00 INCH OR MORE: 1
[HDD (BASE 65) ]
TOTAL THIS MO. 0 CLEAR (SCALE 0-3) 20
DPTR FM NORMAL 0 PTCLDY (SCALE 4-7) 9
TOTAL FM JUL 1 1012 CLOUDY (SCALE 8-10) 1
DPTR FM NORMAL -134
[CDD (BASE 65) ]
TOTAL THIS MO. 522
DPTR FM NORMAL -24 [PRESSURE DATA]
TOTAL FM JAN 1 1416 HIGHEST SLP M ON M
DPTR FM NORMAL 125 LOWEST SLP 29.61 ON 8
[REMARKS]
#FINAL-06-20#