000
CXUS54 KHGX 012238
CF6SGR
PRELIMINARY LOCAL CLIMATOLOGICAL DATA (WS FORM: F-6)
STATION: SUGAR LAND/HULL FLD
MONTH: AUGUST
YEAR: 2023
LATITUDE: 29 37 N
LONGITUDE: 95 39 W
TEMPERATURE IN F: :PCPN: SNOW: WIND :SUNSHINE: SKY :PK WND
================================================================================
1 2 3 4 5 6A 6B 7 8 9 10 11 12 13 14 15 16 17 18
12Z AVG MX 2MIN
DY MAX MIN AVG DEP HDD CDD WTR SNW DPTH SPD SPD DIR MIN PSBL S-S WX SPD DR
================================================================================
1 102 78 90 4 0 25 0.00 0.0 0 M M M M M M M M
2 101 74 88 2 0 23 0.00 0.0 0 M M M M M M M M
3 102 78 90 4 0 25 0.00 0.0 0 M M M M M M M M
4 102 77 90 4 0 25 0.00 0.0 0 M M M M M M M M
5 103 80 92 6 0 27 0.00 0.0 0 M M M M M M M M
6 102 78 90 4 0 25 0.00 0.0 0 M M M M M M M M
7 103 81 92 6 0 27 0.00 0.0 0 8.1 8 260 M M 4 M M
8 103 79 91 5 0 26 0.00 0.0 0 6.4 10 200 M M 3 M M
9 102 80 91 5 0 26 0.00 0.0 0 12.5 23 180 M M 2 31 180
10 103 79 91 5 0 26 0.00 0.0 0 11.4 21 170 M M 2 29 170
11 104 81 93 7 0 28 0.00 0.0 0 10.5 20 170 M M 3 27 170
12 103 82 93 7 0 28 0.00 0.0 0 10.0 23 180 M M 4 8 27 190
13 104 78 91 6 0 26 0.00 0.0 0 8.8 17 170 M M 1 1 23 230
14 105 77 91 6 0 26 0.00 0.0 0 7.1 21 160 M M 1 1 27 170
15 105 81 93 8 0 28 0.00 0.0 0 5.6 14 190 M M 1 19 340
16 103 77 90 5 0 25 0.00 0.0 0 6.7 16 170 M M 0 20 50
17 105 73 89 4 0 24 0.00 0.0 0 5.7 21 180 M M 0 1 29 170
18 103 76 90 5 0 25 0.00 0.0 0 6.9 20 140 M M 1 24 140
19 104 76 90 5 0 25 0.00 0.0 0 6.7 16 160 M M 1 12 22 150
20 107 80 94 9 0 29 0.00 0.0 0 5.8 17 170 M M 1 24 160
21 99 78 89 4 0 24 0.00 0.0 0 6.9 17 120 M M 1 27 140
22 95 84 90 6 0 25 T 0.0 0 12.4 23 90 M M 4 3 35 130
23 103 81 92 8 0 27 0.00 0.0 0 6.4 16 170 M M 0 20 160
24 107 79 93 9 0 28 0.00 0.0 0 5.6 22 170 M M 1 3 26 180
25 103 76 90 6 0 25 0.00 0.0 0 6.1 18 120 M M 0 27 70
26 104 76 90 6 0 25 0.00 0.0 0 4.7 16 150 M M 0 1 20 160
27 109 78 94 10 0 29 0.09 0.0 0 6.1 26 10 M M 1 36 20
28 101 77 89 5 0 24 0.00 0.0 0 6.3 16 30 M M 2 20 30
29 100 77 89 5 0 24 0.00 0.0 0 9.6 22 40 M M 3 30 20
30 102 69 86 3 0 21 0.00 0.0 0 6.2 18 40 M M 1 25 30
31 101 71 86 3 0 21 0.00 0.0 0 4.4 17 170 M M 1 23 40
================================================================================
SM 3190 2411 0 792 0.09 0.0 186.9 M 38
================================================================================
AV102.9 77.8 7.5 FASTST M M 2 MAX(MPH)
MISC ----> 26 10 36 20
================================================================================
NOTES:
# LAST OF SEVERAL OCCURRENCES
COLUMN 17 PEAK WIND IN M.P.H.
PRELIMINARY LOCAL CLIMATOLOGICAL DATA (WS FORM: F-6) , PAGE 2
STATION: SUGAR LAND/HULL FLD
MONTH: AUGUST
YEAR: 2023
LATITUDE: 29 37 N
LONGITUDE: 95 39 W
[TEMPERATURE DATA] [PRECIPITATION DATA] SYMBOLS USED IN COLUMN 16
AVERAGE MONTHLY: 90.3 TOTAL FOR MONTH: 0.09 1 = FOG OR MIST
DPTR FM NORMAL: 5.3 DPTR FM NORMAL: -5.18 2 = FOG REDUCING VISIBILITY
HIGHEST: 109 ON 27 GRTST 24HR 0.09 ON 27-27 TO 1/4 MILE OR LESS
LOWEST: 69 ON 30 3 = THUNDER
SNOW, ICE PELLETS, HAIL 4 = ICE PELLETS
TOTAL MONTH: 0.0 INCH 5 = HAIL
GRTST 24HR 0.0 6 = FREEZING RAIN OR DRIZZLE
GRTST DEPTH: 0 7 = DUSTSTORM OR SANDSTORM:
VSBY 1/2 MILE OR LESS
8 = SMOKE OR HAZE
[NO. OF DAYS WITH] [WEATHER - DAYS WITH] 9 = BLOWING SNOW
X = TORNADO
MAX 32 OR BELOW: 0 0.01 INCH OR MORE: 1
MAX 90 OR ABOVE: 31 0.10 INCH OR MORE: 0
MIN 32 OR BELOW: 0 0.50 INCH OR MORE: 0
MIN 0 OR BELOW: 0 1.00 INCH OR MORE: 0
[HDD (BASE 65) ]
TOTAL THIS MO. 0 CLEAR (SCALE 0-3) 22
DPTR FM NORMAL 0 PTCLDY (SCALE 4-7) 3
TOTAL FM JUL 1 0 CLOUDY (SCALE 8-10) 6
DPTR FM NORMAL 0
[CDD (BASE 65) ]
TOTAL THIS MO. 792
DPTR FM NORMAL 174 [PRESSURE DATA]
TOTAL FM JAN 1 2998 HIGHEST SLP 30.09 ON 1
DPTR FM NORMAL 458 LOWEST SLP 29.69 ON 27
[REMARKS]
#FINAL-08-23#