000
CXUS54 KHGX 011410
CF6SGR
PRELIMINARY LOCAL CLIMATOLOGICAL DATA (WS FORM: F-6)
STATION: SUGAR LAND/HULL FLD
MONTH: JULY
YEAR: 2023
LATITUDE: 29 37 N
LONGITUDE: 95 39 W
TEMPERATURE IN F: :PCPN: SNOW: WIND :SUNSHINE: SKY :PK WND
================================================================================
1 2 3 4 5 6A 6B 7 8 9 10 11 12 13 14 15 16 17 18
12Z AVG MX 2MIN
DY MAX MIN AVG DEP HDD CDD WTR SNW DPTH SPD SPD DIR MIN PSBL S-S WX SPD DR
================================================================================
1 101 75 88 4 0 23 0.00 0.0 0 5.7 16 160 M M 1 22 150
2 99 78 89 5 0 24 0.89 0.0 0 6.8 23 190 M M 2 13 35 190
3 97 77 87 2 0 22 T 0.0 0 5.6 20 160 M M 1 24 160
4 95 79 87 2 0 22 0.11 0.0 0 6.7 17 200 M M 2 3 23 200
5 96 77 87 2 0 22 T 0.0 0 8.7 26 170 M M 2 3 48 180
6 87 76 82 -3 0 17 0.45 0.0 0 5.3 17 150 M M 3 13 24 200
7 91 75 83 -2 0 18 1.05 0.0 0 5.1 30 170 M M 3 1238 37 170
8 95 75 85 0 0 20 0.18 0.0 0 6.5 22 150 M M 1 13 28 150
9 98 80 89 4 0 24 0.00 0.0 0 9.8 20 190 M M 1 25 190
10 99 77 88 3 0 23 0.00 0.0 0 7.5 16 190 M M 3 22 180
11 99 80 90 5 0 25 0.00 0.0 0 9.2 20 190 M M 2 27 180
12 100 80 90 5 0 25 0.00 0.0 0 10.9 21 180 M M 4 27 150
13 100 80 90 5 0 25 0.00 0.0 0 10.2 20 190 M M 3 27 170
14 98 80 89 4 0 24 0.00 0.0 0 10.2 18 170 M M 3 26 230
15 101 81 91 6 0 26 0.00 0.0 0 9.2 16 190 M M 3 24 230
16 101 77 89 4 0 24 0.00 0.0 0 6.0 16 180 M M 1 1 22 180
17 102 79 91 5 0 26 0.00 0.0 0 6.7 20 180 M M 2 25 180
18 101 79 90 4 0 25 0.00 0.0 0 8.7 20 190 M M 1 26 180
19 101 79 90 4 0 25 0.00 0.0 0 8.8 18 150 M M 3 23 180
20 100 77 89 3 0 24 0.00 0.0 0 6.8 20 160 M M 1 25 170
21 100 76 88 2 0 23 T 0.0 0 5.4 15 170 M M 2 21 210
22 102 76 89 3 0 24 0.00 0.0 0 5.4 18 130 M M 1 1 28 140
23 101 76 89 3 0 24 0.00 0.0 0 4.3 17 160 M M 1 3 22 280
24 99 74 87 1 0 22 0.33 0.0 0 3.2 29 150 M M 2 3 46 150
25 97 76 87 1 0 22 0.75 0.0 0 M M M M M M 3 M M
26 99 77 88 2 0 23 T 0.0 0 5.8 7 300 M M 3 M M
27 97 76 87 1 0 22 0.00 0.0 0 M M M M M M M M
28 99 74 87 1 0 22 0.00 0.0 0 M M M M M M M M
29 98 75 87 1 0 22 0.00 0.0 0 M 22 200 M M M M M
30 102 76 89 3 0 24 0.00 0.0 0 M M M M M M M M
31 102 76 89 3 0 24 0.00 0.0 0 M M M M M M M M
================================================================================
SM 3057 2393 0 716 3.76 0.0 178.5 M 51
================================================================================
AV 98.6 77.2 7.1 FASTST M M 2 MAX(MPH)
MISC ----> 30 170 48 180
================================================================================
NOTES:
# LAST OF SEVERAL OCCURRENCES
COLUMN 17 PEAK WIND IN M.P.H.
PRELIMINARY LOCAL CLIMATOLOGICAL DATA (WS FORM: F-6) , PAGE 2
STATION: SUGAR LAND/HULL FLD
MONTH: JULY
YEAR: 2023
LATITUDE: 29 37 N
LONGITUDE: 95 39 W
[TEMPERATURE DATA] [PRECIPITATION DATA] SYMBOLS USED IN COLUMN 16
AVERAGE MONTHLY: 87.9 TOTAL FOR MONTH: 3.76 1 = FOG OR MIST
DPTR FM NORMAL: 2.5 DPTR FM NORMAL: -0.40 2 = FOG REDUCING VISIBILITY
HIGHEST: 102 ON 31,30 GRTST 24HR 1.46 ON 6- 7 TO 1/4 MILE OR LESS
LOWEST: 74 ON 28,24 3 = THUNDER
SNOW, ICE PELLETS, HAIL 4 = ICE PELLETS
TOTAL MONTH: 0.0 INCH 5 = HAIL
GRTST 24HR 0.0 6 = FREEZING RAIN OR DRIZZLE
GRTST DEPTH: 0 7 = DUSTSTORM OR SANDSTORM:
VSBY 1/2 MILE OR LESS
8 = SMOKE OR HAZE
[NO. OF DAYS WITH] [WEATHER - DAYS WITH] 9 = BLOWING SNOW
X = TORNADO
MAX 32 OR BELOW: 0 0.01 INCH OR MORE: 7
MAX 90 OR ABOVE: 30 0.10 INCH OR MORE: 7
MIN 32 OR BELOW: 0 0.50 INCH OR MORE: 3
MIN 0 OR BELOW: 0 1.00 INCH OR MORE: 1
[HDD (BASE 65) ]
TOTAL THIS MO. 0 CLEAR (SCALE 0-3) 22
DPTR FM NORMAL 0 PTCLDY (SCALE 4-7) 3
TOTAL FM JUL 1 0 CLOUDY (SCALE 8-10) 6
DPTR FM NORMAL 0
[CDD (BASE 65) ]
TOTAL THIS MO. 716
DPTR FM NORMAL 85 [PRESSURE DATA]
TOTAL FM JAN 1 2206 HIGHEST SLP M ON M
DPTR FM NORMAL 284 LOWEST SLP 29.83 ON 22
[REMARKS]
#FINAL-07-23#