000
CXUS54 KLZK 011130
CF6SGT
PRELIMINARY LOCAL CLIMATOLOGICAL DATA (WS FORM: F-6)
STATION: STUTTGART AIRPORT
MONTH: APRIL
YEAR: 2021
LATITUDE: 34 35 N
LONGITUDE: 91 34 W
TEMPERATURE IN F: :PCPN: SNOW: WIND :SUNSHINE: SKY :PK WND
================================================================================
1 2 3 4 5 6A 6B 7 8 9 10 11 12 13 14 15 16 17 18
12Z AVG MX 2MIN
DY MAX MIN AVG DEP HDD CDD WTR SNW DPTH SPD SPD DIR MIN PSBL S-S WX SPD DR
================================================================================
1 57 37 47 -10 18 0 0.00 M M 9.7 17 360 M M 0 8 17 360
2 57 37 47 -11 18 0 0.00 M M 5.2 10 90 M M 0 M M
3 68 40 54 -4 11 0 0.00 M M 6.2 14 180 M M 2 M M
4 74 47 61 3 4 0 0.00 M M 7.4 9 220 M M 1 M M
5 76 53 65 7 0 0 0.00 M M 7.8 15 170 M M 4 M M
6 80 54 67 8 0 2 0.00 M M 10.8 17 170 M M 3 M M
7 75 58 67 8 0 2 T M M 17.6 26 180 M M 6 13 33 180
8 75 50 63 4 2 0 0.00 M M 13.1 25 270 M M 0 32 270
9 79 56 68 8 0 3 0.01 M M 11.6 23 260 M M 2 3 36 250
10 68 50 59 -1 6 0 0.00 M M 13.6 24 290 M M 2 3 35 290
11 78 48 63 3 2 0 0.00 M M 10.5 18 260 M M 0 M M
12 83 54 69 8 0 4 0.00 M M 7.0 10 220 M M 0 8 M M
13 73 59 66 5 0 1 0.00 M M 11.1 18 30 M M 0 31 20
14 62 50 56 -5 9 0 T M M 11.1 24 20 M M 7 3 32 20
15 64 52 58 -4 7 0 0.00 M M 10.1 20 30 M M 2 M M
16 61 53 57 -5 8 0 0.00 M M 8.4 14 350 M M 8 M M
17 64 52 58 -4 7 0 0.00 M M 9.4 14 320 M M 9 M M
18 63 47 55 -7 10 0 0.00 M M 7.7 21 310 M M 7 18 280
19 71 44 58 -5 7 0 0.00 M M 5.4 13 280 M M 0 1 M M
20 76 41 59 -4 6 0 0.00 M M 13.6 29 350 M M 3 35 340
21 60 35 48 -15 17 0 0.00 M M 7.0 15 350 M M 0 M M
22 64 41 53 -11 12 0 0.00 M M 5.5 12 40 M M 4 M M
23 62 54 58 -6 7 0 0.00 M M 9.6 20 130 M M 10 1 28 110
24 66 53 60 -4 5 0 0.00 M M 10.4 23 300 M M 7 1 33 330
25 74 47 61 -4 4 0 0.00 0.0 0 4.9 8 130 M M 0 1 M M
26 81 56 69 4 0 4 0.00 0.0 0 12.0 22 170 M M 0 27 170
27 81 62 72 7 0 7 0.00 0.0 0 13.2 21 190 M M 4 27 200
28 84 70 77 11 0 12 0.00 M M 10.5 18 180 M M 1 8 M M
29 76 65 71 5 0 6 0.00 M M 11.6 20 170 M M 3 13 18 350
30 79 60 70 4 0 5 0.00 M M 5.4 12 10 M M 0 M M
================================================================================
SM 2131 1525 160 46 0.01 0.0 287.5 M 85
================================================================================
AV 71.0 50.8 9.6 FASTST M M 3 MAX(MPH)
MISC ----> 29 350 36 250
================================================================================
NOTES:
# LAST OF SEVERAL OCCURRENCES
COLUMN 17 PEAK WIND IN M.P.H.
PRELIMINARY LOCAL CLIMATOLOGICAL DATA (WS FORM: F-6) , PAGE 2
STATION: STUTTGART AIRPORT
MONTH: APRIL
YEAR: 2021
LATITUDE: 34 35 N
LONGITUDE: 91 34 W
[TEMPERATURE DATA] [PRECIPITATION DATA] SYMBOLS USED IN COLUMN 16
AVERAGE MONTHLY: 60.9 TOTAL FOR MONTH: 0.01 1 = FOG OR MIST
DPTR FM NORMAL: -0.8 DPTR FM NORMAL: -4.96 2 = FOG REDUCING VISIBILITY
HIGHEST: 84 ON 28 GRTST 24HR 0.02 ON 8- 9 TO 1/4 MILE OR LESS
LOWEST: 35 ON 21 3 = THUNDER
SNOW, ICE PELLETS, HAIL 4 = ICE PELLETS
TOTAL MONTH: 0.0 INCH 5 = HAIL
GRTST 24HR 0.0 6 = FREEZING RAIN OR DRIZZLE
GRTST DEPTH: 0 7 = DUSTSTORM OR SANDSTORM:
VSBY 1/2 MILE OR LESS
8 = SMOKE OR HAZE
[NO. OF DAYS WITH] [WEATHER - DAYS WITH] 9 = BLOWING SNOW
X = TORNADO
MAX 32 OR BELOW: 0 0.01 INCH OR MORE: 1
MAX 90 OR ABOVE: 0 0.10 INCH OR MORE: 0
MIN 32 OR BELOW: 0 0.50 INCH OR MORE: 0
MIN 0 OR BELOW: 0 1.00 INCH OR MORE: 0
[HDD (BASE 65) ]
TOTAL THIS MO. 160 CLEAR (SCALE 0-3) 19
DPTR FM NORMAL 3 PTCLDY (SCALE 4-7) 9
TOTAL FM JUL 1 2999 CLOUDY (SCALE 8-10) 2
DPTR FM NORMAL -164
[CDD (BASE 65) ]
TOTAL THIS MO. 46
DPTR FM NORMAL -10 [PRESSURE DATA]
TOTAL FM JAN 1 58 HIGHEST SLP 30.58 ON 2
DPTR FM NORMAL -5 LOWEST SLP 29.55 ON 10
[REMARKS]
#FINAL-04-21#