000
CXUS56 KMTR 010900
CF6SJC
PRELIMINARY LOCAL CLIMATOLOGICAL DATA (WS FORM: F-6)
STATION: SAN JOSE AIRPORT
MONTH: MAY
YEAR: 2022
LATITUDE: 37 21 N
LONGITUDE: 121 55 W
TEMPERATURE IN F: :PCPN: SNOW: WIND :SUNSHINE: SKY :PK WND
================================================================================
1 2 3 4 5 6A 6B 7 8 9 10 11 12 13 14 15 16 17 18
12Z AVG MX 2MIN
DY MAX MIN AVG DEP HDD CDD WTR SNW DPTH SPD SPD DIR MIN PSBL S-S WX SPD DR
================================================================================
1 74 46 60 -1 5 0 0.00 M M 8.7 20 350 M M 1 29 330
2 68 50 59 -2 6 0 0.00 M M 8.8 25 350 M M 5 31 10
3 79 47 63 2 2 0 0.00 M M 9.7 21 300 M M 1 30 330
4 85 50 68 7 0 3 0.00 M M 5.5 18 340 M M 1 25 340
5 74 51 63 2 2 0 0.00 M M 8.3 22 330 M M 8 29 340
6 76 55 66 4 0 1 0.00 M M 9.3 23 340 M M 6 31 330
7 69 51 60 -2 5 0 0.00 M M 14.1 25 310 M M 5 33 320
8 62 49 56 -6 9 0 0.00 M M 14.5 25 340 M M 4 34 330
9 63 43 53 -9 12 0 T M M 8.8 20 290 M M 3 30 320
10 63 41 52 -10 13 0 0.00 M M 9.5 24 340 M M 3 31 340
11 70 44 57 -5 8 0 0.00 M M 7.7 23 340 M M 3 30 360
12 67 44 56 -6 9 0 0.00 M M 9.2 22 320 M M 3 33 310
13 77 49 63 1 2 0 0.00 M M 9.7 24 350 M M 1 32 350
14 81 54 68 5 0 3 0.00 M M 7.4 21 330 M M 1 25 330
15 73 55 64 1 1 0 0.00 M M 9.6 20 350 M M 4 25 360
16 71 55 63 0 2 0 0.00 M M 9.9 22 340 M M 5 31 360
17 76 50 63 0 2 0 0.00 M M 7.1 22 350 M M 1 28 10
18 86 50 68 5 0 3 0.00 M M 7.2 21 340 M M 3 28 360
19 79 56 68 5 0 3 0.00 M M 10.1 24 350 M M 3 32 360
20 79 51 65 1 0 0 0.00 M M 10.0 22 340 M M 2 27 330
21 84 52 68 4 0 3 0.00 M M 7.5 20 330 M M 1 25 360
22 81 52 67 3 0 2 0.00 M M 7.5 25 340 M M 2 31 350
23 83 53 68 4 0 3 0.00 M M 7.3 18 330 M M 2 23 340
24 93 56 75 11 0 10 0.00 M M 5.8 18 330 M M 1 25 300
25 93 61 77 13 0 12 0.00 M M 6.6 18 320 M M 4 25 340
26 79 56 68 4 0 3 0.00 M M 8.9 16 330 M M 6 22 310
27 74 56 65 0 0 0 0.00 M M 9.5 21 330 M M 7 26 290
28 75 58 67 2 0 2 0.00 M M 10.8 23 360 M M 7 31 340
29 75 54 65 0 0 0 0.00 M M 11.4 21 330 M M 4 28 10
30 77 52 65 0 0 0 0.00 M M 9.7 25 350 M M 1 36 20
31 83 50 67 2 0 2 0.00 M M 8.5 23 350 M M 1 30 350
================================================================================
SM 2369 1591 78 50 T M 278.6 M 99
================================================================================
AV 76.4 51.3 9.0 FASTST M M 3 MAX(MPH)
MISC ----> # 25 350 36 20
================================================================================
NOTES:
# LAST OF SEVERAL OCCURRENCES
COLUMN 17 PEAK WIND IN M.P.H.
PRELIMINARY LOCAL CLIMATOLOGICAL DATA (WS FORM: F-6) , PAGE 2
STATION: SAN JOSE AIRPORT
MONTH: MAY
YEAR: 2022
LATITUDE: 37 21 N
LONGITUDE: 121 55 W
[TEMPERATURE DATA] [PRECIPITATION DATA] SYMBOLS USED IN COLUMN 16
AVERAGE MONTHLY: 63.9 TOTAL FOR MONTH: T 1 = FOG OR MIST
DPTR FM NORMAL: 0.9 DPTR FM NORMAL: -0.39 2 = FOG REDUCING VISIBILITY
HIGHEST: 93 ON 25,24 GRTST 24HR T ON 9- 9 TO 1/4 MILE OR LESS
LOWEST: 41 ON 10 3 = THUNDER
SNOW, ICE PELLETS, HAIL 4 = ICE PELLETS
TOTAL MONTH: M 5 = HAIL
GRTST 24HR M ON M 6 = FREEZING RAIN OR DRIZZLE
GRTST DEPTH: M ON M 7 = DUSTSTORM OR SANDSTORM:
VSBY 1/2 MILE OR LESS
8 = SMOKE OR HAZE
[NO. OF DAYS WITH] [WEATHER - DAYS WITH] 9 = BLOWING SNOW
X = TORNADO
MAX 32 OR BELOW: 0 0.01 INCH OR MORE: 0
MAX 90 OR ABOVE: 2 0.10 INCH OR MORE: 0
MIN 32 OR BELOW: 0 0.50 INCH OR MORE: 0
MIN 0 OR BELOW: 0 1.00 INCH OR MORE: 0
[HDD (BASE 65) ]
TOTAL THIS MO. 78 CLEAR (SCALE 0-3) 18
DPTR FM NORMAL -24 PTCLDY (SCALE 4-7) 13
TOTAL FM JUL 1 1893 CLOUDY (SCALE 8-10) 0
DPTR FM NORMAL -268
[CDD (BASE 65) ]
TOTAL THIS MO. 50
DPTR FM NORMAL 12 [PRESSURE DATA]
TOTAL FM JAN 1 66 HIGHEST SLP M ON M
DPTR FM NORMAL 15 LOWEST SLP 29.76 ON 24
[REMARKS]
#FINAL-05-22#