000
CXUS56 KPQR 011301
CF6SLE
PRELIMINARY LOCAL CLIMATOLOGICAL DATA (WS FORM: F-6)
STATION: SALEM OR
MONTH: NOVEMBER
YEAR: 2022
LATITUDE: 44 55 N
LONGITUDE: 123 0 W
TEMPERATURE IN F: :PCPN: SNOW: WIND :SUNSHINE: SKY :PK WND
================================================================================
1 2 3 4 5 6A 6B 7 8 9 10 11 12 13 14 15 16 17 18
12Z AVG MX 2MIN
DY MAX MIN AVG DEP HDD CDD WTR SNW DPTH SPD SPD DIR MIN PSBL S-S WX SPD DR
================================================================================
1 54 41 48 -2 17 0 0.30 M M 6.1 18 260 M M 8 13 23 270
2 49 39 44 -5 21 0 0.21 M M 9.0 17 190 M M 9 1 22 190
3 49 39 44 -5 21 0 0.01 M M 12.0 24 170 M M 9 8 31 180
4 58 46 52 3 13 0 1.65 M M 17.5 30 190 M M 10 1 35 190
5 58 41 50 1 15 0 0.06 M M 8.0 25 300 M M 8 1 37 310
6 47 34 41 -7 24 0 1.61 M M 8.1 24 310 M M 10 1 32 180
7 43 33 38 -10 27 0 1.30 M M 10.0 23 190 M M 8 1 31 180
8 54 33 44 -4 21 0 0.00 M M 7.5 17 20 M M 7 12 23 360
9 50 29 40 -8 25 0 0.00 M M 3.8 10 190 M M 1 13 180
10 53 29 41 -7 24 0 0.00 M M 2.5 8 320 M M 2 1 10 160
11 46 33 40 -7 25 0 0.14 M M 2.0 10 140 M M 8 18 12 130
12 51 31 41 -6 24 0 0.11 M M 3.3 12 360 M M 5 1 13 350
13 44 29 37 -10 28 0 0.00 M M 1.1 6 320 M M 5 128 8 350
14 60 29 45 -2 20 0 0.00 M M 7.3 17 10 M M 0 1 22 350
15 55 32 44 -2 21 0 0.00 M M 7.4 15 360 M M 0 19 360
16 53 26 40 -6 25 0 0.00 M M 2.6 9 340 M M 0 12 340
17 51 26 39 -7 26 0 0.00 M M 5.1 14 350 M M 0 16 360
18 53 26 40 -6 25 0 0.00 M M 7.4 16 20 M M 0 20 360
19 50 26 38 -8 27 0 0.00 M M 2.7 10 340 M M 0 13 330
20 49 23 36 -9 29 0 0.00 M M 1.2 6 50 M M 0 8 7 360
21 51 32 42 -3 23 0 0.00 M M 2.3 8 320 M M 6 9 320
22 60 33 47 2 18 0 0.12 M M 7.0 30 180 M M 7 1 40 180
23 46 36 41 -4 24 0 0.00 M M 2.8 9 160 M M 9 12 13 150
24 44 37 41 -3 24 0 0.00 M M 2.2 8 150 M M 10 12 10 150
25 46 34 40 -4 25 0 0.27 M M 3.2 13 360 M M 9 12 14 360
26 51 35 43 -1 22 0 0.00 M M 3.4 10 180 M M 7 128 13 200
27 47 40 44 0 21 0 0.17 M M 9.5 22 180 M M 10 18 28 180
28 48 32 40 -4 25 0 0.11 M M 4.6 22 280 M M 7 1 27 290
29 46 33 40 -3 25 0 0.32 M M 13.6 31 180 M M 10 1 41 190
30 48 39 44 1 21 0 1.49 M M 13.2 32 180 M M 10 18 44 180
================================================================================
SM 1514 996 686 0 7.87 M 186.4 M 175
================================================================================
AV 50.5 33.2 6.2 FASTST M M 6 MAX(MPH)
MISC ----> 32 180 44 180
================================================================================
NOTES:
# LAST OF SEVERAL OCCURRENCES
COLUMN 17 PEAK WIND IN M.P.H.
PRELIMINARY LOCAL CLIMATOLOGICAL DATA (WS FORM: F-6) , PAGE 2
STATION: SALEM OR
MONTH: NOVEMBER
YEAR: 2022
LATITUDE: 44 55 N
LONGITUDE: 123 0 W
[TEMPERATURE DATA] [PRECIPITATION DATA] SYMBOLS USED IN COLUMN 16
AVERAGE MONTHLY: 41.8 TOTAL FOR MONTH: 7.87 1 = FOG OR MIST
DPTR FM NORMAL: -4.5 DPTR FM NORMAL: 1.92 2 = FOG REDUCING VISIBILITY
HIGHEST: 60 ON 22,14 GRTST 24HR 1.66 ON 4- 5 TO 1/4 MILE OR LESS
LOWEST: 23 ON 20 3 = THUNDER
SNOW, ICE PELLETS, HAIL 4 = ICE PELLETS
TOTAL MONTH: M 5 = HAIL
GRTST 24HR M ON M 6 = FREEZING RAIN OR DRIZZLE
GRTST DEPTH: M ON M 7 = DUSTSTORM OR SANDSTORM:
VSBY 1/2 MILE OR LESS
8 = SMOKE OR HAZE
[NO. OF DAYS WITH] [WEATHER - DAYS WITH] 9 = BLOWING SNOW
X = TORNADO
MAX 32 OR BELOW: 0 0.01 INCH OR MORE: 15
MAX 90 OR ABOVE: 0 0.10 INCH OR MORE: 13
MIN 32 OR BELOW: 13 0.50 INCH OR MORE: 4
MIN 0 OR BELOW: 0 1.00 INCH OR MORE: 4
[HDD (BASE 65) ]
TOTAL THIS MO. 686 CLEAR (SCALE 0-3) 9
DPTR FM NORMAL 125 PTCLDY (SCALE 4-7) 10
TOTAL FM JUL 1 899 CLOUDY (SCALE 8-10) 11
DPTR FM NORMAL -109
[CDD (BASE 65) ]
TOTAL THIS MO. 0
DPTR FM NORMAL 0 [PRESSURE DATA]
TOTAL FM JAN 1 658 HIGHEST SLP 30.54 ON 16
DPTR FM NORMAL 257 LOWEST SLP 29.47 ON 6
[REMARKS]
#FINAL-11-22#