000
CXUS51 KBTV 010700
CF6SLK
PRELIMINARY LOCAL CLIMATOLOGICAL DATA (WS FORM: F-6)
STATION: SARANAC LAKE NY
MONTH: JULY
YEAR: 2023
LATITUDE: 44 23 N
LONGITUDE: 74 12 W
TEMPERATURE IN F: :PCPN: SNOW: WIND :SUNSHINE: SKY :PK WND
================================================================================
1 2 3 4 5 6A 6B 7 8 9 10 11 12 13 14 15 16 17 18
12Z AVG MX 2MIN
DY MAX MIN AVG DEP HDD CDD WTR SNW DPTH SPD SPD DIR MIN PSBL S-S WX SPD DR
================================================================================
1 84 51 68 5 0 3 0.67 M M 6.3 21 240 M M 5 138 30 260
2 72 60 66 3 0 1 0.04 M M 2.6 9 220 M M 8 1 12 260
3 79 59 69 6 0 4 0.29 M M 0.9 8 340 M M 8 123 11 330
4 83 60 72 9 0 7 0.03 M M 2.0 9 340 M M 6 123 30 330
5 88 56 72 9 0 7 0.00 M M 2.8 13 230 M M 5 123 18 220
6 89 59 74 11 0 9 0.00 M M 3.1 15 210 M M 3 12 20 220
7 81 64 73 9 0 8 0.37 M M 2.0 12 160 M M 7 1238 20 360
8 82 59 71 7 0 6 0.00 M M 2.9 12 210 M M 5 12 17 230
9 80 54 67 3 0 2 0.17 M M 1.7 10 240 M M 5 13 15 150
10 70 59 65 1 0 0 0.46 M M 1.5 7 50 M M 10 12 13 40
11 81 60 71 7 0 6 0.53 M M 6.4 17 230 M M 4 1 28 220
12 76 50 63 -1 2 0 0.01 M M 4.6 17 240 M M 3 13 24 250
13 84 50 67 3 0 2 0.04 M M 8.2 28 190 M M 3 13 37 180
14 76 49 63 -1 2 0 0.00 M M 1.8 9 10 M M 6 12 14 360
15 82 51 67 3 0 2 0.00 M M 3.7 15 220 M M 4 12 19 190
16 78 64 71 7 0 6 0.07 M M 2.6 9 240 M M 7 13 15 230
17 80 54 67 3 0 2 0.00 M M 5.4 20 230 M M 1 128 26 210
18 76 59 68 4 0 3 0.32 M M 2.4 16 240 M M 6 138 25 240
19 75 49 62 -2 3 0 0.00 M M 3.6 12 210 M M 4 1 17 280
20 79 43 61 -3 4 0 0.00 M M 3.5 12 200 M M 3 1 16 250
21 74 58 66 2 0 1 0.44 M M 7.8 20 200 M M 9 13 27 210
22 73 47 60 -4 5 0 0.01 M M 5.5 14 250 M M 6 1 22 230
23 78 43 61 -3 4 0 0.02 M M 2.7 15 220 M M 2 138 21 230
24 80 46 63 -1 2 0 T M M 2.8 15 110 M M 2 13 20 110
25 77 52 65 1 0 0 0.00 M M 2.7 10 240 M M 3 12 22 230
26 80 51 66 2 0 1 0.00 M M 5.9 18 220 M M 3 128 24 200
27 76 59 68 4 0 3 1.11 M M 2.7 12 260 M M 8 1238 17 240
28 80 63 72 8 0 7 0.00 M M 6.7 16 230 M M 5 1 23 220
29 67 50 59 -5 6 0 0.46 M M 3.6 12 50 M M 8 1 15 40
30 70 46 58 -6 7 0 0.00 M M 3.5 9 230 M M 5 12 16 280
31 68 41 55 -8 10 0 0.00 M M 3.7 10 280 M M 5 17 290
================================================================================
SM 2418 1666 45 80 5.04 M 115.6 M 159
================================================================================
AV 78.0 53.7 3.7 FASTST M M 5 MAX(MPH)
MISC ----> 28 190 37 180
================================================================================
NOTES:
# LAST OF SEVERAL OCCURRENCES
COLUMN 17 PEAK WIND IN M.P.H.
PRELIMINARY LOCAL CLIMATOLOGICAL DATA (WS FORM: F-6) , PAGE 2
STATION: SARANAC LAKE NY
MONTH: JULY
YEAR: 2023
LATITUDE: 44 23 N
LONGITUDE: 74 12 W
[TEMPERATURE DATA] [PRECIPITATION DATA] SYMBOLS USED IN COLUMN 16
AVERAGE MONTHLY: 65.9 TOTAL FOR MONTH: 5.04 1 = FOG OR MIST
DPTR FM NORMAL: 2.3 DPTR FM NORMAL: 0.98 2 = FOG REDUCING VISIBILITY
HIGHEST: 89 ON 6 GRTST 24HR 1.11 ON 27-27 TO 1/4 MILE OR LESS
LOWEST: 41 ON 31 3 = THUNDER
SNOW, ICE PELLETS, HAIL 4 = ICE PELLETS
TOTAL MONTH: M 5 = HAIL
GRTST 24HR M ON M 6 = FREEZING RAIN OR DRIZZLE
GRTST DEPTH: M ON M 7 = DUSTSTORM OR SANDSTORM:
VSBY 1/2 MILE OR LESS
8 = SMOKE OR HAZE
[NO. OF DAYS WITH] [WEATHER - DAYS WITH] 9 = BLOWING SNOW
X = TORNADO
MAX 32 OR BELOW: 0 0.01 INCH OR MORE: 17
MAX 90 OR ABOVE: 0 0.10 INCH OR MORE: 10
MIN 32 OR BELOW: 0 0.50 INCH OR MORE: 3
MIN 0 OR BELOW: 0 1.00 INCH OR MORE: 1
[HDD (BASE 65) ]
TOTAL THIS MO. 45 CLEAR (SCALE 0-3) 8
DPTR FM NORMAL -46 PTCLDY (SCALE 4-7) 21
TOTAL FM JUL 1 45 CLOUDY (SCALE 8-10) 2
DPTR FM NORMAL -51
[CDD (BASE 65) ]
TOTAL THIS MO. 80
DPTR FM NORMAL 30 [PRESSURE DATA]
TOTAL FM JAN 1 103 HIGHEST SLP M ON M
DPTR FM NORMAL 24 LOWEST SLP 29.66 ON 13
[REMARKS]
#FINAL-07-23#