000
CXUS51 KBTV 010800
CF6SLK
PRELIMINARY LOCAL CLIMATOLOGICAL DATA (WS FORM: F-6)
STATION: SARANAC LAKE NY
MONTH: JANUARY
YEAR: 2024
LATITUDE: 44 23 N
LONGITUDE: 74 12 W
TEMPERATURE IN F: :PCPN: SNOW: WIND :SUNSHINE: SKY :PK WND
================================================================================
1 2 3 4 5 6A 6B 7 8 9 10 11 12 13 14 15 16 17 18
12Z AVG MX 2MIN
DY MAX MIN AVG DEP HDD CDD WTR SNW DPTH SPD SPD DIR MIN PSBL S-S WX SPD DR
================================================================================
1 18 14 16 0 49 0 T M M 4.6 10 240 M M 10 18 14 240
2 31 16 24 8 41 0 0.00 M M 10.0 17 230 M M 10 26 220
3 31 28 30 15 35 0 0.03 M M 6.6 15 240 M M 10 1 22 260
4 30 2 16 1 49 0 0.04 M M 5.7 12 310 M M 9 18 18 310
5 23 0 12 -3 53 0 T M M 5.3 12 260 M M 9 18 22 250
6 24 13 19 4 46 0 0.08 M M 6.6 18 50 M M 10 18 21 50
7 26 17 22 8 43 0 0.24 M M 3.9 10 320 M M 10 12 15 310
8 26 17 22 8 43 0 T M M 4.6 10 280 M M 10 1 15 250
9 40 20 30 16 35 0 0.21 M M 8.6 23 160 M M 9 18 35 140
10 45 26 36 22 29 0 0.14 M M 13.0 26 230 M M 10 18 35 270
11 28 24 26 12 39 0 0.05 M M 5.9 21 260 M M 10 16 30 260
12 36 21 29 15 36 0 T M M 6.4 25 180 M M 7 1 31 180
13 39 24 32 18 33 0 0.16 M M 12.2 23 240 M M 10 128 34 230
14 24 17 21 8 44 0 0.04 M M 14.0 25 210 M M 10 128 36 240
15 17 -2 8 -5 57 0 T M M 8.0 17 220 M M 8 18 27 270
16 16 0 8 -5 57 0 0.08 M M 1.8 9 250 M M 8 18 14 300
17 12 4 8 -5 57 0 T M M 8.4 18 230 M M 10 18 26 230
18 18 9 14 1 51 0 T M M 6.6 13 220 M M 10 18 18 210
19 15 -7 4 -9 61 0 T M M 2.2 8 340 M M 6 18 14 330
20 4 -5 0 -13 65 0 T M M 5.4 10 230 M M 10 18 15 290
21 11 -8 2 -11 63 0 T M M 5.9 14 230 M M 7 18 20 240
22 28 -3 13 0 52 0 T M M 9.2 21 220 M M 10 18 24 220
23 27 25 26 13 39 0 0.00 M M 7.0 12 250 M M 10 1 18 250
24 33 19 26 13 39 0 0.42 M M 2.1 9 70 M M 10 16 12 70
25 38 32 35 22 30 0 0.15 M M 2.0 9 70 M M 10 1 10 60
26 37 32 35 22 30 0 0.45 M M 5.1 10 60 M M 10 1 12 60
27 37 30 34 21 31 0 T M M 1.7 9 230 M M 10 1 12 230
28 31 27 29 16 36 0 T M M 7.4 14 50 M M 10 1 17 50
29 27 22 25 12 40 0 0.00 M M 7.0 14 30 M M 10 1 17 40
30 28 21 25 12 40 0 0.00 M M 4.2 15 220 M M 10 19 230
31 33 24 29 16 36 0 0.00 M M 6.8 15 220 M M 10 19 210
================================================================================
SM 833 459 1359 0 2.09 M 198.2 M 293
================================================================================
AV 26.9 14.8 6.4 FASTST M M 9 MAX(MPH)
MISC ----> 26 230 36 240
================================================================================
NOTES:
# LAST OF SEVERAL OCCURRENCES
COLUMN 17 PEAK WIND IN M.P.H.
PRELIMINARY LOCAL CLIMATOLOGICAL DATA (WS FORM: F-6) , PAGE 2
STATION: SARANAC LAKE NY
MONTH: JANUARY
YEAR: 2024
LATITUDE: 44 23 N
LONGITUDE: 74 12 W
[TEMPERATURE DATA] [PRECIPITATION DATA] SYMBOLS USED IN COLUMN 16
AVERAGE MONTHLY: 20.8 TOTAL FOR MONTH: 2.09 1 = FOG OR MIST
DPTR FM NORMAL: 7.2 DPTR FM NORMAL: 0.15 2 = FOG REDUCING VISIBILITY
HIGHEST: 45 ON 10 GRTST 24HR 1.05 ON 9-10 TO 1/4 MILE OR LESS
LOWEST: -8 ON 21 3 = THUNDER
SNOW, ICE PELLETS, HAIL 4 = ICE PELLETS
TOTAL MONTH: M 5 = HAIL
GRTST 24HR M ON M 6 = FREEZING RAIN OR DRIZZLE
GRTST DEPTH: M ON M 7 = DUSTSTORM OR SANDSTORM:
VSBY 1/2 MILE OR LESS
8 = SMOKE OR HAZE
[NO. OF DAYS WITH] [WEATHER - DAYS WITH] 9 = BLOWING SNOW
X = TORNADO
MAX 32 OR BELOW: 22 0.01 INCH OR MORE: 13
MAX 90 OR ABOVE: 0 0.10 INCH OR MORE: 7
MIN 32 OR BELOW: 31 0.50 INCH OR MORE: 0
MIN 0 OR BELOW: 7 1.00 INCH OR MORE: 0
[HDD (BASE 65) ]
TOTAL THIS MO. 1359 CLEAR (SCALE 0-3) 0
DPTR FM NORMAL -234 PTCLDY (SCALE 4-7) 4
TOTAL FM JUL 1 4456 CLOUDY (SCALE 8-10) 27
DPTR FM NORMAL -726
[CDD (BASE 65) ]
TOTAL THIS MO. 0
DPTR FM NORMAL 0 [PRESSURE DATA]
TOTAL FM JAN 1 0 HIGHEST SLP 30.52 ON 23
DPTR FM NORMAL 0 LOWEST SLP 28.91 ON 10
[REMARKS]
#FINAL-01-24#