000
CXUS56 KLOX 011255
CF6SMO
PRELIMINARY LOCAL CLIMATOLOGICAL DATA (WS FORM: F-6)
STATION: SANTA MONICA AIRPORT CA
MONTH: NOVEMBER
YEAR: 2022
LATITUDE: 34 0 N
LONGITUDE: 118 27 W
TEMPERATURE IN F: :PCPN: SNOW: WIND :SUNSHINE: SKY :PK WND
================================================================================
1 2 3 4 5 6A 6B 7 8 9 10 11 12 13 14 15 16 17 18
12Z AVG MX 2MIN
DY MAX MIN AVG DEP HDD CDD WTR SNW DPTH SPD SPD DIR MIN PSBL S-S WX SPD DR
================================================================================
1 68 59 64 0 1 0 T M M 5.2 12 240 M M 7 1 16 240
2 66 55 61 -3 4 0 0.33 M M 5.5 16 260 M M 4 1 23 250
3 65 51 58 -6 7 0 0.00 M M 6.0 16 260 M M 0 23 360
4 66 47 57 -6 8 0 0.00 M M 3.8 12 220 M M 0 16 240
5 67 48 58 -5 7 0 0.00 M M 3.0 10 220 M M 0 8 14 210
6 66 50 58 -5 7 0 0.00 M M 3.2 10 220 M M 1 14 210
7 62 55 59 -4 6 0 0.09 M M 5.1 15 220 M M 9 1 20 210
8 66 52 59 -4 6 0 1.19 M M 7.5 26 200 M M 10 1 35 190
9 64 48 56 -6 9 0 T M M 3.8 14 250 M M 2 19 240
10 67 45 56 -6 9 0 0.00 M M 4.5 12 220 M M 0 14 210
11 69 46 58 -4 7 0 0.00 M M 4.5 9 240 M M 0 13 250
12 67 47 57 -5 8 0 0.00 M M 4.7 12 240 M M 0 16 230
13 71 48 60 -2 5 0 0.00 M M 4.6 16 350 M M 0 29 350
14 69 46 58 -3 7 0 0.00 M M 3.2 10 210 M M 0 13 230
15 70 46 58 -3 7 0 0.00 M M 4.6 10 220 M M 0 13 220
16 72 48 60 -1 5 0 0.00 M M 4.9 14 190 M M 0 17 180
17 73 46 60 -1 5 0 0.00 M M 3.7 12 250 M M 0 14 240
18 68 46 57 -3 8 0 0.00 M M 3.6 9 230 M M 0 12 210
19 77 49 63 3 2 0 0.00 M M 4.8 10 200 M M 0 16 340
20 78 48 63 3 2 0 0.00 M M 5.3 10 240 M M 0 14 250
21 76 50 63 3 2 0 0.00 M M 4.1 8 240 M M 0 10 230
22 73 51 62 2 3 0 0.00 M M 4.4 10 240 M M 0 14 230
23 68 45 57 -3 8 0 0.00 M M 3.3 9 210 M M 0 12 220
24 75 46 61 2 4 0 0.00 M M 4.1 14 200 M M 0 16 200
25 75 47 61 2 4 0 0.00 M M 4.4 13 230 M M 0 18 240
26 69 45 57 -2 8 0 0.00 M M 3.1 9 220 M M 0 13 220
27 66 46 56 -3 9 0 0.00 M M 3.1 10 240 M M 1 1 13 250
28 63 54 59 1 6 0 0.00 M M 3.3 12 240 M M 8 18 16 210
29 65 51 58 0 7 0 0.00 M M 3.1 9 240 M M 3 12 240
30 64 49 57 -1 8 0 0.00 M M 4.4 15 200 M M 8 19 200
================================================================================
SM 2065 1464 179 0 1.61 M 128.8 M 53
================================================================================
AV 68.8 48.8 4.3 FASTST M M 2 MAX(MPH)
MISC ----> 26 200 35 190
================================================================================
NOTES:
# LAST OF SEVERAL OCCURRENCES
COLUMN 17 PEAK WIND IN M.P.H.
PRELIMINARY LOCAL CLIMATOLOGICAL DATA (WS FORM: F-6) , PAGE 2
STATION: SANTA MONICA AIRPORT CA
MONTH: NOVEMBER
YEAR: 2022
LATITUDE: 34 0 N
LONGITUDE: 118 27 W
[TEMPERATURE DATA] [PRECIPITATION DATA] SYMBOLS USED IN COLUMN 16
AVERAGE MONTHLY: 58.8 TOTAL FOR MONTH: 1.61 1 = FOG OR MIST
DPTR FM NORMAL: -2.2 DPTR FM NORMAL: 0.85 2 = FOG REDUCING VISIBILITY
HIGHEST: 78 ON 20 GRTST 24HR 1.19 ON 8- 8 TO 1/4 MILE OR LESS
LOWEST: 45 ON 26,23 3 = THUNDER
SNOW, ICE PELLETS, HAIL 4 = ICE PELLETS
TOTAL MONTH: M 5 = HAIL
GRTST 24HR M ON M 6 = FREEZING RAIN OR DRIZZLE
GRTST DEPTH: M ON M 7 = DUSTSTORM OR SANDSTORM:
VSBY 1/2 MILE OR LESS
8 = SMOKE OR HAZE
[NO. OF DAYS WITH] [WEATHER - DAYS WITH] 9 = BLOWING SNOW
X = TORNADO
MAX 32 OR BELOW: 0 0.01 INCH OR MORE: 3
MAX 90 OR ABOVE: 0 0.10 INCH OR MORE: 2
MIN 32 OR BELOW: 0 0.50 INCH OR MORE: 1
MIN 0 OR BELOW: 0 1.00 INCH OR MORE: 1
[HDD (BASE 65) ]
TOTAL THIS MO. 179 CLEAR (SCALE 0-3) 24
DPTR FM NORMAL 36 PTCLDY (SCALE 4-7) 3
TOTAL FM JUL 1 193 CLOUDY (SCALE 8-10) 3
DPTR FM NORMAL -11
[CDD (BASE 65) ]
TOTAL THIS MO. 0
DPTR FM NORMAL -25 [PRESSURE DATA]
TOTAL FM JAN 1 852 HIGHEST SLP 30.29 ON 4
DPTR FM NORMAL 241 LOWEST SLP 29.73 ON 8
[REMARKS]
#FINAL-11-22#