000
CXUS56 KLOX 011155
CF6SMX
PRELIMINARY LOCAL CLIMATOLOGICAL DATA (WS FORM: F-6)
STATION: SANTA MARIA AIRPORT CA
MONTH: JULY
YEAR: 2023
LATITUDE: 34 54 N
LONGITUDE: 120 27 W
TEMPERATURE IN F: :PCPN: SNOW: WIND :SUNSHINE: SKY :PK WND
================================================================================
1 2 3 4 5 6A 6B 7 8 9 10 11 12 13 14 15 16 17 18
12Z AVG MX 2MIN
DY MAX MIN AVG DEP HDD CDD WTR SNW DPTH SPD SPD DIR MIN PSBL S-S WX SPD DR
================================================================================
1 76 51 64 1 1 0 0.00 M M 5.0 14 280 M M 5 128 17 280
2 76 53 65 2 0 0 0.00 M M 5.6 17 290 M M 6 18 20 290
3 73 54 64 1 1 0 0.00 M M 5.6 14 290 M M 7 18 20 290
4 69 53 61 -2 4 0 0.00 M M 6.9 15 300 M M 6 1 20 320
5 70 52 61 -3 4 0 0.00 M M 7.5 17 290 M M 5 1 21 290
6 70 52 61 -3 4 0 0.00 M M 7.8 17 290 M M 7 23 290
7 69 54 62 -2 3 0 0.00 M M 9.8 21 280 M M 8 1 26 290
8 66 52 59 -5 6 0 0.00 M M 11.5 25 290 M M 5 18 31 290
9 65 52 59 -5 6 0 0.00 M M 9.3 21 290 M M 7 1 24 280
10 73 52 63 -1 2 0 0.00 M M 5.5 15 300 M M 6 1 19 300
11 75 51 63 -1 2 0 0.00 M M 4.4 14 290 M M 5 128 19 320
12 75 49 62 -2 3 0 0.00 M M 4.4 12 300 M M 5 12 18 260
13 75 50 63 -1 2 0 0.00 M M 4.2 14 290 M M 3 128 19 290
14 70 52 61 -3 4 0 0.00 M M 6.3 16 310 M M 3 12 19 310
15 73 52 63 -1 2 0 0.00 M M 5.1 13 310 M M 5 12 17 300
16 75 53 64 0 1 0 0.00 M M 4.8 12 290 M M 4 12 15 280
17 76 53 65 1 0 0 0.00 M M 4.6 12 320 M M 6 128 16 300
18 77 54 66 2 0 1 0.00 M M 5.0 14 310 M M 4 128 16 310
19 70 54 62 -2 3 0 0.00 M M 4.9 13 290 M M 6 18 16 300
20 71 53 62 -2 3 0 0.00 M M 5.1 14 290 M M 6 128 17 290
21 71 52 62 -2 3 0 0.00 M M 4.6 13 310 M M 5 128 17 310
22 73 52 63 -1 2 0 0.00 M M 4.6 12 280 M M 4 18 15 280
23 77 55 66 2 0 1 0.00 M M 4.9 14 310 M M 3 128 20 310
24 77 54 66 2 0 1 0.00 M M 4.0 13 290 M M 3 128 15 290
25 81 55 68 4 0 3 0.00 M M 4.5 13 290 M M 1 18 16 290
26 71 54 63 -1 2 0 0.00 M M 5.9 14 300 M M 3 18 18 300
27 71 54 63 -1 2 0 0.00 M M 5.3 15 290 M M 4 128 19 300
28 74 53 64 0 1 0 0.00 M M 4.6 13 300 M M 1 18 16 310
29 74 53 64 0 1 0 0.00 M M 5.3 14 300 M M 0 18 22 230
30 77 52 65 1 0 0 0.00 M M 5.5 15 310 M M 1 18 19 300
31 72 51 62 -2 3 0 0.00 M M 4.6 13 300 M M 3 128 19 310
================================================================================
SM 2262 1631 65 6 0.00 M 177.1 M 137
================================================================================
AV 73.0 52.6 5.7 FASTST M M 4 MAX(MPH)
MISC ----> 25 290 31 290
================================================================================
NOTES:
# LAST OF SEVERAL OCCURRENCES
COLUMN 17 PEAK WIND IN M.P.H.
PRELIMINARY LOCAL CLIMATOLOGICAL DATA (WS FORM: F-6) , PAGE 2
STATION: SANTA MARIA AIRPORT CA
MONTH: JULY
YEAR: 2023
LATITUDE: 34 54 N
LONGITUDE: 120 27 W
[TEMPERATURE DATA] [PRECIPITATION DATA] SYMBOLS USED IN COLUMN 16
AVERAGE MONTHLY: 62.8 TOTAL FOR MONTH: 0.00 1 = FOG OR MIST
DPTR FM NORMAL: -1.3 DPTR FM NORMAL: -0.03 2 = FOG REDUCING VISIBILITY
HIGHEST: 81 ON 25 GRTST 24HR T ON 2- 2 TO 1/4 MILE OR LESS
LOWEST: 49 ON 12 3 = THUNDER
SNOW, ICE PELLETS, HAIL 4 = ICE PELLETS
TOTAL MONTH: M 5 = HAIL
GRTST 24HR M ON M 6 = FREEZING RAIN OR DRIZZLE
GRTST DEPTH: M ON M 7 = DUSTSTORM OR SANDSTORM:
VSBY 1/2 MILE OR LESS
8 = SMOKE OR HAZE
[NO. OF DAYS WITH] [WEATHER - DAYS WITH] 9 = BLOWING SNOW
X = TORNADO
MAX 32 OR BELOW: 0 0.01 INCH OR MORE: 0
MAX 90 OR ABOVE: 0 0.10 INCH OR MORE: 0
MIN 32 OR BELOW: 0 0.50 INCH OR MORE: 0
MIN 0 OR BELOW: 0 1.00 INCH OR MORE: 0
[HDD (BASE 65) ]
TOTAL THIS MO. 65 CLEAR (SCALE 0-3) 7
DPTR FM NORMAL 10 PTCLDY (SCALE 4-7) 24
TOTAL FM JUL 1 65 CLOUDY (SCALE 8-10) 0
DPTR FM NORMAL 3
[CDD (BASE 65) ]
TOTAL THIS MO. 6
DPTR FM NORMAL -21 [PRESSURE DATA]
TOTAL FM JAN 1 8 HIGHEST SLP 30.05 ON 24
DPTR FM NORMAL -46 LOWEST SLP 29.85 ON 23
[REMARKS]
#FINAL-07-23#