000
CXUS56 KSGX 011145
CF6SNA
PRELIMINARY LOCAL CLIMATOLOGICAL DATA (WS FORM: F-6)
STATION: JOHN WAYNE AIRPORT CA
MONTH: FEBRUARY
YEAR: 2023
LATITUDE: 33 40 N
LONGITUDE: 117 53 W
TEMPERATURE IN F: :PCPN: SNOW: WIND :SUNSHINE: SKY :PK WND
================================================================================
1 2 3 4 5 6A 6B 7 8 9 10 11 12 13 14 15 16 17 18
12Z AVG MX 2MIN
DY MAX MIN AVG DEP HDD CDD WTR SNW DPTH SPD SPD DIR MIN PSBL S-S WX SPD DR
================================================================================
1 67 42 55 -3 10 0 0.00 M M 4.6 15 200 M M 0 18 210
2 70 43 57 -1 8 0 0.00 M M 1.4 8 250 M M 4 10 240
3 71 50 61 3 4 0 0.00 M M 2.6 9 220 M M 3 12 200
4 70 46 58 0 7 0 0.00 M M 2.5 14 190 M M 1 16 190
5 64 53 59 1 6 0 T M M 3.7 14 270 M M 4 19 260
6 69 47 58 0 7 0 0.00 M M 3.1 13 290 M M 1 17 270
7 74 52 63 5 2 0 0.00 M M 6.5 20 60 M M 0 25 50
8 71 48 60 2 5 0 0.00 M M 2.6 10 200 M M 0 13 220
9 76 48 62 4 3 0 0.00 M M 3.9 13 210 M M 0 17 50
10 75 48 62 4 3 0 0.00 M M 3.2 9 220 M M 4 12 210
11 63 50 57 -1 8 0 0.00 M M 5.8 21 210 M M 4 26 210
12 60 45 53 -5 12 0 0.00 M M 4.2 12 160 M M 4 17 210
13 63 51 57 -1 8 0 0.03 M M 6.1 16 200 M M 4 20 170
14 59 52 56 -2 9 0 T M M 7.2 15 220 M M 8 23 220
15 66 42 54 -4 11 0 0.00 M M 5.4 21 30 M M 0 29 70
16 66 44 55 -3 10 0 0.00 M M 5.8 16 40 M M 6 25 80
17 68 45 57 -1 8 0 0.00 M M 2.6 13 220 M M 4 8 15 220
18 67 46 57 -1 8 0 0.00 M M 2.7 14 210 M M 4 17 200
19 65 44 55 -3 10 0 0.00 M M 3.9 15 200 M M 3 18 200
20 71 48 60 2 5 0 0.00 M M 3.0 10 210 M M 1 13 170
21 63 51 57 -1 8 0 0.01 M M 8.6 23 260 M M 5 18 34 260
22 56 50 53 -6 12 0 0.00 M M 11.4 21 250 M M 3 32 250
23 55 46 51 -8 14 0 0.31 M M 5.7 16 190 M M 8 20 220
24 59 47 53 -6 12 0 0.55 M M 15.0 28 140 M M 9 1 42 150
25 56 45 51 -8 14 0 2.08 M M 7.6 25 150 M M 9 13 38 150
26 56 41 49 -10 16 0 0.04 M M 5.0 14 230 M M 6 1 21 210
27 57 46 52 -7 13 0 0.05 M M 5.8 17 170 M M 7 18 23 170
28 59 50 55 -4 10 0 0.21 M M 6.7 16 210 M M 6 1 22 220
================================================================================
SM 1816 1320 243 0 3.28 M 146.6 M 108
================================================================================
AV 64.9 47.1 5.2 FASTST M M 4 MAX(MPH)
MISC ----> 28 140 42 150
================================================================================
NOTES:
# LAST OF SEVERAL OCCURRENCES
COLUMN 17 PEAK WIND IN M.P.H.
PRELIMINARY LOCAL CLIMATOLOGICAL DATA (WS FORM: F-6) , PAGE 2
STATION: JOHN WAYNE AIRPORT CA
MONTH: FEBRUARY
YEAR: 2023
LATITUDE: 33 40 N
LONGITUDE: 117 53 W
[TEMPERATURE DATA] [PRECIPITATION DATA] SYMBOLS USED IN COLUMN 16
AVERAGE MONTHLY: 56.0 TOTAL FOR MONTH: 3.28 1 = FOG OR MIST
DPTR FM NORMAL: -2.4 DPTR FM NORMAL: 0.64 2 = FOG REDUCING VISIBILITY
HIGHEST: 76 ON 9 GRTST 24HR 2.40 ON 24-25 TO 1/4 MILE OR LESS
LOWEST: 41 ON 26 3 = THUNDER
SNOW, ICE PELLETS, HAIL 4 = ICE PELLETS
TOTAL MONTH: M 5 = HAIL
GRTST 24HR M ON M 6 = FREEZING RAIN OR DRIZZLE
GRTST DEPTH: M ON M 7 = DUSTSTORM OR SANDSTORM:
VSBY 1/2 MILE OR LESS
8 = SMOKE OR HAZE
[NO. OF DAYS WITH] [WEATHER - DAYS WITH] 9 = BLOWING SNOW
X = TORNADO
MAX 32 OR BELOW: 0 0.01 INCH OR MORE: 8
MAX 90 OR ABOVE: 0 0.10 INCH OR MORE: 4
MIN 32 OR BELOW: 0 0.50 INCH OR MORE: 2
MIN 0 OR BELOW: 0 1.00 INCH OR MORE: 1
[HDD (BASE 65) ]
TOTAL THIS MO. 243 CLEAR (SCALE 0-3) 9
DPTR FM NORMAL 51 PTCLDY (SCALE 4-7) 17
TOTAL FM JUL 1 788 CLOUDY (SCALE 8-10) 2
DPTR FM NORMAL 2
[CDD (BASE 65) ]
TOTAL THIS MO. 0
DPTR FM NORMAL -7 [PRESSURE DATA]
TOTAL FM JAN 1 0 HIGHEST SLP 30.35 ON 2
DPTR FM NORMAL -7 LOWEST SLP 29.65 ON 22
[REMARKS]
#FINAL-02-23#