000
CXAK56 PAFC 011434
CF6SNP
PRELIMINARY LOCAL CLIMATOLOGICAL DATA (WS FORM: F-6)
STATION: SAINT PAUL ISLAND
MONTH: AUGUST
YEAR: 2021
LATITUDE: 57 9 N
LONGITUDE: 170 13 W
TEMPERATURE IN F: :PCPN: SNOW: WIND :SUNSHINE: SKY :PK WND
================================================================================
1 2 3 4 5 6A 6B 7 8 9 10 11 12 13 14 15 16 17 18
12Z AVG MX 2MIN
DY MAX MIN AVG DEP HDD CDD WTR SNW DPTH SPD SPD DIR MIN PSBL S-S WX SPD DR
================================================================================
1 52 49 51 2 14 0 T M M 15.8 21 160 M M 10 12 24 180
2 53 49 51 2 14 0 0.10 M M 19.7 26 150 M M 8 1 33 150
3 50 47 49 0 16 0 1.50 M M 13.8 21 120 M M 10 1 28 120
4 54 47 51 2 14 0 0.24 M M 15.8 28 240 M M 7 1 36 240
5 52 47 50 1 15 0 0.00 M M 8.9 15 140 M M 10 1 18 140
6 54 44 49 -1 16 0 T M M 7.7 14 90 M M 8 1 17 100
7 50 48 49 -1 16 0 0.84 M M 21.9 32 30 M M 10 1 41 40
8 51 47 49 -1 16 0 0.06 M M 18.1 30 360 M M 10 1 36 350
9 52 48 50 0 15 0 0.07 M M 11.8 16 310 M M 10 1 20 320
10 53 46 50 0 15 0 0.04 M M 9.5 15 260 M M 10 1 18 290
11 54 46 50 0 15 0 0.01 M M 6.4 12 10 M M 10 12 16 10
12 53 44 49 -1 16 0 T M M 7.3 15 20 M M 10 1 17 250
13 55 44 50 0 15 0 0.00 M M 5.8 14 220 M M 8 1 18 220
14 54 46 50 0 15 0 0.00 M M 14.4 23 250 M M 9 1 28 260
15 55 48 52 2 13 0 T M M 14.0 18 220 M M 5 1 M M
16 54 48 51 1 14 0 T M M 9.8 17 20 M M 10 18 21 40
17 53 48 51 1 14 0 0.00 M M 5.4 9 190 M M 10 18 12 350
18 53 48 51 1 14 0 0.02 M M 15.0 22 230 M M 10 1 26 230
19 52 47 50 0 15 0 0.01 M M 10.7 21 240 M M 10 1 26 240
20 52 47 50 0 15 0 0.12 M M 11.3 20 80 M M 10 1 25 80
21 55 48 52 2 13 0 0.59 M M 11.1 18 80 M M 10 12 24 90
22 54 48 51 1 14 0 0.05 M M 18.5 26 290 M M 10 1 32 300
23 53 47 50 0 15 0 0.01 M M 10.8 23 310 M M 10 1 29 310
24 51 45 48 -2 17 0 0.12 M M 6.8 15 260 M M 10 1 17 260
25 57 47 52 2 13 0 0.02 M M 4.8 12 260 M M 10 1 14 260
26 54 43 49 -1 16 0 0.01 M M 9.8 17 260 M M 10 1 20 270
27 53 44 49 0 16 0 0.06 M M 6.9 14 160 M M 10 18 16 160
28 55 49 52 3 13 0 0.01 M M 10.1 17 240 M M 9 1 20 230
29 53 49 51 2 14 0 0.01 M M 8.4 15 140 M M 10 1 18 150
30 52 50 51 2 14 0 0.09 M M 14.1 21 90 M M 10 12 26 110
31 53 50 52 3 13 0 0.17 M M 10.2 14 150 M M 10 1 17 150
================================================================================
SM 1646 1458 455 0 4.15 M 354.6 M 294
================================================================================
AV 53.1 47.0 11.4 FASTST M M 9 MAX(MPH)
MISC ----> 32 30 41 40
================================================================================
NOTES:
# LAST OF SEVERAL OCCURRENCES
COLUMN 17 PEAK WIND IN M.P.H.
PRELIMINARY LOCAL CLIMATOLOGICAL DATA (WS FORM: F-6) , PAGE 2
STATION: SAINT PAUL ISLAND
MONTH: AUGUST
YEAR: 2021
LATITUDE: 57 9 N
LONGITUDE: 170 13 W
[TEMPERATURE DATA] [PRECIPITATION DATA] SYMBOLS USED IN COLUMN 16
AVERAGE MONTHLY: 50.1 TOTAL FOR MONTH: 4.15 1 = FOG OR MIST
DPTR FM NORMAL: 0.6 DPTR FM NORMAL: 1.09 2 = FOG REDUCING VISIBILITY
HIGHEST: 57 ON 25 GRTST 24HR 1.74 ON 3- 4 TO 1/4 MILE OR LESS
LOWEST: 43 ON 26 3 = THUNDER
SNOW, ICE PELLETS, HAIL 4 = ICE PELLETS
TOTAL MONTH: M 5 = HAIL
GRTST 24HR M ON M 6 = FREEZING RAIN OR DRIZZLE
GRTST DEPTH: M ON M 7 = DUSTSTORM OR SANDSTORM:
VSBY 1/2 MILE OR LESS
8 = SMOKE OR HAZE
[NO. OF DAYS WITH] [WEATHER - DAYS WITH] 9 = BLOWING SNOW
X = TORNADO
MAX 32 OR BELOW: 0 0.01 INCH OR MORE: 22
MAX 90 OR ABOVE: 0 0.10 INCH OR MORE: 8
MIN 32 OR BELOW: 0 0.50 INCH OR MORE: 3
MIN 0 OR BELOW: 0 1.00 INCH OR MORE: 1
[HDD (BASE 65) ]
TOTAL THIS MO. 455 CLEAR (SCALE 0-3) 0
DPTR FM NORMAL -24 PTCLDY (SCALE 4-7) 4
TOTAL FM JUL 1 968 CLOUDY (SCALE 8-10) 27
DPTR FM NORMAL -40
[CDD (BASE 65) ]
TOTAL THIS MO. 0
DPTR FM NORMAL 0 [PRESSURE DATA]
TOTAL FM JAN 1 0 HIGHEST SLP 30.30 ON 20
DPTR FM NORMAL 0 LOWEST SLP 29.27 ON 8
[REMARKS]
#FINAL-08-21#