000
CXUS56 KMTR 011100
CF6SNS
PRELIMINARY LOCAL CLIMATOLOGICAL DATA (WS FORM: F-6)
STATION: SALINAS AIRPORT
MONTH: NOVEMBER
YEAR: 2021
LATITUDE: 36 40 N
LONGITUDE: 121 36 W
TEMPERATURE IN F: :PCPN: SNOW: WIND :SUNSHINE: SKY :PK WND
================================================================================
1 2 3 4 5 6A 6B 7 8 9 10 11 12 13 14 15 16 17 18
12Z AVG MX 2MIN
DY MAX MIN AVG DEP HDD CDD WTR SNW DPTH SPD SPD DIR MIN PSBL S-S WX SPD DR
================================================================================
1 69 54 62 3 3 0 T M M 6.8 16 160 M M 5 20 150
2 74 58 66 7 0 1 0.02 M M 6.7 15 290 M M 6 128 18 290
3 77 56 67 8 0 2 0.00 M M 5.6 18 310 M M 5 128 23 310
4 70 52 61 2 4 0 0.04 M M 4.2 14 270 M M 4 18 16 270
5 72 46 59 1 6 0 0.00 M M 4.1 17 290 M M 0 18 21 290
6 71 48 60 2 5 0 0.00 M M 6.6 17 290 M M 0 18 22 280
7 66 46 56 -2 9 0 0.00 M M 6.3 17 300 M M 0 8 21 300
8 69 42 56 -2 9 0 0.01 M M 10.7 21 140 M M 2 8 25 130
9 70 52 61 3 4 0 0.50 M M 13.8 30 130 M M 8 128 38 140
10 71 54 63 6 2 0 0.00 M M 3.5 14 300 M M 5 18 24 300
11 79 49 64 7 1 0 0.00 M M 2.7 15 280 M M 0 1 17 280
12 79 51 65 8 0 0 0.00 M M 5.3 16 290 M M 0 19 290
13 83 49 66 9 0 1 0.00 M M 4.5 14 270 M M 0 16 270
14 86 52 69 13 0 4 0.00 M M 8.5 21 130 M M 0 24 120
15 73 51 62 6 3 0 0.00 M M 8.7 17 130 M M 2 12 20 130
16 70 50 60 4 5 0 0.00 M M 5.4 17 280 M M 6 12 20 280
17 69 50 60 4 5 0 0.00 M M 6.1 14 310 M M 6 12 17 300
18 63 50 57 1 8 0 T M M 6.7 15 320 M M 8 18 18 300
19 70 54 62 7 3 0 T M M 5.0 13 310 M M 8 18 M M
20 74 52 63 8 2 0 0.00 M M 4.8 13 20 M M 3 18 15 20
21 79 46 63 8 2 0 0.00 M M 9.5 25 130 M M 0 29 130
22 80 47 64 10 1 0 0.00 M M 10.3 25 130 M M 0 30 130
23 70 42 56 2 9 0 0.00 M M 5.9 17 290 M M 0 21 290
24 70 38 54 0 11 0 0.00 M M 3.6 16 360 M M 0 18 360
25 78 43 61 7 4 0 0.00 M M 9.0 22 110 M M 0 24 120
26 75 48 62 8 3 0 0.00 M M 8.1 20 120 M M 0 25 130
27 78 44 61 8 4 0 0.00 M M 6.1 15 270 M M 0 17 290
28 79 49 64 11 1 0 0.00 M M 6.9 16 300 M M 0 18 140
29 76 45 61 8 4 0 0.00 M M 6.6 16 280 M M 0 1 19 290
30 80 45 63 10 2 0 0.00 M M 4.9 13 300 M M 0 1 15 300
================================================================================
SM 2220 1463 110 8 0.57 M 196.9 M 68
================================================================================
AV 74.0 48.8 6.6 FASTST M M 2 MAX(MPH)
MISC ----> 30 130 38 140
================================================================================
NOTES:
# LAST OF SEVERAL OCCURRENCES
COLUMN 17 PEAK WIND IN M.P.H.
PRELIMINARY LOCAL CLIMATOLOGICAL DATA (WS FORM: F-6) , PAGE 2
STATION: SALINAS AIRPORT
MONTH: NOVEMBER
YEAR: 2021
LATITUDE: 36 40 N
LONGITUDE: 121 36 W
[TEMPERATURE DATA] [PRECIPITATION DATA] SYMBOLS USED IN COLUMN 16
AVERAGE MONTHLY: 61.4 TOTAL FOR MONTH: 0.57 1 = FOG OR MIST
DPTR FM NORMAL: 5.3 DPTR FM NORMAL: -0.69 2 = FOG REDUCING VISIBILITY
HIGHEST: 86 ON 14 GRTST 24HR 0.51 ON 8- 9 TO 1/4 MILE OR LESS
LOWEST: 38 ON 24 3 = THUNDER
SNOW, ICE PELLETS, HAIL 4 = ICE PELLETS
TOTAL MONTH: M 5 = HAIL
GRTST 24HR M ON M 6 = FREEZING RAIN OR DRIZZLE
GRTST DEPTH: M ON M 7 = DUSTSTORM OR SANDSTORM:
VSBY 1/2 MILE OR LESS
8 = SMOKE OR HAZE
[NO. OF DAYS WITH] [WEATHER - DAYS WITH] 9 = BLOWING SNOW
X = TORNADO
MAX 32 OR BELOW: 0 0.01 INCH OR MORE: 4
MAX 90 OR ABOVE: 0 0.10 INCH OR MORE: 1
MIN 32 OR BELOW: 0 0.50 INCH OR MORE: 1
MIN 0 OR BELOW: 0 1.00 INCH OR MORE: 0
[HDD (BASE 65) ]
TOTAL THIS MO. 110 CLEAR (SCALE 0-3) 20
DPTR FM NORMAL -163 PTCLDY (SCALE 4-7) 10
TOTAL FM JUL 1 272 CLOUDY (SCALE 8-10) 0
DPTR FM NORMAL -331
[CDD (BASE 65) ]
TOTAL THIS MO. 8
DPTR FM NORMAL 3 [PRESSURE DATA]
TOTAL FM JAN 1 146 HIGHEST SLP 30.38 ON 25
DPTR FM NORMAL 13 LOWEST SLP 30.02 ON 8
[REMARKS]
#FINAL-11-21#