000
CXUS56 KMTR 010900
CF6SNS
PRELIMINARY LOCAL CLIMATOLOGICAL DATA (WS FORM: F-6)
STATION: SALINAS AIRPORT
MONTH: SEPTEMBER
YEAR: 2023
LATITUDE: 36 40 N
LONGITUDE: 121 36 W
TEMPERATURE IN F: :PCPN: SNOW: WIND :SUNSHINE: SKY :PK WND
================================================================================
1 2 3 4 5 6A 6B 7 8 9 10 11 12 13 14 15 16 17 18
12Z AVG MX 2MIN
DY MAX MIN AVG DEP HDD CDD WTR SNW DPTH SPD SPD DIR MIN PSBL S-S WX SPD DR
================================================================================
1 74 61 68 4 0 3 0.00 M M 7.2 17 290 M M 8 1 23 290
2 73 61 67 3 0 2 0.00 M M 5.4 12 310 M M 9 17 300
3 74 63 69 5 0 4 0.00 M M 6.7 17 310 M M 7 23 310
4 73 56 65 0 0 0 0.00 M M 7.8 18 290 M M 4 1X 24 290
5 70 54 62 -3 3 0 0.00 M M 6.9 16 320 M M 5 12 23 290
6 72 58 65 0 0 0 0.00 M M 7.0 16 310 M M 4 22 330
7 74 57 66 2 0 1 0.00 M M 5.4 16 310 M M 6 21 300
8 77 53 65 1 0 0 0.00 M M 7.8 15 320 M M 5 12 20 320
9 75 55 65 1 0 0 T M M 7.1 15 310 M M 4 138 21 300
10 73 55 64 0 1 0 0.00 M M 7.8 17 290 M M 4 1 23 290
11 71 51 61 -3 4 0 0.00 M M 7.9 20 290 M M 5 12 26 300
12 66 58 62 -2 3 0 0.00 M M 7.9 15 310 M M 9 1 21 320
13 69 55 62 -2 3 0 0.00 M M 6.9 17 290 M M 9 1 25 290
14 70 57 64 0 1 0 0.00 M M 6.3 17 300 M M 8 18 23 290
15 70 60 65 1 0 0 T M M 7.4 16 280 M M 8 22 300
16 71 61 66 2 0 1 T M M 6.4 16 300 M M 9 1 22 310
17 74 62 68 4 0 3 0.00 M M 6.5 14 310 M M 4 21 300
18 74 57 66 2 0 1 0.00 M M 5.8 15 300 M M 3 22 300
19 73 55 64 0 1 0 0.00 M M 7.1 16 290 M M 2 8 22 280
20 69 59 64 0 1 0 0.00 M M 7.4 17 330 M M 9 18 23 330
21 73 57 65 1 0 0 0.00 M M 7.4 17 330 M M 6 8 22 320
22 71 51 61 -3 4 0 0.00 M M 6.7 17 290 M M 5 18 22 300
23 69 54 62 -2 3 0 0.00 M M 5.1 16 290 M M 5 8 22 310
24 68 52 60 -4 5 0 0.00 M M 5.1 16 300 M M 5 18 23 320
25 73 51 62 -2 3 0 0.00 M M 5.5 16 300 M M 1 22 300
26 77 53 65 1 0 0 0.00 M M 8.1 21 280 M M 2 26 280
27 76 55 66 2 0 1 0.00 M M 9.5 17 250 M M 2 23 270
28 75 57 66 2 0 1 0.00 M M 7.8 17 290 M M 3 23 300
29 71 56 64 0 1 0 T M M 8.9 16 290 M M 6 1 22 270
30 62 57 60 -3 5 0 0.09 M M 9.0 20 270 M M 10 18 28 270
================================================================================
SM 2157 1691 38 17 0.09 M 211.8 M 167
================================================================================
AV 71.9 56.4 7.1 FASTST M M 6 MAX(MPH)
MISC ----> 21 280 28 270
================================================================================
NOTES:
# LAST OF SEVERAL OCCURRENCES
COLUMN 17 PEAK WIND IN M.P.H.
PRELIMINARY LOCAL CLIMATOLOGICAL DATA (WS FORM: F-6) , PAGE 2
STATION: SALINAS AIRPORT
MONTH: SEPTEMBER
YEAR: 2023
LATITUDE: 36 40 N
LONGITUDE: 121 36 W
[TEMPERATURE DATA] [PRECIPITATION DATA] SYMBOLS USED IN COLUMN 16
AVERAGE MONTHLY: 64.1 TOTAL FOR MONTH: 0.09 1 = FOG OR MIST
DPTR FM NORMAL: -0.1 DPTR FM NORMAL: 0.04 2 = FOG REDUCING VISIBILITY
HIGHEST: 77 ON 26, 8 GRTST 24HR 0.09 ON 30-30 TO 1/4 MILE OR LESS
LOWEST: 51 ON 25,22 3 = THUNDER
SNOW, ICE PELLETS, HAIL 4 = ICE PELLETS
TOTAL MONTH: M 5 = HAIL
GRTST 24HR M ON M 6 = FREEZING RAIN OR DRIZZLE
GRTST DEPTH: M ON M 7 = DUSTSTORM OR SANDSTORM:
VSBY 1/2 MILE OR LESS
8 = SMOKE OR HAZE
[NO. OF DAYS WITH] [WEATHER - DAYS WITH] 9 = BLOWING SNOW
X = TORNADO
MAX 32 OR BELOW: 0 0.01 INCH OR MORE: 1
MAX 90 OR ABOVE: 0 0.10 INCH OR MORE: 0
MIN 32 OR BELOW: 0 0.50 INCH OR MORE: 0
MIN 0 OR BELOW: 0 1.00 INCH OR MORE: 0
[HDD (BASE 65) ]
TOTAL THIS MO. 38 CLEAR (SCALE 0-3) 5
DPTR FM NORMAL -23 PTCLDY (SCALE 4-7) 16
TOTAL FM JUL 1 57 CLOUDY (SCALE 8-10) 9
DPTR FM NORMAL -144
[CDD (BASE 65) ]
TOTAL THIS MO. 17
DPTR FM NORMAL -20 [PRESSURE DATA]
TOTAL FM JAN 1 106 HIGHEST SLP M ON M
DPTR FM NORMAL 5 LOWEST SLP 29.82 ON 30
[REMARKS]
#FINAL-09-23#