000
CXUS55 KPIH 011100
CF6SNT
PRELIMINARY LOCAL CLIMATOLOGICAL DATA (WS FORM: F-6)
STATION: STANLEY
MONTH: MAY
YEAR: 2021
LATITUDE: 44 10 N
LONGITUDE: 114 56 W
TEMPERATURE IN F: :PCPN: SNOW: WIND :SUNSHINE: SKY :PK WND
================================================================================
1 2 3 4 5 6A 6B 7 8 9 10 11 12 13 14 15 16 17 18
12Z AVG MX 2MIN
DY MAX MIN AVG DEP HDD CDD WTR SNW DPTH SPD SPD DIR MIN PSBL S-S WX SPD DR
================================================================================
1 65 33 49 9 16 0 0.02 M M 4.0 20 330 M M 0 32 320
2 52 33 43 3 22 0 0.00 M M 5.1 14 330 M M 0 26 320
3 55 25 40 -1 25 0 0.00 M M 2.4 12 320 M M 0 18 310
4 57 26 42 1 23 0 0.00 M M 4.0 16 320 M M 0 27 300
5 63 21 42 0 23 0 0.00 M M 3.8 13 220 M M 0 20 220
6 75 23 49 7 16 0 0.02 M M 4.0 18 170 M M 0 31 160
7 56 32 44 2 21 0 0.01 M M 5.0 14 310 M M 0 26 290
8 47 20 34 -9 31 0 0.00 M M 6.0 21 340 M M 0 35 330
9 50 17 34 -9 31 0 0.00 M M 4.3 14 350 M M M 25 30
10 48 16 32 -12 33 0 0.05 M M 4.1 16 20 M M 0 26 360
11 59 17 38 -6 27 0 0.00 M M 3.4 13 280 M M 0 21 320
12 64 21 43 -1 22 0 0.00 M M 3.0 14 210 M M 0 28 290
13 68 30 49 5 16 0 0.00 M M 4.1 15 170 M M 0 26 340
14 62 30 46 1 19 0 0.00 M M 3.2 15 300 M M 0 26 260
15 69 29 49 4 16 0 0.00 M M 3.5 14 330 M M 0 24 340
16 73 27 50 5 15 0 0.00 M M 4.0 14 350 M M 0 26 340
17 72 31 52 6 13 0 0.00 M M 4.3 14 260 M M 0 25 270
18 64 32 48 2 17 0 0.00 M M 4.5 17 210 M M 0 29 160
19 62 28 45 -1 20 0 0.05 M M 6.5 17 200 M M 0 29 170
20 55 33 44 -2 21 0 0.00 M M 5.3 15 30 M M 0 25 30
21 52 34 43 -4 22 0 0.20 M M 4.4 13 10 M M 0 22 20
22 54 30 42 -5 23 0 0.13 M M 6.6 22 170 M M 0 37 160
23 50 26 38 -9 27 0 0.04 M M 2.3 18 10 M M 0 29 360
24 54 35 45 -2 20 0 0.05 M M 4.0 13 190 M M 0 20 330
25 56 32 44 -4 21 0 0.18 M M 3.8 14 140 M M 0 24 150
26 59 32 46 -2 19 0 0.15 M M 3.3 13 340 M M 0 22 350
27 67 25 46 -2 19 0 0.00 M M 4.0 15 190 M M 0 23 150
28 62 30 46 -2 19 0 0.00 M M 5.2 14 320 M M 0 26 340
29 68 23 46 -2 19 0 0.00 M M 4.0 12 350 M M 0 18 330
30 72 26 49 1 16 0 0.00 M M 3.7 13 340 M M 0 18 320
31 77 30 54 5 11 0 0.00 M M 4.1 15 300 M M 0 24 290
================================================================================
SM 1887 847 643 0 0.90 M 129.9 M 0
================================================================================
AV 60.9 27.3 4.2 FASTST M M 0 MAX(MPH)
MISC ----> 22 170 37 160
================================================================================
NOTES:
# LAST OF SEVERAL OCCURRENCES
COLUMN 17 PEAK WIND IN M.P.H.
PRELIMINARY LOCAL CLIMATOLOGICAL DATA (WS FORM: F-6) , PAGE 2
STATION: STANLEY
MONTH: MAY
YEAR: 2021
LATITUDE: 44 10 N
LONGITUDE: 114 56 W
[TEMPERATURE DATA] [PRECIPITATION DATA] SYMBOLS USED IN COLUMN 16
AVERAGE MONTHLY: 44.1 TOTAL FOR MONTH: 0.90 1 = FOG OR MIST
DPTR FM NORMAL: -0.9 DPTR FM NORMAL: -0.59 2 = FOG REDUCING VISIBILITY
HIGHEST: 77 ON 31 GRTST 24HR 0.33 ON 21-22 TO 1/4 MILE OR LESS
LOWEST: 16 ON 10 3 = THUNDER
SNOW, ICE PELLETS, HAIL 4 = ICE PELLETS
TOTAL MONTH: M 5 = HAIL
GRTST 24HR M ON M 6 = FREEZING RAIN OR DRIZZLE
GRTST DEPTH: M ON M 7 = DUSTSTORM OR SANDSTORM:
VSBY 1/2 MILE OR LESS
8 = SMOKE OR HAZE
[NO. OF DAYS WITH] [WEATHER - DAYS WITH] 9 = BLOWING SNOW
X = TORNADO
MAX 32 OR BELOW: 0 0.01 INCH OR MORE: 11
MAX 90 OR ABOVE: 0 0.10 INCH OR MORE: 4
MIN 32 OR BELOW: 26 0.50 INCH OR MORE: 0
MIN 0 OR BELOW: 0 1.00 INCH OR MORE: 0
[HDD (BASE 65) ]
TOTAL THIS MO. 643 CLEAR (SCALE 0-3) 30
DPTR FM NORMAL 23 PTCLDY (SCALE 4-7) 0
TOTAL FM JUL 1 9751 CLOUDY (SCALE 8-10) 1
DPTR FM NORMAL 93
[CDD (BASE 65) ]
TOTAL THIS MO. 0
DPTR FM NORMAL 0 [PRESSURE DATA]
TOTAL FM JAN 1 0 HIGHEST SLP 30.23 ON 5
DPTR FM NORMAL 0 LOWEST SLP 29.54 ON 20
[REMARKS]
#FINAL-05-21#