000
CXUS55 KCYS 091555
CF6SNY
PRELIMINARY LOCAL CLIMATOLOGICAL DATA (WS FORM: F-6) ...CORRECTED...
STATION: SIDNEY NEBRASKA AIRPORT
MONTH: MAY
YEAR: 2020
LATITUDE: 41 5 N
LONGITUDE: 102 59 W
TEMPERATURE IN F: :PCPN: SNOW: WIND :SUNSHINE: SKY :PK WND
================================================================================
1 2 3 4 5 6A 6B 7 8 9 10 11 12 13 14 15 16 17 18
12Z AVG MX 2MIN
DY MAX MIN AVG DEP HDD CDD WTR SNW DPTH SPD SPD DIR MIN PSBL S-S WX SPD DR
================================================================================
1 82 52 67 14 0 2 0.07 M M 13.2 45 310 M M 1 1 58 300
2 55 47 51 -2 14 0 0.11 M M 8.8 25 130 M M 9 13 32 140
3 76 42 59 5 6 0 0.45 M M 9.5 35 290 M M 5 1238 45 290
4 59 32 46 -8 19 0 0.40 M M 14.2 29 350 M M 6 1 37 340
5 68 32 50 -4 15 0 0.00 M M 11.1 22 330 M M 0 29 330
6 67 27 47 -8 18 0 0.00 M M 11.3 23 160 M M 0 31 160
7 64 38 51 -4 14 0 0.00 M M 20.4 40 350 M M 2 59 340
8 57 36 47 -8 18 0 0.00 M M 9.9 20 180 M M 5 29 170
9 58 32 45 -11 20 0 T M M 15.3 32 350 M M 5 43 330
10 60 33 47 -9 18 0 0.00 M M 9.1 23 80 M M 7 30 80
11 38 30 34 -22 31 0 0.00 M M 18.6 28 130 M M 9 1 36 130
12 48 33 41 -15 24 0 0.00 M M 19.1 30 170 M M 10 1 41 160
13 71 41 56 -1 9 0 0.00 M M 10.1 23 170 M M 4 1 30 180
14 75 42 59 2 6 0 0.01 M M 10.3 20 310 M M 6 27 320
15 70 47 59 2 6 0 1.05 M M 10.1 23 170 M M 7 13 31 170
16 67 40 54 -4 11 0 0.00 M M 13.9 32 340 M M 4 12 41 350
17 68 39 54 -4 11 0 0.00 M M 8.0 14 120 M M 2 20 80
18 77 42 60 2 5 0 0.00 M M 14.0 22 160 M M 0 29 140
19 82 48 65 7 0 0 0.00 M M 18.2 29 150 M M 0 40 140
20 80 51 66 7 0 1 0.02 M M 21.2 37 140 M M 2 3 49 140
21 75 45 60 1 5 0 0.15 M M 7.5 23 300 M M 2 3 30 320
22 80 46 63 4 2 0 0.00 M M 11.3 23 130 M M 1 12 32 130
23 78 51 65 5 0 0 0.22 M M 16.1 53 290 M M 3 38 75 250
24 62 46 54 -6 11 0 0.02 M M 16.8 28 350 M M 6 1 37 340
25 66 37 52 -8 13 0 0.00 M M 10.2 21 340 M M 4 27 360
26 79 32 56 -4 9 0 0.00 M M 9.2 22 350 M M 0 27 350
27 82 43 63 2 2 0 0.01 M M 6.9 14 110 M M 2 23 170
28 72 49 61 0 4 0 0.00 M M 8.7 17 30 M M 4 24 30
29 85 46 66 5 0 1 0.00 M M 14.7 25 140 M M 0 34 140
30 79 55 67 5 0 2 0.00 M M 10.9 21 130 M M 1 29 120
31 91 48 70 8 0 5 0.34 M M 9.2 35 330 M M 2 123 48 340
================================================================================
SM 2171 1282 291 11 2.85 M 387.8 M 109
================================================================================
AV 70.0 41.4 12.5 FASTST M M 4 MAX(MPH)
MISC ----> # 53 290 # 75 250
================================================================================
NOTES:
# LAST OF SEVERAL OCCURRENCES
COLUMN 17 PEAK WIND IN M.P.H.
PRELIMINARY LOCAL CLIMATOLOGICAL DATA (WS FORM: F-6) , PAGE 2
STATION: SIDNEY NEBRASKA AIRPORT
MONTH: MAY
YEAR: 2020
LATITUDE: 41 5 N
LONGITUDE: 102 59 W
[TEMPERATURE DATA] [PRECIPITATION DATA] SYMBOLS USED IN COLUMN 16
AVERAGE MONTHLY: 55.7 TOTAL FOR MONTH: 2.85 1 = FOG OR MIST
DPTR FM NORMAL: -1.9 DPTR FM NORMAL: -0.24 2 = FOG REDUCING VISIBILITY
HIGHEST: 91 ON 31 GRTST 24HR 1.05 ON 15-15 TO 1/4 MILE OR LESS
LOWEST: 27 ON 6 3 = THUNDER
SNOW, ICE PELLETS, HAIL 4 = ICE PELLETS
TOTAL MONTH: M 5 = HAIL
GRTST 24HR M ON M 6 = FREEZING RAIN OR DRIZZLE
GRTST DEPTH: M ON M 7 = DUSTSTORM OR SANDSTORM:
VSBY 1/2 MILE OR LESS
8 = SMOKE OR HAZE
[NO. OF DAYS WITH] [WEATHER - DAYS WITH] 9 = BLOWING SNOW
X = TORNADO
MAX 32 OR BELOW: 0 0.01 INCH OR MORE: 12
MAX 90 OR ABOVE: 1 0.10 INCH OR MORE: 7
MIN 32 OR BELOW: 6 0.50 INCH OR MORE: 1
MIN 0 OR BELOW: 0 1.00 INCH OR MORE: 1
[HDD (BASE 65) ]
TOTAL THIS MO. 291 CLEAR (SCALE 0-3) 16
DPTR FM NORMAL 41 PTCLDY (SCALE 4-7) 12
TOTAL FM JUL 1 6718 CLOUDY (SCALE 8-10) 3
DPTR FM NORMAL 556
[CDD (BASE 65) ]
TOTAL THIS MO. 11
DPTR FM NORMAL -10 [PRESSURE DATA]
TOTAL FM JAN 1 11 HIGHEST SLP 30.41 ON 8
DPTR FM NORMAL -11 LOWEST SLP 29.46 ON 23
[REMARKS]
MAY 15TH...RECORD PRECIP 1.05 INCHES (PREVIOUS 0.95 INCH IN 1952).
MAY 31ST...TIED RECORD HIGH 91 DEGREES SET IN 2002.
#FINAL-05-20#