000
CXUS56 KPQR 011301
CF6SPB
PRELIMINARY LOCAL CLIMATOLOGICAL DATA (WS FORM: F-6)
STATION: SCAPPOOSE OR
MONTH: DECEMBER
YEAR: 2022
LATITUDE: 45 46 N
LONGITUDE: 122 50 W
TEMPERATURE IN F: :PCPN: SNOW: WIND :SUNSHINE: SKY :PK WND
================================================================================
1 2 3 4 5 6A 6B 7 8 9 10 11 12 13 14 15 16 17 18
12Z AVG MX 2MIN
DY MAX MIN AVG DEP HDD CDD WTR SNW DPTH SPD SPD DIR MIN PSBL S-S WX SPD DR
================================================================================
1 44 28 36 -6 29 0 0.14 M M 2.2 9 220 M M 8 1 13 200
2 44 31 38 -3 27 0 0.04 M M 4.0 12 160 M M 10 19 150
3 49 29 39 -2 26 0 0.00 M M 2.7 8 60 M M 3 10 20
4 40 31 36 -5 29 0 0.17 M M 3.0 13 170 M M 8 1 19 170
5 44 33 39 -2 26 0 T M M 0.6 6 130 M M 9 1 7 130
6 41 35 38 -3 27 0 T M M 0.0 5 150 M M 10 1 5 150
7 42 37 40 0 25 0 0.01 M M 2.4 10 150 M M 10 18 13 150
8 39 34 37 -3 28 0 0.35 M M 2.4 7 160 M M 10 12 11 190
9 45 35 40 0 25 0 1.09 M M 5.6 12 150 M M 10 1 15 150
10 50 40 45 5 20 0 0.38 M M 5.4 16 170 M M 10 1 29 150
11 48 37 43 3 22 0 0.00 M M 1.3 9 290 M M 9 1 12 300
12 48 32 40 0 25 0 0.00 M M 2.1 9 350 M M 7 12 350
13 39 27 33 -7 32 0 0.00 M M 0.9 5 230 M M 8 12 6 140
14 47 29 38 -2 27 0 0.00 M M 3.3 12 340 M M 4 12 15 340
15 48 26 37 -3 28 0 0.00 M M 1.8 12 350 M M 0 1 16 340
16 45 25 35 -5 30 0 0.00 M M 1.3 7 290 M M 0 12 8 140
17 36 25 31 -9 34 0 T M M 0.3 6 140 M M 9 128 7 150
18 46 34 40 0 25 0 0.05 M M 2.7 12 250 M M 10 1 17 250
19 41 34 38 -1 27 0 T M M 0.4 6 200 M M 9 1 7 200
20 47 35 41 2 24 0 0.12 M M 2.8 10 140 M M 10 1 13 130
21 41 25 33 -6 32 0 0.00 M M 4.5 10 360 M M 4 8 14 340
22 26 20 23 -16 42 0 0.01 M M 7.4 13 70 M M 6 6 17 60
23 29 20 25 -14 40 0 0.03 M M 5.1 12 170 M M 10 16 18 190
24 34 29 32 -7 33 0 0.55 M M 2.9 24 140 M M 10 126 29 130
25 43 33 38 -1 27 0 0.37 M M 1.5 9 120 M M 10 12 10 120
26 57 40 49 10 16 0 2.66 M M 3.6 14 130 M M 10 1 17 130
27 56 42 49 10 16 0 1.24 M M 10.4 25 210 M M 10 1 38 230
28 48 35 42 3 23 0 0.01 M M 1.8 9 240 M M 8 1 14 240
29 44 40 42 3 23 0 0.99 M M 4.1 13 200 M M 9 1 17 210
30 52 40 46 7 19 0 0.17 M M 2.8 12 130 M M 9 12 14 120
31 50 35 43 4 22 0 0.01 M M 2.3 8 170 M M 8 1 10 160
================================================================================
SM 1363 996 829 0 8.39 M 91.6 M 248
================================================================================
AV 44.0 32.1 3.0 FASTST M M 8 MAX(MPH)
MISC ----> 25 210 38 230
================================================================================
NOTES:
# LAST OF SEVERAL OCCURRENCES
COLUMN 17 PEAK WIND IN M.P.H.
PRELIMINARY LOCAL CLIMATOLOGICAL DATA (WS FORM: F-6) , PAGE 2
STATION: SCAPPOOSE OR
MONTH: DECEMBER
YEAR: 2022
LATITUDE: 45 46 N
LONGITUDE: 122 50 W
[TEMPERATURE DATA] [PRECIPITATION DATA] SYMBOLS USED IN COLUMN 16
AVERAGE MONTHLY: 38.0 TOTAL FOR MONTH: 8.39 1 = FOG OR MIST
DPTR FM NORMAL: -1.9 DPTR FM NORMAL: 1.14 2 = FOG REDUCING VISIBILITY
HIGHEST: 57 ON 26 GRTST 24HR 3.18 ON 26-27 TO 1/4 MILE OR LESS
LOWEST: 20 ON 23,22 3 = THUNDER
SNOW, ICE PELLETS, HAIL 4 = ICE PELLETS
TOTAL MONTH: M 5 = HAIL
GRTST 24HR M ON M 6 = FREEZING RAIN OR DRIZZLE
GRTST DEPTH: M ON M 7 = DUSTSTORM OR SANDSTORM:
VSBY 1/2 MILE OR LESS
8 = SMOKE OR HAZE
[NO. OF DAYS WITH] [WEATHER - DAYS WITH] 9 = BLOWING SNOW
X = TORNADO
MAX 32 OR BELOW: 2 0.01 INCH OR MORE: 19
MAX 90 OR ABOVE: 0 0.10 INCH OR MORE: 12
MIN 32 OR BELOW: 14 0.50 INCH OR MORE: 5
MIN 0 OR BELOW: 0 1.00 INCH OR MORE: 3
[HDD (BASE 65) ]
TOTAL THIS MO. 829 CLEAR (SCALE 0-3) 3
DPTR FM NORMAL 51 PTCLDY (SCALE 4-7) 7
TOTAL FM JUL 1 1768 CLOUDY (SCALE 8-10) 21
DPTR FM NORMAL -148
[CDD (BASE 65) ]
TOTAL THIS MO. 0
DPTR FM NORMAL 0 [PRESSURE DATA]
TOTAL FM JAN 1 609 HIGHEST SLP 30.48 ON 22
DPTR FM NORMAL 275 LOWEST SLP 28.93 ON 27
[REMARKS]
#FINAL-12-22#