000
CXUS56 KPQR 011200
CF6SPB
PRELIMINARY LOCAL CLIMATOLOGICAL DATA (WS FORM: F-6)
STATION: SCAPPOOSE OR
MONTH: MAY
YEAR: 2020
LATITUDE: 45 46 N
LONGITUDE: 122 50 W
TEMPERATURE IN F: :PCPN: SNOW: WIND :SUNSHINE: SKY :PK WND
================================================================================
1 2 3 4 5 6A 6B 7 8 9 10 11 12 13 14 15 16 17 18
12Z AVG MX 2MIN
DY MAX MIN AVG DEP HDD CDD WTR SNW DPTH SPD SPD DIR MIN PSBL S-S WX SPD DR
================================================================================
1 62 36 49 -4 16 0 0.01 M M 3.8 15 160 M M 5 23 170
2 58 44 51 -2 14 0 0.36 M M 3.9 18 240 M M 6 1 25 250
3 58 40 49 -4 16 0 0.22 M M 4.4 13 140 M M 5 17 140
4 68 34 51 -2 14 0 0.12 M M 4.0 16 180 M M 5 1 23 170
5 74 45 60 6 5 0 0.00 M M 5.3 16 240 M M 5 1 23 230
6 64 41 53 -1 12 0 0.09 M M 6.5 16 290 M M 4 1 23 310
7 74 39 57 3 8 0 0.00 M M 6.0 14 70 M M 0 18 60
8 80 43 62 8 3 0 0.00 M M 5.6 16 70 M M 0 20 70
9 87 48 68 14 0 3 0.00 M M 3.6 9 60 M M 0 12 60
10 86 52 69 14 0 4 0.00 M M 2.4 10 110 M M 0 12 90
11 67 48 58 3 7 0 0.19 M M 2.2 10 360 M M 5 1 13 360
12 63 48 56 1 9 0 0.24 M M 5.4 17 220 M M 9 1 24 210
13 64 50 57 2 8 0 0.07 M M 5.7 16 220 M M 8 1 21 220
14 58 50 54 -2 11 0 0.20 M M 2.6 9 200 M M 9 1 13 180
15 67 50 59 3 6 0 0.00 M M 2.3 10 140 M M 7 8 13 140
16 67 51 59 3 6 0 0.13 M M 2.2 12 230 M M 9 1 14 220
17 67 46 57 1 8 0 T M M 4.0 14 320 M M 5 1 21 300
18 63 51 57 1 8 0 0.18 M M 3.2 10 150 M M 8 1 16 240
19 64 51 58 1 7 0 0.06 M M 4.4 14 320 M M 10 1 21 310
20 62 50 56 -1 9 0 0.03 M M 4.4 13 240 M M 10 1 17 240
21 59 45 52 -5 13 0 0.04 M M 3.6 17 280 M M 9 24 270
22 63 41 52 -5 13 0 0.03 M M 4.3 17 300 M M 7 18 29 310
23 61 41 51 -6 14 0 0.00 M M 2.5 10 340 M M 7 12 330
24 73 45 59 2 6 0 0.00 M M 2.6 12 360 M M 4 16 360
25 64 49 57 -1 8 0 0.07 M M 1.2 7 340 M M 8 1 11 120
26 70 55 63 5 2 0 0.00 M M 5.9 15 10 M M 5 1 20 360
27 83 48 66 8 0 1 0.00 M M 7.5 15 350 M M 0 20 360
28 92 50 71 13 0 6 0.00 M M 4.3 12 320 M M 0 17 320
29 82 59 71 13 0 6 0.00 M M 9.5 17 10 M M 1 23 10
30 62 51 57 -1 8 0 0.24 M M 5.4 17 320 M M 5 13 24 320
31 63 50 57 -1 8 0 0.00 M M 4.0 12 360 M M 8 14 40
================================================================================
SM 2125 1451 239 20 2.28 M 132.7 M 164
================================================================================
AV 68.6 46.8 4.3 FASTST M M 5 MAX(MPH)
MISC ----> # 18 240 # 29 310
================================================================================
NOTES:
# LAST OF SEVERAL OCCURRENCES
COLUMN 17 PEAK WIND IN M.P.H.
PRELIMINARY LOCAL CLIMATOLOGICAL DATA (WS FORM: F-6) , PAGE 2
STATION: SCAPPOOSE OR
MONTH: MAY
YEAR: 2020
LATITUDE: 45 46 N
LONGITUDE: 122 50 W
[TEMPERATURE DATA] [PRECIPITATION DATA] SYMBOLS USED IN COLUMN 16
AVERAGE MONTHLY: 57.7 TOTAL FOR MONTH: 2.28 1 = FOG OR MIST
DPTR FM NORMAL: 1.9 DPTR FM NORMAL: -0.41 2 = FOG REDUCING VISIBILITY
HIGHEST: 92 ON 28 GRTST 24HR 0.36 ON 2- 2 TO 1/4 MILE OR LESS
LOWEST: 34 ON 4 3 = THUNDER
SNOW, ICE PELLETS, HAIL 4 = ICE PELLETS
TOTAL MONTH: M 5 = HAIL
GRTST 24HR M ON M 6 = FREEZING RAIN OR DRIZZLE
GRTST DEPTH: M ON M 7 = DUSTSTORM OR SANDSTORM:
VSBY 1/2 MILE OR LESS
8 = SMOKE OR HAZE
[NO. OF DAYS WITH] [WEATHER - DAYS WITH] 9 = BLOWING SNOW
X = TORNADO
MAX 32 OR BELOW: 0 0.01 INCH OR MORE: 17
MAX 90 OR ABOVE: 1 0.10 INCH OR MORE: 9
MIN 32 OR BELOW: 0 0.50 INCH OR MORE: 0
MIN 0 OR BELOW: 0 1.00 INCH OR MORE: 0
[HDD (BASE 65) ]
TOTAL THIS MO. 239 CLEAR (SCALE 0-3) 7
DPTR FM NORMAL -53 PTCLDY (SCALE 4-7) 16
TOTAL FM JUL 1 4462 CLOUDY (SCALE 8-10) 8
DPTR FM NORMAL -318
[CDD (BASE 65) ]
TOTAL THIS MO. 20
DPTR FM NORMAL 14 [PRESSURE DATA]
TOTAL FM JAN 1 20 HIGHEST SLP 30.48 ON 7
DPTR FM NORMAL 14 LOWEST SLP 29.68 ON 17
[REMARKS]
#FINAL-05-20#