000
CXUS55 KPUB 011310
CF6SPD
PRELIMINARY LOCAL CLIMATOLOGICAL DATA (WS FORM: F-6)
STATION: SPRINGFIELD CO
MONTH: DECEMBER
YEAR: 2022
LATITUDE: 37 16 N
LONGITUDE: 102 37 W
TEMPERATURE IN F: :PCPN: SNOW: WIND :SUNSHINE: SKY :PK WND
================================================================================
1 2 3 4 5 6A 6B 7 8 9 10 11 12 13 14 15 16 17 18
12Z AVG MX 2MIN
DY MAX MIN AVG DEP HDD CDD WTR SNW DPTH SPD SPD DIR MIN PSBL S-S WX SPD DR
================================================================================
1 69 27 48 13 17 0 0.00 M M 16.6 33 200 M M 0 42 200
2 70 20 45 10 20 0 0.00 M M 18.3 47 270 M M 0 66 270
3 46 12 29 -6 36 0 0.00 M M 13.5 32 190 M M 0 41 200
4 53 38 46 12 19 0 0.00 M M 8.0 17 350 M M 0 23 340
5 70 21 46 12 19 0 0.00 M M 7.8 18 70 M M 0 26 70
6 59 19 39 5 26 0 0.00 M M 5.8 15 360 M M 0 19 10
7 57 26 42 8 23 0 0.00 M M 7.6 16 220 M M 0 20 220
8 59 15 37 4 28 0 0.00 M M 12.5 35 290 M M 0 45 290
9 51 14 33 0 32 0 0.00 M M 10.8 32 190 M M 0 41 180
10 50 21 36 3 29 0 0.00 M M 11.4 18 200 M M 0 23 20
11 69 19 44 11 21 0 0.00 M M 11.0 24 190 M M 0 31 190
12 56 34 45 13 20 0 0.00 M M 18.3 35 200 M M 0 45 190
13 38 14 26 -6 39 0 0.00 M M 17.8 36 270 M M 0 50 270
14 39 7 23 -9 42 0 0.00 M M 8.7 22 350 M M 0 28 350
15 37 8 23 -9 42 0 0.04 M M 9.3 21 360 M M 0 27 30
16 35 6 21 -11 44 0 0.00 M M 10.5 29 330 M M 0 39 330
17 40 4 22 -10 43 0 0.00 M M 7.9 13 90 M M 0 18 90
18 48 8 28 -4 37 0 0.00 M M 10.9 22 180 M M 0 27 180
19 50 9 30 -2 35 0 0.00 M M 9.5 21 340 M M 0 26 310
20 52 7 30 -1 35 0 0.00 M M 13.9 28 190 M M 0 35 190
21 59 -2 29 -2 36 0 0.00 M M 12.8 39 10 M M 0 52 360
22 2 -7 -2 -33 67 0 0.00 M M 21.3 37 340 M M 0 47 340
23 20 -8 6 -25 59 0 0.00 M M 6.0 13 190 M M 0 20 220
24 53 3 28 -3 37 0 0.00 M M 7.3 17 10 M M 0 22 10
25 62 19 41 10 24 0 0.00 M M 9.1 16 40 M M 0 22 230
26 50 25 38 7 27 0 0.00 M M 11.4 26 340 M M 0 34 340
27 73 30 52 21 13 0 0.00 M M 11.5 24 200 M M 0 31 200
28 59 28 44 13 21 0 0.00 M M 7.6 15 90 M M 0 21 90
29 47 17 32 1 33 0 0.01 M M 10.2 22 330 M M 0 32 310
30 52 17 35 4 30 0 0.00 M M 7.4 15 180 M M 0 20 160
31 67 24 46 14 19 0 0.00 M M 8.6 22 290 M M 0 27 300
================================================================================
SM 1592 475 973 0 0.05 M 343.3 M 0
================================================================================
AV 51.4 15.3 11.1 FASTST M M 0 MAX(MPH)
MISC ----> 47 270 66 270
================================================================================
NOTES:
# LAST OF SEVERAL OCCURRENCES
COLUMN 17 PEAK WIND IN M.P.H.
PRELIMINARY LOCAL CLIMATOLOGICAL DATA (WS FORM: F-6) , PAGE 2
STATION: SPRINGFIELD CO
MONTH: DECEMBER
YEAR: 2022
LATITUDE: 37 16 N
LONGITUDE: 102 37 W
[TEMPERATURE DATA] [PRECIPITATION DATA] SYMBOLS USED IN COLUMN 16
AVERAGE MONTHLY: 33.3 TOTAL FOR MONTH: 0.05 1 = FOG OR MIST
DPTR FM NORMAL: 0.9 DPTR FM NORMAL: -0.53 2 = FOG REDUCING VISIBILITY
HIGHEST: 73 ON 27 GRTST 24HR 0.04 ON 15-15 TO 1/4 MILE OR LESS
LOWEST: -8 ON 23 3 = THUNDER
SNOW, ICE PELLETS, HAIL 4 = ICE PELLETS
TOTAL MONTH: M 5 = HAIL
GRTST 24HR M ON M 6 = FREEZING RAIN OR DRIZZLE
GRTST DEPTH: M ON M 7 = DUSTSTORM OR SANDSTORM:
VSBY 1/2 MILE OR LESS
8 = SMOKE OR HAZE
[NO. OF DAYS WITH] [WEATHER - DAYS WITH] 9 = BLOWING SNOW
X = TORNADO
MAX 32 OR BELOW: 2 0.01 INCH OR MORE: 2
MAX 90 OR ABOVE: 0 0.10 INCH OR MORE: 0
MIN 32 OR BELOW: 29 0.50 INCH OR MORE: 0
MIN 0 OR BELOW: 3 1.00 INCH OR MORE: 0
[HDD (BASE 65) ]
TOTAL THIS MO. 973 CLEAR (SCALE 0-3) 31
DPTR FM NORMAL -39 PTCLDY (SCALE 4-7) 0
TOTAL FM JUL 1 2066 CLOUDY (SCALE 8-10) 0
DPTR FM NORMAL -144
[CDD (BASE 65) ]
TOTAL THIS MO. 0
DPTR FM NORMAL 0 [PRESSURE DATA]
TOTAL FM JAN 1 1398 HIGHEST SLP 30.71 ON 23
DPTR FM NORMAL 420 LOWEST SLP 29.25 ON 28
[REMARKS]
#FINAL-12-22#