000
CXUS52 KTBW 011336
CF6SPG
PRELIMINARY LOCAL CLIMATOLOGICAL DATA (WS FORM: F-6)
STATION: SAINT PETERSBURG
MONTH: MAY
YEAR: 2022
LATITUDE: 27 46 N
LONGITUDE: 82 38 W
TEMPERATURE IN F: :PCPN: SNOW: WIND :SUNSHINE: SKY :PK WND
================================================================================
1 2 3 4 5 6A 6B 7 8 9 10 11 12 13 14 15 16 17 18
12Z AVG MX 2MIN
DY MAX MIN AVG DEP HDD CDD WTR SNW DPTH SPD SPD DIR MIN PSBL S-S WX SPD DR
================================================================================
1 85 69 77 0 0 12 0.42 0.0 0 7.6 25 150 M M 2 13 29 150
2 85 70 78 1 0 13 0.00 0.0 0 6.7 17 100 M M 1 20 250
3 84 71 78 1 0 13 0.00 0.0 0 8.4 30 160 M M 2 3 35 160
4 85 71 78 0 0 13 0.02 0.0 0 6.3 14 310 M M 2 13 17 310
5 88 71 80 2 0 15 0.00 0.0 0 7.6 15 250 M M 0 2 20 250
6 85 75 80 2 0 15 0.00 0.0 0 9.6 18 230 M M 2 26 210
7 83 72 78 0 0 13 0.20 0.0 0 10.7 23 260 M M 4 13 37 290
8 87 76 82 4 0 17 0.00 0.0 0 6.0 15 260 M M 0 21 270
9 86 72 79 1 0 14 0.00 0.0 0 13.0 24 60 M M 2 30 70
10 84 68 76 -2 0 11 0.00 0.0 0 15.1 28 60 M M 0 32 60
11 82 71 77 -2 0 12 0.00 0.0 0 14.0 24 50 M M 0 28 40
12 83 69 76 -3 0 11 0.00 0.0 0 9.6 20 50 M M 2 23 50
13 83 71 77 -2 0 12 0.00 0.0 0 7.2 13 60 M M 6 16 300
14 84 73 79 0 0 14 0.00 0.0 0 7.8 16 340 M M 0 23 320
15 84 73 79 0 0 14 0.00 0.0 0 7.0 15 310 M M 1 23 280
16 82 74 78 -2 0 13 0.00 0.0 0 6.6 15 260 M M 2 24 260
17 85 75 80 0 0 15 0.02 0.0 0 5.9 16 260 M M 1 24 270
18 86 76 81 1 0 16 0.22 0.0 0 5.1 13 260 M M 1 1 19 270
19 88 77 83 3 0 18 0.00 0.0 0 4.1 12 250 M M 1 16 250
20 87 74 81 1 0 16 0.20 0.0 0 11.5 28 150 M M 4 13 34 140
21 86 75 81 1 0 16 0.00 0.0 0 10.3 20 70 M M 4 25 320
22 92 76 84 4 0 19 0.00 0.0 0 9.9 18 140 M M 5 23 140
23 91 77 84 3 0 19 0.30 0.0 0 9.7 20 140 M M 3 3 23 130
24 89 76 83 2 0 18 0.00 0.0 0 7.9 23 130 M M 2 29 120
25 92 76 84 3 0 19 T 0.0 0 12.7 21 130 M M 2 27 120
26 91 77 84 3 0 19 0.00 0.0 0 13.5 21 130 M M 1 27 130
27 85 78 82 1 0 17 T 0.0 0 11.1 20 220 M M 3 27 210
28 88 77 83 2 0 18 0.10 0.0 0 5.5 14 270 M M 2 1 20 270
29 89 77 83 2 0 18 0.00 0.0 0 6.2 28 170 M M 0 34 170
30 93 71 82 0 0 17 1.58 0.0 0 8.3 30 130 M M 2 13 37 130
31 91 75 83 1 0 18 0.55 0.0 0 7.7 23 180 M M 2 138 40 310
================================================================================
SM 2683 2283 0 475 3.61 0.0 272.6 M 59
================================================================================
AV 86.5 73.6 8.8 FASTST M M 2 MAX(MPH)
MISC ----> # 30 160 40 310
================================================================================
NOTES:
# LAST OF SEVERAL OCCURRENCES
COLUMN 17 PEAK WIND IN M.P.H.
PRELIMINARY LOCAL CLIMATOLOGICAL DATA (WS FORM: F-6) , PAGE 2
STATION: SAINT PETERSBURG
MONTH: MAY
YEAR: 2022
LATITUDE: 27 46 N
LONGITUDE: 82 38 W
[TEMPERATURE DATA] [PRECIPITATION DATA] SYMBOLS USED IN COLUMN 16
AVERAGE MONTHLY: 80.1 TOTAL FOR MONTH: 3.61 1 = FOG OR MIST
DPTR FM NORMAL: 0.7 DPTR FM NORMAL: 1.35 2 = FOG REDUCING VISIBILITY
HIGHEST: 93 ON 30 GRTST 24HR 2.13 ON 30-31 TO 1/4 MILE OR LESS
LOWEST: 68 ON 10 3 = THUNDER
SNOW, ICE PELLETS, HAIL 4 = ICE PELLETS
TOTAL MONTH: 0.0 INCH 5 = HAIL
GRTST 24HR 0.0 6 = FREEZING RAIN OR DRIZZLE
GRTST DEPTH: 0 7 = DUSTSTORM OR SANDSTORM:
VSBY 1/2 MILE OR LESS
8 = SMOKE OR HAZE
[NO. OF DAYS WITH] [WEATHER - DAYS WITH] 9 = BLOWING SNOW
X = TORNADO
MAX 32 OR BELOW: 0 0.01 INCH OR MORE: 10
MAX 90 OR ABOVE: 6 0.10 INCH OR MORE: 8
MIN 32 OR BELOW: 0 0.50 INCH OR MORE: 2
MIN 0 OR BELOW: 0 1.00 INCH OR MORE: 1
[HDD (BASE 65) ]
TOTAL THIS MO. 0 CLEAR (SCALE 0-3) 25
DPTR FM NORMAL 0 PTCLDY (SCALE 4-7) 6
TOTAL FM JUL 1 182 CLOUDY (SCALE 8-10) 0
DPTR FM NORMAL -174
[CDD (BASE 65) ]
TOTAL THIS MO. 475
DPTR FM NORMAL 27 [PRESSURE DATA]
TOTAL FM JAN 1 1197 HIGHEST SLP 30.20 ON 21
DPTR FM NORMAL 193 LOWEST SLP 29.76 ON 7
[REMARKS]
#FINAL-05-22#