719
CXUS52 KTBW 020626
CF6SRQ
PRELIMINARY LOCAL CLIMATOLOGICAL DATA (WS FORM: F-6)
STATION: Sarasota Bradenton
MONTH: JULY
YEAR: 2020
LATITUDE: 27 23 N
LONGITUDE: 82 33 W
TEMPERATURE IN F: :PCPN: SNOW: WIND :SUNSHINE: SKY :PK WND
================================================================================
1 2 3 4 5 6A 6B 7 8 9 10 11 12 13 14 15 16 17 18
12Z AVG MX 2MIN
DY MAX MIN AVG DEP HDD CDD WTR SNW DPTH SPD SPD DIR MIN PSBL S-S WX SPD DR
================================================================================
1 92 81 87 5 0 22 0.00 0.0 0 6.6 15 280 M M 2 18 280
2 92 83 88 6 0 23 T 0.0 0 9.3 20 300 M M 2 31 230
3 92 84 88 6 0 23 0.00 0.0 0 10.1 15 270 M M 1 29 230
4 92 80 86 4 0 21 0.11 0.0 0 7.7 16 270 M M 3 138 26 230
5 91 76 84 2 0 19 0.33 0.0 0 8.3 21 200 M M 2 138 25 210
6 92 77 85 3 0 20 0.04 0.0 0 8.6 16 230 M M 2 13 20 230
7 92 79 86 4 0 21 0.02 0.0 0 8.1 18 250 M M 2 26 300
8 92 82 87 5 0 22 0.00 0.0 0 9.2 17 300 M M 2 26 320
9 94 82 88 6 0 23 T 0.0 0 10.6 21 300 M M 2 26 310
10 92 82 87 5 0 22 0.19 0.0 0 13.1 28 310 M M 2 8 34 320
11 91 84 88 6 0 23 0.01 0.0 0 12.0 23 290 M M 2 27 290
12 92 85 89 7 0 24 0.00 0.0 0 9.9 15 250 M M 2 20 250
13 93 84 89 7 0 24 0.00 0.0 0 10.5 16 270 M M 2 21 270
14 92 79 86 4 0 21 0.18 0.0 0 7.3 23 280 M M 2 8 30 280
15 93 78 86 4 0 21 0.01 0.0 0 5.6 21 150 M M 1 3 28 300
16 98 77 88 6 0 23 0.00 0.0 0 6.8 29 150 M M 2 38 37 150
17 96 76 86 4 0 21 0.83 0.0 0 7.6 21 80 M M 4 13 27 50
18 94 77 86 4 0 21 T 0.0 0 8.5 23 50 M M 1 3 32 60
19 93 78 86 4 0 21 0.07 0.0 0 6.5 28 110 M M 1 13 35 100
20 97 78 88 6 0 23 0.33 0.0 0 7.8 24 120 M M 1 3 30 120
21 96 77 87 5 0 22 0.35 0.0 0 11.7 33 170 M M 1 13 42 160
22 90 76 83 1 0 18 0.76 0.0 0 10.6 25 130 M M 2 138 30 130
23 92 75 84 2 0 19 1.27 0.0 0 9.2 29 140 M M 2 13 36 150
24 95 74 85 3 0 20 1.12 0.0 0 9.2 18 120 M M 2 138 31 120
25 94 76 85 3 0 20 0.05 0.0 0 7.0 23 130 M M 1 38 27 130
26 91 77 84 2 0 19 0.41 0.0 0 8.1 29 150 M M 2 3 38 150
27 91 76 84 2 0 19 T 0.0 0 7.3 14 130 M M 1 3 17 120
28 91 78 85 3 0 20 T 0.0 0 6.0 15 100 M M 0 19 100
29 91 76 84 2 0 19 0.00 0.0 0 6.0 13 80 M M 1 3 17 70
30 92 77 85 3 0 20 0.00 0.0 0 6.6 14 300 M M 0 3 17 270
31 91 79 85 3 0 20 0.00 0.0 0 6.9 14 300 M M 1 3 16 260
================================================================================
SM 2874 2443 0 654 6.08 0.0 262.7 M 51
================================================================================
AV 92.7 78.8 8.5 FASTST M M 2 MAX(MPH)
MISC ----> # 33 170 # 42 160
================================================================================
NOTES:
# LAST OF SEVERAL OCCURRENCES
COLUMN 17 PEAK WIND IN M.P.H.
PRELIMINARY LOCAL CLIMATOLOGICAL DATA (WS FORM: F-6) , PAGE 2
STATION: Sarasota Bradenton
MONTH: JULY
YEAR: 2020
LATITUDE: 27 23 N
LONGITUDE: 82 33 W
[TEMPERATURE DATA] [PRECIPITATION DATA] SYMBOLS USED IN COLUMN 16
AVERAGE MONTHLY: 85.8 TOTAL FOR MONTH: 6.08 1 = FOG OR MIST
DPTR FM NORMAL: 3.4 DPTR FM NORMAL: -1.90 2 = FOG REDUCING VISIBILITY
HIGHEST: 98 ON 16 GRTST 24HR 1.27 ON 23-23 TO 1/4 MILE OR LESS
LOWEST: 74 ON 24 3 = THUNDER
SNOW, ICE PELLETS, HAIL 4 = ICE PELLETS
TOTAL MONTH: 0.0 INCH 5 = HAIL
GRTST 24HR 0.0 6 = FREEZING RAIN OR DRIZZLE
GRTST DEPTH: 0 7 = DUSTSTORM OR SANDSTORM:
VSBY 1/2 MILE OR LESS
8 = SMOKE OR HAZE
[NO. OF DAYS WITH] [WEATHER - DAYS WITH] 9 = BLOWING SNOW
X = TORNADO
MAX 32 OR BELOW: 0 0.01 INCH OR MORE: 17
MAX 90 OR ABOVE: 31 0.10 INCH OR MORE: 11
MIN 32 OR BELOW: 0 0.50 INCH OR MORE: 4
MIN 0 OR BELOW: 0 1.00 INCH OR MORE: 2
[HDD (BASE 65) ]
TOTAL THIS MO. 0 CLEAR (SCALE 0-3) 30
DPTR FM NORMAL 0 PTCLDY (SCALE 4-7) 1
TOTAL FM JUL 1 0 CLOUDY (SCALE 8-10) 0
DPTR FM NORMAL 0
[CDD (BASE 65) ]
TOTAL THIS MO. 654
DPTR FM NORMAL 115 [PRESSURE DATA]
TOTAL FM JAN 1 2444 HIGHEST SLP 30.11 ON 29
DPTR FM NORMAL 682 LOWEST SLP 29.85 ON 12
[REMARKS]
#FINAL-07-20#