000
CXUS54 KEPZ 011030
CF6SRR
PRELIMINARY LOCAL CLIMATOLOGICAL DATA (WS FORM: F-6)
STATION: RUIDOSO AWOS
MONTH: MAY
YEAR: 2021
LATITUDE: 33 28 N
LONGITUDE: 105 32 W
TEMPERATURE IN F: :PCPN: SNOW: WIND :SUNSHINE: SKY :PK WND
================================================================================
1 2 3 4 5 6A 6B 7 8 9 10 11 12 13 14 15 16 17 18
12Z AVG MX 2MIN
DY MAX MIN AVG DEP HDD CDD WTR SNW DPTH SPD SPD DIR MIN PSBL S-S WX SPD DR
================================================================================
1 72 39 56 M 9 0 0.00 M M 9.3 18 320 M M 0 23 320
2 73 55 64 M 1 0 0.00 M M 20.3 33 230 M M 1 43 230
3 66 39 53 M 12 0 0.10 M M 8.2 18 240 M M 4 25 190
4 64 37 51 M 14 0 0.00 M M 8.3 14 140 M M 4 21 170
5 75 45 60 M 5 0 0.00 M M 8.3 15 320 M M 0 24 320
6 72 45 59 M 6 0 0.00 M M 10.4 16 130 M M 0 22 240
7 81 50 66 M 0 1 0.00 M M 13.9 27 250 M M 1 38 250
8 73 54 64 M 1 0 0.00 M M 15.8 28 250 M M 0 40 270
9 72 48 60 M 5 0 0.00 M M 15.2 27 230 M M 0 33 230
10 73 45 59 M 6 0 0.00 M M 12.9 25 220 M M 0 38 220
11 66 43 55 M 10 0 0.00 M M 11.7 18 120 M M 2 1 28 140
12 57 39 48 M 17 0 0.01 M M 9.5 15 140 M M 5 12 21 110
13 70 37 54 M 11 0 0.00 M M 6.8 15 150 M M 2 12 21 150
14 72 48 60 M 5 0 0.05 M M 7.7 20 140 M M 2 30 70
15 73 45 59 M 6 0 0.00 M M 7.3 15 90 M M 3 26 330
16 75 45 60 M 5 0 0.00 M M 10.3 21 240 M M 1 30 240
17 70 48 59 M 6 0 0.00 M M 14.4 25 240 M M 0 37 230
18 66 45 56 M 9 0 0.00 M M 10.5 18 310 M M 4 29 310
19 73 45 59 M 6 0 T M M 10.0 22 330 M M 3 47 330
20 79 48 64 M 1 0 0.00 M M 11.5 21 230 M M 1 35 230
21 73 55 64 M 1 0 0.00 M M 12.4 23 230 M M 1 32 230
22 66 54 60 M 5 0 0.13 M M 12.0 27 130 M M 7 38 130
23 75 50 63 M 2 0 0.00 M M 14.3 25 230 M M 1 35 230
24 77 50 64 M 1 0 0.00 M M 12.2 23 240 M M 0 33 230
25 81 54 68 M 0 3 0.00 M M 10.3 16 200 M M 1 25 190
26 81 55 68 M 0 3 0.00 M M 8.8 21 250 M M 0 28 240
27 79 59 69 M 0 4 0.00 M M 16.6 33 240 M M 2 41 260
28 81 54 68 M 0 3 0.00 M M 10.4 21 130 M M 1 28 130
29 77 48 63 M 2 0 0.00 M M 11.3 22 140 M M 2 28 130
30 66 54 60 M 5 0 0.15 M M M M M M M 9 12 M M
31 59 46 53 M 12 0 0.84 M M 9.7 17 130 M M 7 12 32 120
================================================================================
SM 2237 1479 163 14 1.28 M 340.3 M 64
================================================================================
AV 72.2 47.7 11.3 FASTST M M 2 MAX(MPH)
MISC ----> 33 240 47 330
================================================================================
NOTES:
# LAST OF SEVERAL OCCURRENCES
COLUMN 17 PEAK WIND IN M.P.H.
PRELIMINARY LOCAL CLIMATOLOGICAL DATA (WS FORM: F-6) , PAGE 2
STATION: RUIDOSO AWOS
MONTH: MAY
YEAR: 2021
LATITUDE: 33 28 N
LONGITUDE: 105 32 W
[TEMPERATURE DATA] [PRECIPITATION DATA] SYMBOLS USED IN COLUMN 16
AVERAGE MONTHLY: 59.9 TOTAL FOR MONTH: 1.28 1 = FOG OR MIST
DPTR FM NORMAL: 0.0 DPTR FM NORMAL: M 2 = FOG REDUCING VISIBILITY
HIGHEST: 81 ON 28,26 GRTST 24HR 0.84 ON 31-31 TO 1/4 MILE OR LESS
LOWEST: 37 ON 13, 4 3 = THUNDER
SNOW, ICE PELLETS, HAIL 4 = ICE PELLETS
TOTAL MONTH: M 5 = HAIL
GRTST 24HR M ON M 6 = FREEZING RAIN OR DRIZZLE
GRTST DEPTH: M ON M 7 = DUSTSTORM OR SANDSTORM:
VSBY 1/2 MILE OR LESS
8 = SMOKE OR HAZE
[NO. OF DAYS WITH] [WEATHER - DAYS WITH] 9 = BLOWING SNOW
X = TORNADO
MAX 32 OR BELOW: 0 0.01 INCH OR MORE: 6
MAX 90 OR ABOVE: 0 0.10 INCH OR MORE: 3
MIN 32 OR BELOW: 0 0.50 INCH OR MORE: 1
MIN 0 OR BELOW: 0 1.00 INCH OR MORE: 0
[HDD (BASE 65) ]
TOTAL THIS MO. 163 CLEAR (SCALE 0-3) 24
DPTR FM NORMAL M PTCLDY (SCALE 4-7) 6
TOTAL FM JUL 1 4645 CLOUDY (SCALE 8-10) 1
DPTR FM NORMAL M
[CDD (BASE 65) ]
TOTAL THIS MO. 14
DPTR FM NORMAL M [PRESSURE DATA]
TOTAL FM JAN 1 14 HIGHEST SLP M ON M
DPTR FM NORMAL M LOWEST SLP M ON M
[REMARKS]
#FINAL-05-21#