000
CXUS55 KEAX 010736
CF6STJ
PRELIMINARY LOCAL CLIMATOLOGICAL DATA (WS FORM: F-6)
STATION: ST. JOSEPH MO
MONTH: MARCH
YEAR: 2021
LATITUDE: 39 46 N
LONGITUDE: 94 55 W
TEMPERATURE IN F: :PCPN: SNOW: WIND :SUNSHINE: SKY :PK WND
================================================================================
1 2 3 4 5 6A 6B 7 8 9 10 11 12 13 14 15 16 17 18
12Z AVG MX 2MIN
DY MAX MIN AVG DEP HDD CDD WTR SNW DPTH SPD SPD DIR MIN PSBL S-S WX SPD DR
================================================================================
1 53 21 37 1 28 0 0.00 M M 5.9 14 300 M M 0 1 18 300
2 62 21 42 5 23 0 0.00 M M 8.2 23 220 M M 0 32 210
3 70 25 48 11 17 0 0.00 M M 2.7 10 200 M M 0 13 210
4 72 29 51 13 14 0 0.00 M M 7.6 22 90 M M 0 34 90
5 61 34 48 10 17 0 0.00 M M 7.5 15 130 M M 1 21 80
6 68 28 48 9 17 0 0.00 M M 4.5 15 200 M M 0 18 18 210
7 70 31 51 12 14 0 0.00 M M 12.0 31 190 M M 0 39 190
8 74 45 60 20 5 0 0.00 M M 14.0 24 220 M M 0 33 210
9 76 53 65 25 0 0 0.00 M M 20.6 32 190 M M 1 8 43 190
10 77 40 59 19 6 0 T M M 21.9 37 190 M M 7 51 200
11 59 28 44 3 21 0 0.00 M M 6.9 15 330 M M 0 23 330
12 50 31 41 0 24 0 0.07 M M 7.1 16 120 M M 6 21 80
13 51 41 46 4 19 0 0.18 M M 10.6 20 110 M M 9 1 30 110
14 50 43 47 5 18 0 1.01 M M 15.9 32 100 M M 10 1 47 90
15 48 42 45 2 20 0 T M M 10.3 21 90 M M 10 1 28 90
16 49 41 45 2 20 0 0.00 M M 7.2 15 90 M M 10 1 19 90
17 44 37 41 -3 24 0 0.62 M M 18.6 31 10 M M 10 138 40 10
18 52 31 42 -2 23 0 0.00 M M 19.1 31 350 M M 6 8 42 360
19 57 25 41 -3 24 0 0.00 M M 5.9 13 110 M M 0 16 60
20 64 27 46 1 19 0 0.00 M M 10.8 21 150 M M 0 27 140
21 69 45 57 12 8 0 0.00 M M 16.9 32 180 M M 2 41 180
22 65 53 59 13 6 0 0.04 M M 8.2 21 150 M M 9 8 28 140
23 59 50 55 9 10 0 0.36 M M 12.8 28 140 M M 10 1 40 120
24 52 42 47 1 18 0 0.01 M M 11.1 21 310 M M 10 1 27 300
25 46 37 42 -5 23 0 0.11 M M 5.6 15 10 M M 10 1 18 10
26 62 33 48 1 17 0 0.19 M M 7.3 22 300 M M 5 12 27 300
27 59 39 49 1 16 0 0.24 M M 12.3 25 330 M M 5 12 36 330
28 59 31 45 -3 20 0 0.00 M M 9.2 26 330 M M 0 35 330
29 76 47 62 14 3 0 0.00 M M 23.5 38 200 M M 0 55 180
30 63 36 50 1 15 0 0.00 M M 16.2 32 180 M M 4 47 180
31 52 24 38 -11 27 0 0.00 M M 11.7 30 320 M M 0 39 340
================================================================================
SM 1869 1110 516 0 2.83 M 352.1 M 125
================================================================================
AV 60.3 35.8 11.4 FASTST M M 4 MAX(MPH)
MISC ----> 38 200 55 180
================================================================================
NOTES:
# LAST OF SEVERAL OCCURRENCES
COLUMN 17 PEAK WIND IN M.P.H.
PRELIMINARY LOCAL CLIMATOLOGICAL DATA (WS FORM: F-6) , PAGE 2
STATION: ST. JOSEPH MO
MONTH: MARCH
YEAR: 2021
LATITUDE: 39 46 N
LONGITUDE: 94 55 W
[TEMPERATURE DATA] [PRECIPITATION DATA] SYMBOLS USED IN COLUMN 16
AVERAGE MONTHLY: 48.0 TOTAL FOR MONTH: 2.83 1 = FOG OR MIST
DPTR FM NORMAL: 5.1 DPTR FM NORMAL: 0.58 2 = FOG REDUCING VISIBILITY
HIGHEST: 77 ON 10 GRTST 24HR 1.01 ON 13-14 TO 1/4 MILE OR LESS
LOWEST: 21 ON 2, 1 3 = THUNDER
SNOW, ICE PELLETS, HAIL 4 = ICE PELLETS
TOTAL MONTH: M 5 = HAIL
GRTST 24HR M ON M 6 = FREEZING RAIN OR DRIZZLE
GRTST DEPTH: M ON M 7 = DUSTSTORM OR SANDSTORM:
VSBY 1/2 MILE OR LESS
8 = SMOKE OR HAZE
[NO. OF DAYS WITH] [WEATHER - DAYS WITH] 9 = BLOWING SNOW
X = TORNADO
MAX 32 OR BELOW: 0 0.01 INCH OR MORE: 10
MAX 90 OR ABOVE: 0 0.10 INCH OR MORE: 7
MIN 32 OR BELOW: 13 0.50 INCH OR MORE: 2
MIN 0 OR BELOW: 0 1.00 INCH OR MORE: 1
[HDD (BASE 65) ]
TOTAL THIS MO. 516 CLEAR (SCALE 0-3) 16
DPTR FM NORMAL -169 PTCLDY (SCALE 4-7) 6
TOTAL FM JUL 1 4896 CLOUDY (SCALE 8-10) 9
DPTR FM NORMAL -96
[CDD (BASE 65) ]
TOTAL THIS MO. 0
DPTR FM NORMAL -2 [PRESSURE DATA]
TOTAL FM JAN 1 0 HIGHEST SLP M ON M
DPTR FM NORMAL -2 LOWEST SLP 29.43 ON 23
[REMARKS]
#FINAL-03-21#