000
CXUS55 KEAX 010736
CF6STJ
PRELIMINARY LOCAL CLIMATOLOGICAL DATA (WS FORM: F-6)
STATION: ST. JOSEPH MO
MONTH: APRIL
YEAR: 2021
LATITUDE: 39 46 N
LONGITUDE: 94 55 W
TEMPERATURE IN F: :PCPN: SNOW: WIND :SUNSHINE: SKY :PK WND
================================================================================
1 2 3 4 5 6A 6B 7 8 9 10 11 12 13 14 15 16 17 18
12Z AVG MX 2MIN
DY MAX MIN AVG DEP HDD CDD WTR SNW DPTH SPD SPD DIR MIN PSBL S-S WX SPD DR
================================================================================
1 53 20 37 -13 28 0 0.00 M M 6.6 15 140 M M 0 19 140
2 70 37 54 4 11 0 0.00 M M 16.4 29 180 M M 0 8 39 180
3 76 47 62 12 3 0 0.00 M M 9.5 22 220 M M 0 27 230
4 83 42 63 12 2 0 0.00 M M 12.0 29 210 M M 0 18 39 200
5 82 53 68 17 0 3 0.00 M M 15.3 30 180 M M 0 43 170
6 77 59 68 17 0 3 0.00 M M 16.5 30 170 M M 2 41 150
7 71 48 60 8 5 0 0.50 M M 10.3 25 270 M M 10 138 34 260
8 50 47 49 -3 16 0 0.26 M M 12.3 22 280 M M 10 1 30 260
9 70 36 53 1 12 0 0.22 M M 9.1 22 350 M M 2 1 29 350
10 60 42 51 -1 14 0 0.69 M M 13.4 28 310 M M 6 1 37 300
11 73 33 53 0 12 0 0.00 M M 5.3 25 330 M M 0 34 320
12 61 37 49 -4 16 0 0.00 M M 10.9 24 320 M M 3 29 330
13 60 34 47 -6 18 0 0.00 M M 8.1 20 330 M M 0 28 310
14 57 32 45 -9 20 0 0.00 M M 10.3 24 320 M M 0 34 300
15 59 28 44 -10 21 0 0.00 M M 6.6 13 360 M M 0 17 360
16 51 36 44 -10 21 0 0.14 M M 7.1 16 10 M M 7 1 19 360
17 60 39 50 -5 15 0 0.00 M M 9.6 20 340 M M 9 18 27 350
18 63 40 52 -3 13 0 0.00 M M 6.8 18 270 M M 6 25 260
19 49 33 41 -14 24 0 0.00 M M 12.2 24 360 M M 4 33 20
20 48 29 39 -17 26 0 0.20 M M 7.7 23 320 M M 7 18 33 300
21 49 27 38 -18 27 0 0.00 M M 8.4 24 310 M M 4 30 310
22 61 24 43 -13 22 0 0.00 M M 8.2 22 190 M M 3 1 31 190
23 56 45 51 -5 14 0 0.03 M M 8.0 17 190 M M 9 18 23 200
24 66 37 52 -5 13 0 0.00 M M 9.6 24 340 M M 0 1 30 340
25 77 38 58 1 7 0 0.00 M M 12.0 28 180 M M 0 40 160
26 87 56 72 15 0 7 0.00 M M 20.7 32 200 M M 0 44 200
27 80 65 73 15 0 8 0.00 M M 13.8 29 200 M M 1 37 200
28 69 58 64 6 1 0 0.06 M M 7.3 16 10 M M 10 1 21 20
29 80 46 63 5 2 0 0.00 M M 10.7 23 330 M M 2 29 340
30 83 40 62 3 3 0 0.00 M M 8.1 18 200 M M 0 29 180
================================================================================
SM 1981 1208 366 21 2.10 M 312.8 M 95
================================================================================
AV 66.0 40.3 10.4 FASTST M M 3 MAX(MPH)
MISC ----> 32 200 44 200
================================================================================
NOTES:
# LAST OF SEVERAL OCCURRENCES
COLUMN 17 PEAK WIND IN M.P.H.
PRELIMINARY LOCAL CLIMATOLOGICAL DATA (WS FORM: F-6) , PAGE 2
STATION: ST. JOSEPH MO
MONTH: APRIL
YEAR: 2021
LATITUDE: 39 46 N
LONGITUDE: 94 55 W
[TEMPERATURE DATA] [PRECIPITATION DATA] SYMBOLS USED IN COLUMN 16
AVERAGE MONTHLY: 53.2 TOTAL FOR MONTH: 2.10 1 = FOG OR MIST
DPTR FM NORMAL: -1.0 DPTR FM NORMAL: -1.69 2 = FOG REDUCING VISIBILITY
HIGHEST: 87 ON 26 GRTST 24HR 0.91 ON 9-10 TO 1/4 MILE OR LESS
LOWEST: 20 ON 1 3 = THUNDER
SNOW, ICE PELLETS, HAIL 4 = ICE PELLETS
TOTAL MONTH: M 5 = HAIL
GRTST 24HR M ON M 6 = FREEZING RAIN OR DRIZZLE
GRTST DEPTH: M ON M 7 = DUSTSTORM OR SANDSTORM:
VSBY 1/2 MILE OR LESS
8 = SMOKE OR HAZE
[NO. OF DAYS WITH] [WEATHER - DAYS WITH] 9 = BLOWING SNOW
X = TORNADO
MAX 32 OR BELOW: 0 0.01 INCH OR MORE: 8
MAX 90 OR ABOVE: 0 0.10 INCH OR MORE: 6
MIN 32 OR BELOW: 6 0.50 INCH OR MORE: 2
MIN 0 OR BELOW: 0 1.00 INCH OR MORE: 0
[HDD (BASE 65) ]
TOTAL THIS MO. 366 CLEAR (SCALE 0-3) 19
DPTR FM NORMAL 21 PTCLDY (SCALE 4-7) 6
TOTAL FM JUL 1 5262 CLOUDY (SCALE 8-10) 5
DPTR FM NORMAL -75
[CDD (BASE 65) ]
TOTAL THIS MO. 21
DPTR FM NORMAL 2 [PRESSURE DATA]
TOTAL FM JAN 1 21 HIGHEST SLP M ON M
DPTR FM NORMAL 0 LOWEST SLP 29.41 ON 8
[REMARKS]
#FINAL-04-21#