000
CXUS53 KEAX 012052
CLASTJ
CLIMATE REPORT
NATIONAL WEATHER SERVICE KANSAS CITY/PLEASANT HILL MO
249 PM CST MON JAN 01 2024
...................................
...THE ST. JOSEPH MO CLIMATE SUMMARY FOR THE YEAR OF 2023...
CLIMATE NORMAL PERIOD: 1991 TO 2020
CLIMATE RECORD PERIOD: 1892 TO 2023
WEATHER OBSERVED NORMAL DEPART LAST YEAR`S
VALUE DATE(S) VALUE FROM VALUE
NORMAL
..............................................................
TEMPERATURE (F)
RECORD
HIGH 110 08/13/1936
08/10/1934
LOW -25 01/12/1974
HIGHEST 101 08/25 98 3
LOWEST 2 02/01 -3 5
AVG. MAXIMUM 67.8 64.8 3.0
AVG. MINIMUM 43.1 42.5 0.6
MEAN 55.5 53.7 1.8
DAYS MAX >= 90 46 39.3 6.7
DAYS MAX <= 32 12 27.7 -15.7
DAYS MIN <= 32 125 125.9 -0.9
DAYS MIN <= 0 0 6.5 -6.5
PRECIPITATION (INCHES)
RECORD
MAXIMUM 55.60 1973
MINIMUM 18.26 2002
TOTALS 30.29 34.76 -4.47
DAILY AVG. 0.08 0.10 -0.02
DAYS >= .01 100 99.3 0.7
DAYS >= .10 53 56.0 -3.0
DAYS >= .50 18 21.3 -3.3
DAYS >= 1.00 6 9.0 -3.0
GREATEST
24 HR. TOTAL 3.26 08/13 TO 08/13
DEGREE DAYS
HEATING TOTAL 4746 5385 -639
COOLING TOTAL 1399 1288 111
..............................................................
WIND (MPH)
AVERAGE WIND SPEED 7.9
HIGHEST WIND SPEED/DIRECTION 58/210 DATE 06/30
HIGHEST GUST SPEED/DIRECTION 82/210 DATE 06/30
SKY COVER
POSSIBLE SUNSHINE (PERCENT) MM
AVERAGE SKY COVER 0.31
NUMBER OF DAYS FAIR 236
NUMBER OF DAYS PC 76
NUMBER OF DAYS CLOUDY 53
AVERAGE RH (PERCENT) 69
WEATHER CONDITIONS. NUMBER OF DAYS WITH
THUNDERSTORM 57 MIXED PRECIP 0
HEAVY RAIN 39 RAIN 51
LIGHT RAIN 119 FREEZING RAIN 0
LT FREEZING RAIN 3 HAIL 0
HEAVY SNOW 1 SNOW 2
LIGHT SNOW 21 SLEET 0
FOG 219 FOG W/VIS <= 1/4 MILE 62
HAZE 107
- INDICATES NEGATIVE NUMBERS.
R INDICATES RECORD WAS SET OR TIED.
MM INDICATES DATA IS MISSING.
T INDICATES TRACE AMOUNT.
$$